{"id":115,"date":"2016-06-03T10:23:32","date_gmt":"2016-06-03T09:23:32","guid":{"rendered":"http:\/\/www.test.asurb.com\/?page_id=115"},"modified":"2016-07-03T22:38:21","modified_gmt":"2016-07-03T20:38:21","slug":"festival-2011","status":"publish","type":"page","link":"https:\/\/asurb.com\/asurb3\/?page_id=115","title":{"rendered":"Festival 2011"},"content":{"rendered":"<p><span style=\"color: #595959; font-family: verdana, Arial, Helvetica, Swiss, SunSan-regular;\">Du 12 au 26 novembre 2011, l&rsquo;association Afrique sur Bi\u00e8vre organise la 5\u00e8me \u00e9dition du CINE REGARDS AFRICAINS \u2013 Films en Festival<b><\/b><\/span><\/p>\n<p><span style=\"color: #595959; font-family: verdana, Arial, Helvetica, Swiss, SunSan-regular;\"><b>Dans six salles<\/b><br \/>\n<\/span><span style=\"color: #595959; font-family: verdana, Arial, Helvetica, Swiss, SunSan-regular;\">\u2022 Cin\u00e9ma la Pl\u00e9iade &#8211; 94230 Cachan<br \/>\n\u2022 Espace Culturel Andr\u00e9 Malraux &#8211; 94270 Le Kremlin-Bic\u00eatre<br \/>\n\u2022 Cin\u00e9ma la Tournelle &#8211; 94240 L&rsquo;Hay Les Roses<br \/>\n\u2022 Maison Pour Tous G\u00e9rard Philipe &#8211; 94800 Villejuif<br \/>\n\u2022 MJC Louise Michel &#8211; 94260 Fresnes<br \/>\n\u2022 Espace municipal Jean Vilar &#8211; 94110 Arcueil<br \/>\n<br clear=\"left\" \/><b>Des s\u00e9ances ouvertes \u00e0 tous<br \/>\nDes s\u00e9ances r\u00e9serv\u00e9es aux \u00e9coles et coll\u00e8ges<br \/>\nde l\u2019agglom\u00e9ration du Val de Bi\u00e8vre.<\/b><\/span><b><\/b><br \/>\n<b>Des longs-m\u00e9trages :<\/b><br \/>\n\u2022 <b>Ke\u00efta, l&rsquo;h\u00e9ritage du griot<\/b> de Dani Kouyat\u00e9 (Burkina Faso)<br \/>\n<span style=\"color: #595959; font-family: verdana, Arial, Helvetica, Swiss, SunSan-regular;\">\u2022 <b>Voyage \u00e0 Alger<\/b> de Abdelkrim Bahloul (Alg\u00e9rie)<br \/>\n<\/span><span style=\"color: #595959; font-family: verdana, Arial, Helvetica, Swiss, SunSan-regular;\">\u2022 <b>Da Monzon<\/b> de Sidy F. Diabat\u00e9 (Mali)<br \/>\n<\/span><span style=\"color: #595959; font-family: verdana, Arial, Helvetica, Swiss, SunSan-regular;\">\u2022 <b>Notre \u00e9trang\u00e8re<\/b> de Sarah Bouyain (Burkina Faso)<br \/>\net bien d\u2019autres encore\u2026<\/span><\/p>\n<p><b>Des courts-m\u00e9trages et des documentaires\u2026<\/b><\/p>\n<p><b>A consulter <\/b>:<\/p>\n<p><b>\u2022 <a href=\"https:\/\/asurb.com\/asurb3\/?page_id=546\">Pogramme du Festival 2011<\/a><br \/>\n<\/b><span style=\"color: #777777; font-family: verdana, Arial, Helvetica, Swiss, SunSan-regular;\"><b>\u2022 <a href=\"https:\/\/i0.wp.com\/calameo.com\/read\/000472841179ca504b8e2\">Journal de bord du Festival 2011<\/a><br \/>\n\u2022 Diaporama &#8211; Extrait du Festival 2011<\/b><\/span><\/p>\n","protected":false},"excerpt":{"rendered":"<p>Du 12 au 26 novembre 2011, l&rsquo;association Afrique sur Bi\u00e8vre organise la 5\u00e8me \u00e9dition du CINE REGARDS AFRICAINS \u2013 Films en Festival Dans six salles \u2022 Cin\u00e9ma la Pl\u00e9iade &#8211; [&hellip;]<\/p>\n","protected":false},"author":1,"featured_media":0,"parent":23,"menu_order":0,"comment_status":"closed","ping_status":"closed","template":"","meta":{"footnotes":""},"class_list":["post-115","page","type-page","status-publish","hentry"],"jetpack_sharing_enabled":true,"jetpack_shortlink":"https:\/\/wp.me\/P7C6tF-1R","jetpack-related-posts":[{"id":113,"url":"https:\/\/asurb.com\/asurb3\/?page_id=113","url_meta":{"origin":115,"position":0},"title":"Festival 2010","author":"webmaster","date":"3 juin 2016","format":false,"excerpt":"Du 13 au 27 novembre 2010, l'association Afrique sur Bi\u00e8vre organise la 4\u00e8me \u00e9dition du CINE REGARDS AFRICAINS \u2013 Films en Festival Dans quatre salles Cin\u00e9ma la Pl\u00e9iade - 94230 CACHAN Maison Pour Tous G\u00e9rard Philippe - 94800 VILLEJUIF MJC de Fresnes - 94260 FRESNES Espace municipal Jean Vilar -\u2026","rel":"","context":"Article similaire","block_context":{"text":"Article similaire","link":""},"img":{"alt_text":"","src":"","width":0,"height":0},"classes":[]},{"id":110,"url":"https:\/\/asurb.com\/asurb3\/?page_id=110","url_meta":{"origin":115,"position":1},"title":"Festival 2009","author":"webmaster","date":"3 juin 2016","format":false,"excerpt":"Du 15 au 28 novembre 2009, l'association Afrique sur Bi\u00e8vre a organis\u00e9 la 3\u00e8me \u00e9dition du CINE REGARDS AFRICAINS \u2013 Films en Festival Dans quatre salles Cin\u00e9ma la Pl\u00e9iade - 94230 CACHAN Espace municipal Jean Vilar - 94110 ARCUEIL MJC de Fresnes - 94260 FRESNES Cin\u00e9ma la Tournelle - 94240\u2026","rel":"","context":"Article similaire","block_context":{"text":"Article similaire","link":""},"img":{"alt_text":"","src":"","width":0,"height":0},"classes":[]},{"id":535,"url":"https:\/\/asurb.com\/asurb3\/?page_id=535","url_meta":{"origin":115,"position":2},"title":"Programme 2010","author":"webmaster","date":"6 juin 2016","format":false,"excerpt":"Sommaire \u2022 S\u00e9ances ouvertes au public \u2022 S\u00e9ances scolaires \u2022 Partenaires \u2022 Membres du comit\u00e9 de parrainage \u2022 Remerciements \u2022 Pour se rendre sur les lieux \u2022 Les s\u00e9ances ouvertes au public Samedi 13 novembre Cin\u00e9ma La Pl\u00e9iade - 94230 Cachan 18h00 - L\u2019ABSENCE Long-m\u00e9trage de Mama KE\u00cfTA - 81\u2026","rel":"","context":"Article similaire","block_context":{"text":"Article similaire","link":""},"img":{"alt_text":"","src":"https:\/\/i0.wp.com\/asurb.com\/AsurB\/D_Images\/D_Gif_bl\/Blanc120.gif?resize=350%2C200&ssl=1","width":350,"height":200},"classes":[]},{"id":546,"url":"https:\/\/asurb.com\/asurb3\/?page_id=546","url_meta":{"origin":115,"position":3},"title":"Programme 2011","author":"webmaster","date":"6 juin 2016","format":false,"excerpt":"Sommaire \u2022 S\u00e9ances ouvertes au public \u2022 S\u00e9ances scolaires \u2022 Partenaires \u2022 Membres du comit\u00e9 de parrainage \u2022 Remerciements \u2022 Pour se rendre sur les lieux \u2022 Les s\u00e9ances ouvertes au public Samedi 12 novembre Cin\u00e9ma La Pl\u00e9iade - 94230 Cachan 18h00 - KE\u00cfTA, L\u2019HERITAGE DU GRIOT Long-m\u00e9trage de Dani\u2026","rel":"","context":"Article similaire","block_context":{"text":"Article similaire","link":""},"img":{"alt_text":"","src":"https:\/\/i0.wp.com\/asurb.com\/AsurB\/D_Images\/D_Gif_bl\/Blanc120.gif?resize=350%2C200&ssl=1","width":350,"height":200},"classes":[]},{"id":608,"url":"https:\/\/asurb.com\/asurb3\/?page_id=608","url_meta":{"origin":115,"position":4},"title":"Diaporama 2010","author":"webmaster","date":"8 juin 2016","format":false,"excerpt":"Diaporama - Extraits du Festival 2010 \u2022 Les s\u00e9ances \u2022 Les s\u00e9ances scolaires \u2022 Les intervenants \u2022 Les d\u00e9bats \u2022 L'\u00e9quipe d'Afrique sur Bi\u00e8vre \u00a9 2010 - AsurB - Tous droits r\u00e9serv\u00e9s","rel":"","context":"Article similaire","block_context":{"text":"Article similaire","link":""},"img":{"alt_text":"","src":"https:\/\/i0.wp.com\/asurb.com\/AsurB\/D_Images\/D_Gif_bl\/Blanc5_5.gif?resize=350%2C200&ssl=1","width":350,"height":200},"classes":[]},{"id":552,"url":"https:\/\/asurb.com\/asurb3\/?page_id=552","url_meta":{"origin":115,"position":5},"title":"Programme 2012","author":"webmaster","date":"6 juin 2016","format":false,"excerpt":"Sommaire \u2022 S\u00e9ances ouvertes au public \u2022 S\u00e9ances scolaires \u2022 Partenaires \u2022 Membres du comit\u00e9 de parrainage \u2022 Remerciements \u2022 Pour se rendre sur les lieux \u2022 Les s\u00e9ances ouvertes au public Samedi 17 novembre Cin\u00e9ma La Pl\u00e9iade - 94230 Cachan 18h00 - BAYIRI (La patrie) De S. Pierre Yam\u00e9ogo\u2026","rel":"","context":"Article similaire","block_context":{"text":"Article similaire","link":""},"img":{"alt_text":"","src":"https:\/\/i0.wp.com\/asurb.com\/AsurB\/D_Images\/D_Gif_bl\/Blanc120.gif?resize=350%2C200&ssl=1","width":350,"height":200},"classes":[]}],"_links":{"self":[{"href":"https:\/\/asurb.com\/asurb3\/index.php?rest_route=\/wp\/v2\/pages\/115","targetHints":{"allow":["GET"]}}],"collection":[{"href":"https:\/\/asurb.com\/asurb3\/index.php?rest_route=\/wp\/v2\/pages"}],"about":[{"href":"https:\/\/asurb.com\/asurb3\/index.php?rest_route=\/wp\/v2\/types\/page"}],"author":[{"embeddable":true,"href":"https:\/\/asurb.com\/asurb3\/index.php?rest_route=\/wp\/v2\/users\/1"}],"replies":[{"embeddable":true,"href":"https:\/\/asurb.com\/asurb3\/index.php?rest_route=%2Fwp%2Fv2%2Fcomments&post=115"}],"version-history":[{"count":5,"href":"https:\/\/asurb.com\/asurb3\/index.php?rest_route=\/wp\/v2\/pages\/115\/revisions"}],"predecessor-version":[{"id":871,"href":"https:\/\/asurb.com\/asurb3\/index.php?rest_route=\/wp\/v2\/pages\/115\/revisions\/871"}],"up":[{"embeddable":true,"href":"https:\/\/asurb.com\/asurb3\/index.php?rest_route=\/wp\/v2\/pages\/23"}],"wp:attachment":[{"href":"https:\/\/asurb.com\/asurb3\/index.php?rest_route=%2Fwp%2Fv2%2Fmedia&parent=115"}],"curies":[{"name":"wp","href":"https:\/\/api.w.org\/{rel}","templated":true}]}}