{"id":123,"date":"2016-06-03T10:31:09","date_gmt":"2016-06-03T09:31:09","guid":{"rendered":"http:\/\/www.test.asurb.com\/?page_id=123"},"modified":"2016-07-03T22:04:50","modified_gmt":"2016-07-03T20:04:50","slug":"festival-2014","status":"publish","type":"page","link":"https:\/\/asurb.com\/asurb3\/?page_id=123","title":{"rendered":"Festival 2014"},"content":{"rendered":"<p><span style=\"color: #595959; font-family: verdana, Arial, Helvetica, Swiss, SunSan-regular;\">Du 21 au 29 novembre 2014, l&rsquo;association Afrique sur Bi\u00e8vre organise la 8\u00e8me \u00e9dition du CINE REGARDS AFRICAINS \u2013 Films en Festival<b><\/b><\/span><\/p>\n<p><span style=\"color: #595959; font-family: verdana, Arial, Helvetica, Swiss, SunSan-regular;\"><b>En Val de Bi\u00e8vre<\/b>, dans les villes de l&rsquo;Ha\u00ff-les-Roses, Cachan, Fresnes, Gentilly, Arcueil et Villejuif<\/span><\/p>\n<p><b>Des courts-m\u00e9trages et des longs-m\u00e9trages de r\u00e9alisateurs africains, suivis de d\u00e9bats avec le public\u2026<\/b><span style=\"color: #595959; font-family: verdana, Arial, Helvetica, Swiss, SunSan-regular;\"><b><br \/>\n<\/b><br \/>\n<b>Afrique sur Bi\u00e8vre. 07 81 66 69 38.<br \/>\n<\/b>courriel : asurb[at]laposte.net<\/span><\/p>\n<p><br clear=\"left\" \/><b>A consulter <\/b>:<\/p>\n<p><span style=\"color: #777777; font-family: verdana, Arial, Helvetica, Swiss, SunSan-regular;\"><b>\u2022 <a href=\"https:\/\/asurb.com\/asurb3\/?page_id=577\">Programme du Festival 2014<\/a><br \/>\n\u2022 <a title=\"Journal de bord 2014\" href=\"https:\/\/i0.wp.com\/calameo.com\/read\/0004728416837f152b4dc\" target=\"_blank\">Journal de bord du Festival 2014<\/a><br \/>\n\u2022 Diaporama &#8211; Extrait du Festival 2014<\/b><\/span><\/p>\n","protected":false},"excerpt":{"rendered":"<p>Du 21 au 29 novembre 2014, l&rsquo;association Afrique sur Bi\u00e8vre organise la 8\u00e8me \u00e9dition du CINE REGARDS AFRICAINS \u2013 Films en Festival En Val de Bi\u00e8vre, dans les villes de [&hellip;]<\/p>\n","protected":false},"author":1,"featured_media":0,"parent":23,"menu_order":0,"comment_status":"closed","ping_status":"closed","template":"","meta":{"footnotes":""},"class_list":["post-123","page","type-page","status-publish","hentry"],"jetpack_sharing_enabled":true,"jetpack_shortlink":"https:\/\/wp.me\/P7C6tF-1Z","jetpack-related-posts":[{"id":2953,"url":"https:\/\/asurb.com\/asurb3\/?page_id=2953","url_meta":{"origin":123,"position":0},"title":"Festival 2019","author":"webmaster","date":"30 ao\u00fbt 2021","format":false,"excerpt":"Du\u00a0vendredi 22 novembre au dimanche 1er d\u00e9cembre\u00a02019, l'association Afrique sur Bi\u00e8vre organise la 13\u00e8me \u00e9dition du CINE REGARDS AFRICAINS \u2013 Films en Festival En Val de Bi\u00e8vre, dans les villes d'Antony, Arcueil,\u00a0 Cachan, Gentilly,\u00a0l'Ha\u00ff-les-Roses et Villejuif. Des courts-m\u00e9trages et des longs-m\u00e9trages de r\u00e9alisateurs africains, suivis de d\u00e9bats avec le public\u2026\u2026","rel":"","context":"Article similaire","block_context":{"text":"Article similaire","link":""},"img":{"alt_text":"","src":"","width":0,"height":0},"classes":[]},{"id":927,"url":"https:\/\/asurb.com\/asurb3\/?page_id=927","url_meta":{"origin":123,"position":1},"title":"Festival 2016","author":"webmaster","date":"5 octobre 2016","format":false,"excerpt":"Du 18 au 27 novembre 2016, l'association Afrique sur Bi\u00e8vre organise la 10\u00e8me \u00e9dition du CINE REGARDS AFRICAINS \u2013 Films en Festival En Val de Bi\u00e8vre, dans les villes de l'Ha\u00ff-les-Roses, Cachan, Fresnes, Gentilly, Arcueil et Villejuif Des courts-m\u00e9trages et des longs-m\u00e9trages de r\u00e9alisateurs africains, suivis de d\u00e9bats avec le\u2026","rel":"","context":"Article similaire","block_context":{"text":"Article similaire","link":""},"img":{"alt_text":"","src":"","width":0,"height":0},"classes":[]},{"id":125,"url":"https:\/\/asurb.com\/asurb3\/?page_id=125","url_meta":{"origin":123,"position":2},"title":"Festival 2015","author":"webmaster","date":"3 juin 2016","format":false,"excerpt":"Du 20 au 29 novembre 2015, l'association Afrique sur Bi\u00e8vre organise la 9\u00e8me \u00e9dition du CINE REGARDS AFRICAINS \u2013 Films en Festival En Val de Bi\u00e8vre, dans les villes de l'Ha\u00ff-les-Roses, Cachan, Fresnes, Gentilly, Arcueil et Villejuif Des courts-m\u00e9trages et des longs-m\u00e9trages de r\u00e9alisateurs africains, suivis de d\u00e9bats avec le\u2026","rel":"","context":"Article similaire","block_context":{"text":"Article similaire","link":""},"img":{"alt_text":"","src":"https:\/\/i0.wp.com\/asurb.com\/AsurB\/D_Medias\/asurb-affiche2015-TNv1a.jpg?resize=350%2C200&ssl=1","width":350,"height":200},"classes":[]},{"id":3050,"url":"https:\/\/asurb.com\/asurb3\/?page_id=3050","url_meta":{"origin":123,"position":3},"title":"Festival 2021","author":"webmaster","date":"10 octobre 2021","format":false,"excerpt":"Du\u00a0vendredi 27 novembre au dimanche 05 d\u00e9cembre\u00a02021, l'association Afrique sur Bi\u00e8vre organise la 14\u00e8me \u00e9dition du Festival CINE REGARDS AFRICAINS. En Val de Bi\u00e8vre, dans les villes de l'Ha\u00ff-les-Roses, Cachan, Gentilly, Arcueil, Villejuif et aussi \u00e0 Antony Des courts-m\u00e9trages et des longs-m\u00e9trages de r\u00e9alisateurs africains, suivis de d\u00e9bats avec le\u2026","rel":"","context":"Article similaire","block_context":{"text":"Article similaire","link":""},"img":{"alt_text":"","src":"","width":0,"height":0},"classes":[]},{"id":1747,"url":"https:\/\/asurb.com\/asurb3\/?page_id=1747","url_meta":{"origin":123,"position":4},"title":"Festival 2017","author":"webmaster","date":"9 octobre 2017","format":false,"excerpt":"Du\u00a0vendredi 24 novembre au dimanche 03 d\u00e9cembre\u00a02017, l'association Afrique sur Bi\u00e8vre organise la 11\u00e8me \u00e9dition du CINE REGARDS AFRICAINS \u2013 Films en Festival En Val de Bi\u00e8vre, dans les villes de l'Ha\u00ff-les-Roses, Cachan, Fresnes, Gentilly, Arcueil et Villejuif Des courts-m\u00e9trages et des longs-m\u00e9trages de r\u00e9alisateurs africains, suivis de d\u00e9bats avec\u2026","rel":"","context":"Article similaire","block_context":{"text":"Article similaire","link":""},"img":{"alt_text":"","src":"","width":0,"height":0},"classes":[]},{"id":2948,"url":"https:\/\/asurb.com\/asurb3\/?page_id=2948","url_meta":{"origin":123,"position":5},"title":"Festival 2018","author":"webmaster","date":"30 ao\u00fbt 2021","format":false,"excerpt":"Du\u00a0vendredi 23 novembre au dimanche 02 d\u00e9cembre\u00a02018, l'association Afrique sur Bi\u00e8vre organise la 12\u00e8me \u00e9dition du CINE REGARDS AFRICAINS \u2013 Films en Festival En Val de Bi\u00e8vre, dans les villes de l'Ha\u00ff-les-Roses, Cachan, Fresnes, Gentilly, Arcueil, Villejuif et pour la premi\u00e8re fois Antony Des courts-m\u00e9trages et des longs-m\u00e9trages de r\u00e9alisateurs\u2026","rel":"","context":"Article similaire","block_context":{"text":"Article similaire","link":""},"img":{"alt_text":"","src":"","width":0,"height":0},"classes":[]}],"_links":{"self":[{"href":"https:\/\/asurb.com\/asurb3\/index.php?rest_route=\/wp\/v2\/pages\/123","targetHints":{"allow":["GET"]}}],"collection":[{"href":"https:\/\/asurb.com\/asurb3\/index.php?rest_route=\/wp\/v2\/pages"}],"about":[{"href":"https:\/\/asurb.com\/asurb3\/index.php?rest_route=\/wp\/v2\/types\/page"}],"author":[{"embeddable":true,"href":"https:\/\/asurb.com\/asurb3\/index.php?rest_route=\/wp\/v2\/users\/1"}],"replies":[{"embeddable":true,"href":"https:\/\/asurb.com\/asurb3\/index.php?rest_route=%2Fwp%2Fv2%2Fcomments&post=123"}],"version-history":[{"count":4,"href":"https:\/\/asurb.com\/asurb3\/index.php?rest_route=\/wp\/v2\/pages\/123\/revisions"}],"predecessor-version":[{"id":865,"href":"https:\/\/asurb.com\/asurb3\/index.php?rest_route=\/wp\/v2\/pages\/123\/revisions\/865"}],"up":[{"embeddable":true,"href":"https:\/\/asurb.com\/asurb3\/index.php?rest_route=\/wp\/v2\/pages\/23"}],"wp:attachment":[{"href":"https:\/\/asurb.com\/asurb3\/index.php?rest_route=%2Fwp%2Fv2%2Fmedia&parent=123"}],"curies":[{"name":"wp","href":"https:\/\/api.w.org\/{rel}","templated":true}]}}