{"id":148,"date":"2016-06-03T16:19:03","date_gmt":"2016-06-03T15:19:03","guid":{"rendered":"http:\/\/www.test.asurb.com\/?page_id=148"},"modified":"2019-10-09T16:40:23","modified_gmt":"2019-10-09T14:40:23","slug":"deweneti","status":"publish","type":"page","link":"https:\/\/asurb.com\/asurb3\/?page_id=148","title":{"rendered":"Deweneti"},"content":{"rendered":"<p style=\"text-align: justify;\"><a href=\"https:\/\/i0.wp.com\/asurb.com\/asurb3\/wp-content\/uploads\/2016\/06\/Deweneti_Fiche.jpg\"><img data-recalc-dims=\"1\" loading=\"lazy\" decoding=\"async\" data-attachment-id=\"151\" data-permalink=\"https:\/\/asurb.com\/asurb3\/?attachment_id=151\" data-orig-file=\"https:\/\/i0.wp.com\/asurb.com\/asurb3\/wp-content\/uploads\/2016\/06\/Deweneti_Fiche.jpg?fit=250%2C138&amp;ssl=1\" data-orig-size=\"250,138\" data-comments-opened=\"1\" data-image-meta=\"{&quot;aperture&quot;:&quot;0&quot;,&quot;credit&quot;:&quot;&quot;,&quot;camera&quot;:&quot;&quot;,&quot;caption&quot;:&quot;&quot;,&quot;created_timestamp&quot;:&quot;0&quot;,&quot;copyright&quot;:&quot;&quot;,&quot;focal_length&quot;:&quot;0&quot;,&quot;iso&quot;:&quot;0&quot;,&quot;shutter_speed&quot;:&quot;0&quot;,&quot;title&quot;:&quot;&quot;,&quot;orientation&quot;:&quot;0&quot;}\" data-image-title=\"Deweneti_Fiche\" data-image-description=\"\" data-image-caption=\"\" data-large-file=\"https:\/\/i0.wp.com\/asurb.com\/asurb3\/wp-content\/uploads\/2016\/06\/Deweneti_Fiche.jpg?fit=250%2C138&amp;ssl=1\" class=\"alignnone wp-image-151 size-full\" src=\"https:\/\/i0.wp.com\/asurb.com\/asurb3\/wp-content\/uploads\/2016\/06\/Deweneti_Fiche.jpg?resize=250%2C138\" alt=\"Deweneti_Fiche\" width=\"250\" height=\"138\" \/><\/a><\/p>\n<p style=\"text-align: justify;\"><strong>Fiction &#8211; couleur &#8211; 35mm &#8211; version originale en wolof sous-titr\u00e9e en Fran\u00e7ais <\/strong><br \/>\nSc\u00e9nario : R\u00e9mi Mazet ; Images : R\u00e9mi Mazet ; Montage : Gwenaelle Mallauran ; Musique : Baptiste Bouquin ; Son : Alioune Mbow, Romain Le Bras ; Interpr\u00e9tation : Abbasse Ba, El Hadj Dieng, Nianga Diop, Thierno N&rsquo;Diaye Doss, Moustapha Gaye, Coly M&rsquo;Baye, Oumar Seck,; Production : Ika 964, BP 6786 Dakar Etoile, 11522 Dakar, S\u00e9n\u00e9gal , t\u00e9l.+221 639 2133, courriel : ika964@sentoo.sn), Andolfi Production (62, rue Notre-Dame-de-Nazareth, 75003 Paris, France, t\u00e9l. +33 (0)9 50 37 57 61, courriel : info@andolfi.fr) ; Distribution : Agence du court-m\u00e9trage (2, rue de Tocqueville, 75017 Paris, tel. +33 (0)1 44 69 26 60, fax : +33 (0)1 44 69 26 69, site : www.agencecm.com, courriel : info@agencecm.com)<br \/>\nLe film a \u00e9t\u00e9 s\u00e9lectionn\u00e9 au FESPACO 2007. Il a obtenu la Licorne d\u2019or du meilleur court-m\u00e9trage au festival d\u2019Amiens 2006, et la Mention sp\u00e9ciale du jury au Festival International de Milan du Cin\u00e9ma Africain, d\u2019Asie et d\u2019Am\u00e9rique latine 2006.<\/p>\n<h4 style=\"text-align: justify;\"><span style=\"color: #ff0000;\">Synopsis<\/span><\/h4>\n<p style=\"text-align: justify;\">Pour attirer la g\u00e9n\u00e9rosit\u00e9 des passants, dans les rues de Dakar o\u00f9 il mendie, le petit Ousmane fait preuve d\u2019astuce. A chaque personne qu\u2019il sollicite, il promet la r\u00e9alisation de ses d\u00e9sirs. Au policier qui fait la circulation, il pr\u00e9dit une brillante carri\u00e8re. A la cuisini\u00e8re, il annonce qu\u2019elle retrouvera le bonheur aupr\u00e8s de son mari\u2026 Sa qu\u00eate termin\u00e9e, Ousmane d\u00e9cide d\u2019\u00e9crire au P\u00e8re No\u00ebl pour remplir les v\u0153ux faits \u00e0 chacun. Il dicte sa lettre \u00e0 l\u2019\u00e9crivain public. Celui-ci demande \u00e0 l\u2019enfant s\u2019il n\u2019a pas un souhait pour lui-m\u00eame.<br \/>\nVolontairement, le film aborde de mani\u00e8re po\u00e9tique la situation de ce petit talib\u00e9 oblig\u00e9 de mendier par son marabout. Il se focalise, \u00e0 la mani\u00e8re d\u2019un conte, sur le r\u00eave d\u2019un enfant qui, par gratitude, souhaite changer le destin des autres.<\/p>\n<h4 style=\"text-align: justify;\"><span style=\"color: #ff0000;\">La r\u00e9alisatrice<\/span><\/h4>\n<p style=\"text-align: justify;\">N\u00e9e en 1975, Dyana Gaye est titulaire d&rsquo;une Ma\u00eetrise d&rsquo;\u00e9tudes cin\u00e9matographiques de l&rsquo;Universit\u00e9 de Paris 8 &#8211; Saint Denis. En 1999 elle est laur\u00e9ate de la Bourse Louis Lumi\u00e8re pour son sc\u00e9nario \u00a0\u00bbUne femme pour Souleymane\u00a0\u00bb, qu&rsquo;elle r\u00e9alise en 2001. En 2005, elle tourne \u00ab J\u2019ai deux amours \u00bb, qui fait partie d\u2019une s\u00e9rie de 15 courts-m\u00e9trages intitul\u00e9e \u00ab Paris la m\u00e9tisse \u00bb. Apr\u00e8s \u00ab Deweneti \u00bb, Dyana Gaye r\u00e9alise en 2009 un moyen-m\u00e9trage, \u00ab Un transport en commun \u00bb.<\/p>\n","protected":false},"excerpt":{"rendered":"<p>Fiction &#8211; couleur &#8211; 35mm &#8211; version originale en wolof sous-titr\u00e9e en Fran\u00e7ais Sc\u00e9nario : R\u00e9mi Mazet ; Images : R\u00e9mi Mazet ; Montage : Gwenaelle Mallauran ; Musique : [&hellip;]<\/p>\n","protected":false},"author":1,"featured_media":0,"parent":26,"menu_order":0,"comment_status":"closed","ping_status":"closed","template":"","meta":{"footnotes":""},"class_list":["post-148","page","type-page","status-publish","hentry"],"jetpack_sharing_enabled":true,"jetpack_shortlink":"https:\/\/wp.me\/P7C6tF-2o","jetpack-related-posts":[{"id":1907,"url":"https:\/\/asurb.com\/asurb3\/?page_id=1907","url_meta":{"origin":148,"position":0},"title":"Une place dans l\u2019avion","author":"webmaster","date":"29 novembre 2017","format":false,"excerpt":"De Khadidiatou SOW De Khadidiatou SOW \u2013 S\u00e9n\u00e9gal \u2013 20216 \u2013 16 min \u2013 fiction - couleur \u2013 VO wolof STF\u00a0\u00a0\u00a0\u00a0\u00a0\u00a0 Sc\u00e9nario\u00a0: Khadidiatou SOW \u2013 Image\u00a0: R\u00e9mi Mazet - Son : Ousmane Coly - Montage : H\u00e9lo\u00efse Pelloquet, Makha Bao Fall, Camille Virgile Andr\u00e9 Guihard - Musique et d\u00e9cors :\u2026","rel":"","context":"Article similaire","block_context":{"text":"Article similaire","link":""},"img":{"alt_text":"","src":"","width":0,"height":0},"classes":[]},{"id":264,"url":"https:\/\/asurb.com\/asurb3\/?page_id=264","url_meta":{"origin":148,"position":1},"title":"L&rsquo;absence","author":"webmaster","date":"4 juin 2016","format":false,"excerpt":"De Mama KE\u00cfTA - 81 min - S\u00e9n\u00e9gal \/ Guin\u00e9e \/ France - 2009 Fiction - couleur - 35mm - version originale en fran\u00e7ais, wolof et langue des signes sous-titr\u00e9e en fran\u00e7ais Sc\u00e9nario : Mama Ke\u00efta ; Image : R\u00e9mi Mazet ; Montage : Miriame Chamekh ; Musique : Mathieu\u2026","rel":"","context":"Article similaire","block_context":{"text":"Article similaire","link":""},"img":{"alt_text":"Labsence_Fiche2010","src":"https:\/\/i0.wp.com\/asurb.com\/asurb3\/wp-content\/uploads\/2016\/06\/Labsence_Fiche2010.jpg?resize=350%2C200&ssl=1","width":350,"height":200},"classes":[]},{"id":302,"url":"https:\/\/asurb.com\/asurb3\/?page_id=302","url_meta":{"origin":148,"position":2},"title":"La r\u00e9sidence ylang ylang","author":"webmaster","date":"4 juin 2016","format":false,"excerpt":"De Hachimiya AHAMADA - 20 min - Comores - 2008 Fiction - couleur - 35mm - version originale en comorien sous-titr\u00e9e en fran\u00e7ais - Sc\u00e9nario : Hachimiya Ahamada ; Images : Claire Mathon ; Montage :Thomas Marchand ; Musique : Nawal ; Son : Katia Madaule ; D\u00e9cor : Napalo\u2026","rel":"","context":"Article similaire","block_context":{"text":"Article similaire","link":""},"img":{"alt_text":"Residence_Fiche","src":"https:\/\/i0.wp.com\/asurb.com\/asurb3\/wp-content\/uploads\/2016\/06\/Residence_Fiche.jpg?resize=350%2C200&ssl=1","width":350,"height":200},"classes":[]},{"id":232,"url":"https:\/\/asurb.com\/asurb3\/?page_id=232","url_meta":{"origin":148,"position":3},"title":"Humanitaire","author":"webmaster","date":"4 juin 2016","format":false,"excerpt":"De Adama ROAMBA \u2013 16 min \u2013 Burkina Faso \u2013 2006 \u2013 VF Fiction \u2013 couleur \u2013 35 mm \u2013 Version fran\u00e7aise Prix sp\u00e9cial Sant\u00e9 et S\u00e9curit\u00e9 au travail au FESPACO* 2007. Sc\u00e9nario : Adama Roamba ; Image : Paul Djibila ; Montage : Neomi de Fouchier ; Son :\u2026","rel":"","context":"Article similaire","block_context":{"text":"Article similaire","link":""},"img":{"alt_text":"Humanitaire_Fiche","src":"https:\/\/i0.wp.com\/asurb.com\/asurb3\/wp-content\/uploads\/2016\/06\/Humanitaire_Fiche.jpg?resize=350%2C200&ssl=1","width":350,"height":200},"classes":[]},{"id":337,"url":"https:\/\/asurb.com\/asurb3\/?page_id=337","url_meta":{"origin":148,"position":4},"title":"Le siffet","author":"webmaster","date":"5 juin 2016","format":false,"excerpt":"De As THIAM \u2013 24 min \u2013 France\/S\u00e9n\u00e9gal \u2013 2004 \u2013 VF Fiction \u2013 couleur \u2013 35 mm \u2013 version fran\u00e7aise Sc\u00e9nario : As Thiam ; Image : C\u00e9sar Paes, Michel Berck ; Montage : Agn\u00e8s Contensou ; Musique : Wasis Diop ; Son : Alioune Mbow ; Costumier :\u2026","rel":"","context":"Article similaire","block_context":{"text":"Article similaire","link":""},"img":{"alt_text":"LeSifflet_Fiche","src":"https:\/\/i0.wp.com\/asurb.com\/asurb3\/wp-content\/uploads\/2016\/06\/LeSifflet_Fiche.jpg?resize=350%2C200&ssl=1","width":350,"height":200},"classes":[]},{"id":291,"url":"https:\/\/asurb.com\/asurb3\/?page_id=291","url_meta":{"origin":148,"position":5},"title":"La petite vendeuse de soleil","author":"webmaster","date":"4 juin 2016","format":false,"excerpt":"De Djibril DIOP MAMB\u00c9TY - 43 min - S\u00e9n\u00e9gal - 1998 Fiction - couleur - 35mm - version originale en wolof sous-titr\u00e9e en fran\u00e7ais Sc\u00e9nario : Djibril Diop Mamb\u00e9ty ; Images : Jacques Besse ; Montage : Mireille Abramovici ; Musique : Wasis Diop ; Interpr\u00e9tation : Cheikh Nga\u00efdo B\u00e2,\u2026","rel":"","context":"Article similaire","block_context":{"text":"Article similaire","link":""},"img":{"alt_text":"Petite_vendeuse_Fiche","src":"https:\/\/i0.wp.com\/asurb.com\/asurb3\/wp-content\/uploads\/2016\/06\/Petite_vendeuse_Fiche.jpg?resize=350%2C200&ssl=1","width":350,"height":200},"classes":[]}],"_links":{"self":[{"href":"https:\/\/asurb.com\/asurb3\/index.php?rest_route=\/wp\/v2\/pages\/148","targetHints":{"allow":["GET"]}}],"collection":[{"href":"https:\/\/asurb.com\/asurb3\/index.php?rest_route=\/wp\/v2\/pages"}],"about":[{"href":"https:\/\/asurb.com\/asurb3\/index.php?rest_route=\/wp\/v2\/types\/page"}],"author":[{"embeddable":true,"href":"https:\/\/asurb.com\/asurb3\/index.php?rest_route=\/wp\/v2\/users\/1"}],"replies":[{"embeddable":true,"href":"https:\/\/asurb.com\/asurb3\/index.php?rest_route=%2Fwp%2Fv2%2Fcomments&post=148"}],"version-history":[{"count":4,"href":"https:\/\/asurb.com\/asurb3\/index.php?rest_route=\/wp\/v2\/pages\/148\/revisions"}],"predecessor-version":[{"id":2499,"href":"https:\/\/asurb.com\/asurb3\/index.php?rest_route=\/wp\/v2\/pages\/148\/revisions\/2499"}],"up":[{"embeddable":true,"href":"https:\/\/asurb.com\/asurb3\/index.php?rest_route=\/wp\/v2\/pages\/26"}],"wp:attachment":[{"href":"https:\/\/asurb.com\/asurb3\/index.php?rest_route=%2Fwp%2Fv2%2Fmedia&parent=148"}],"curies":[{"name":"wp","href":"https:\/\/api.w.org\/{rel}","templated":true}]}}

<p style="text-align: justify;"><a href="https://i0.wp.com/asurb.com/asurb3/wp-content/uploads/2016/06/Deweneti_Fiche.jpg"><img data-recalc-dims="1" loading="lazy" decoding="async" data-attachment-id="151" data-permalink="https://asurb.com/asurb3/?attachment_id=151" data-orig-file="https://i0.wp.com/asurb.com/asurb3/wp-content/uploads/2016/06/Deweneti_Fiche.jpg?fit=250%2C138&amp;ssl=1" data-orig-size="250,138" data-comments-opened="1" data-image-meta="{&quot;aperture&quot;:&quot;0&quot;,&quot;credit&quot;:&quot;&quot;,&quot;camera&quot;:&quot;&quot;,&quot;caption&quot;:&quot;&quot;,&quot;created_timestamp&quot;:&quot;0&quot;,&quot;copyright&quot;:&quot;&quot;,&quot;focal_length&quot;:&quot;0&quot;,&quot;iso&quot;:&quot;0&quot;,&quot;shutter_speed&quot;:&quot;0&quot;,&quot;title&quot;:&quot;&quot;,&quot;orientation&quot;:&quot;0&quot;}" data-image-title="Deweneti_Fiche" data-image-description="" data-image-caption="" data-large-file="https://i0.wp.com/asurb.com/asurb3/wp-content/uploads/2016/06/Deweneti_Fiche.jpg?fit=250%2C138&amp;ssl=1" class="alignnone wp-image-151 size-full" src="https://i0.wp.com/asurb.com/asurb3/wp-content/uploads/2016/06/Deweneti_Fiche.jpg?resize=250%2C138" alt="Deweneti_Fiche" width="250" height="138" /></a></p>
<p style="text-align: justify;"><strong>Fiction &#8211; couleur &#8211; 35mm &#8211; version originale en wolof sous-titrée en Français </strong><br />
Scénario : Rémi Mazet ; Images : Rémi Mazet ; Montage : Gwenaelle Mallauran ; Musique : Baptiste Bouquin ; Son : Alioune Mbow, Romain Le Bras ; Interprétation : Abbasse Ba, El Hadj Dieng, Nianga Diop, Thierno N&rsquo;Diaye Doss, Moustapha Gaye, Coly M&rsquo;Baye, Oumar Seck,; Production : Ika 964, BP 6786 Dakar Etoile, 11522 Dakar, Sénégal , tél.+221 639 2133, courriel : ika964@sentoo.sn), Andolfi Production (62, rue Notre-Dame-de-Nazareth, 75003 Paris, France, tél. +33 (0)9 50 37 57 61, courriel : info@andolfi.fr) ; Distribution : Agence du court-métrage (2, rue de Tocqueville, 75017 Paris, tel. +33 (0)1 44 69 26 60, fax : +33 (0)1 44 69 26 69, site : www.agencecm.com, courriel : info@agencecm.com)<br />
Le film a été sélectionné au FESPACO 2007. Il a obtenu la Licorne d’or du meilleur court-métrage au festival d’Amiens 2006, et la Mention spéciale du jury au Festival International de Milan du Cinéma Africain, d’Asie et d’Amérique latine 2006.</p>
<h4 style="text-align: justify;"><span style="color: #ff0000;">Synopsis</span></h4>
<p style="text-align: justify;">Pour attirer la générosité des passants, dans les rues de Dakar où il mendie, le petit Ousmane fait preuve d’astuce. A chaque personne qu’il sollicite, il promet la réalisation de ses désirs. Au policier qui fait la circulation, il prédit une brillante carrière. A la cuisinière, il annonce qu’elle retrouvera le bonheur auprès de son mari… Sa quête terminée, Ousmane décide d’écrire au Père Noël pour remplir les vœux faits à chacun. Il dicte sa lettre à l’écrivain public. Celui-ci demande à l’enfant s’il n’a pas un souhait pour lui-même.<br />
Volontairement, le film aborde de manière poétique la situation de ce petit talibé obligé de mendier par son marabout. Il se focalise, à la manière d’un conte, sur le rêve d’un enfant qui, par gratitude, souhaite changer le destin des autres.</p>
<h4 style="text-align: justify;"><span style="color: #ff0000;">La réalisatrice</span></h4>
<p style="text-align: justify;">Née en 1975, Dyana Gaye est titulaire d&rsquo;une Maîtrise d&rsquo;études cinématographiques de l&rsquo;Université de Paris 8 &#8211; Saint Denis. En 1999 elle est lauréate de la Bourse Louis Lumière pour son scénario  »Une femme pour Souleymane », qu&rsquo;elle réalise en 2001. En 2005, elle tourne « J’ai deux amours », qui fait partie d’une série de 15 courts-métrages intitulée « Paris la métisse ». Après « Deweneti », Dyana Gaye réalise en 2009 un moyen-métrage, « Un transport en commun ».</p>

<p>Fiction &#8211; couleur &#8211; 35mm &#8211; version originale en wolof sous-titrée en Français Scénario : Rémi Mazet ; Images : Rémi Mazet ; Montage : Gwenaelle Mallauran ; Musique : [&hellip;]</p>

De Khadidiatou SOW De Khadidiatou SOW – Sénégal – 20216 – 16 min – fiction - couleur – VO wolof STF       Scénario : Khadidiatou SOW – Image : Rémi Mazet - Son : Ousmane Coly - Montage : Héloïse Pelloquet, Makha Bao Fall, Camille Virgile André Guihard - Musique et décors :…

De Mama KEÏTA - 81 min - Sénégal / Guinée / France - 2009 Fiction - couleur - 35mm - version originale en français, wolof et langue des signes sous-titrée en français Scénario : Mama Keïta ; Image : Rémi Mazet ; Montage : Miriame Chamekh ; Musique : Mathieu…

La résidence ylang ylang

De Hachimiya AHAMADA - 20 min - Comores - 2008 Fiction - couleur - 35mm - version originale en comorien sous-titrée en français - Scénario : Hachimiya Ahamada ; Images : Claire Mathon ; Montage :Thomas Marchand ; Musique : Nawal ; Son : Katia Madaule ; Décor : Napalo…

De Adama ROAMBA – 16 min – Burkina Faso – 2006 – VF Fiction – couleur – 35 mm – Version française Prix spécial Santé et Sécurité au travail au FESPACO* 2007. Scénario : Adama Roamba ; Image : Paul Djibila ; Montage : Neomi de Fouchier ; Son :…

De As THIAM – 24 min – France/Sénégal – 2004 – VF Fiction – couleur – 35 mm – version française Scénario : As Thiam ; Image : César Paes, Michel Berck ; Montage : Agnès Contensou ; Musique : Wasis Diop ; Son : Alioune Mbow ; Costumier :…

De Djibril DIOP MAMBÉTY - 43 min - Sénégal - 1998 Fiction - couleur - 35mm - version originale en wolof sous-titrée en français Scénario : Djibril Diop Mambéty ; Images : Jacques Besse ; Montage : Mireille Abramovici ; Musique : Wasis Diop ; Interprétation : Cheikh Ngaïdo Bâ,…
