{"id":188,"date":"2016-06-04T08:11:24","date_gmt":"2016-06-04T07:11:24","guid":{"rendered":"http:\/\/www.test.asurb.com\/?page_id=188"},"modified":"2016-07-03T23:12:17","modified_gmt":"2016-07-03T21:12:17","slug":"cest-dimanche","status":"publish","type":"page","link":"https:\/\/asurb.com\/asurb3\/?page_id=188","title":{"rendered":"C&rsquo;est dimanche"},"content":{"rendered":"<p style=\"text-align: justify;\"><a href=\"https:\/\/i0.wp.com\/asurb.com\/asurb3\/wp-content\/uploads\/2016\/06\/C_Dimanche_Fiche.jpg?ssl=1\"><img data-recalc-dims=\"1\" loading=\"lazy\" decoding=\"async\" data-attachment-id=\"189\" data-permalink=\"https:\/\/asurb.com\/asurb3\/?attachment_id=189\" data-orig-file=\"https:\/\/i0.wp.com\/asurb.com\/asurb3\/wp-content\/uploads\/2016\/06\/C_Dimanche_Fiche.jpg?fit=250%2C138&amp;ssl=1\" data-orig-size=\"250,138\" data-comments-opened=\"1\" data-image-meta=\"{&quot;aperture&quot;:&quot;0&quot;,&quot;credit&quot;:&quot;&quot;,&quot;camera&quot;:&quot;&quot;,&quot;caption&quot;:&quot;&quot;,&quot;created_timestamp&quot;:&quot;0&quot;,&quot;copyright&quot;:&quot;&quot;,&quot;focal_length&quot;:&quot;0&quot;,&quot;iso&quot;:&quot;0&quot;,&quot;shutter_speed&quot;:&quot;0&quot;,&quot;title&quot;:&quot;&quot;,&quot;orientation&quot;:&quot;0&quot;}\" data-image-title=\"C_Dimanche_Fiche\" data-image-description=\"\" data-image-caption=\"\" data-large-file=\"https:\/\/i0.wp.com\/asurb.com\/asurb3\/wp-content\/uploads\/2016\/06\/C_Dimanche_Fiche.jpg?fit=250%2C138&amp;ssl=1\" class=\"alignnone wp-image-189 size-full\" src=\"https:\/\/i0.wp.com\/asurb.com\/asurb3\/wp-content\/uploads\/2016\/06\/C_Dimanche_Fiche.jpg?resize=250%2C138&#038;ssl=1\" alt=\"C_Dimanche_Fiche\" width=\"250\" height=\"138\" \/><\/a><\/p>\n<p style=\"text-align: justify;\"><strong>De Samir GUESMI &#8211; 30 min &#8211; Alg\u00e9rie\/France &#8211; 2008<\/strong><\/p>\n<p style=\"text-align: justify;\">Fiction &#8211; couleur &#8211; 35mm &#8211; version originale en fran\u00e7ais &#8211; Sc\u00e9nario : Samir Guesmi ; Images : Pascale Marin ; Montage : Pauline Dairou ; Musique : Shantel ; Son : Julien Sicart, Lo\u00efc Prian, C\u00e9dric Ilonnet I ; D\u00e9cors : Philippe Jacob ; Costumes : Marie Jagou ; Interpr\u00e9tation : Illi\u00e8s Boukouirene, Djemel Barek , \u00c9lise Oppong, Simon Abkarian, Yann Collette ; Production : Kal\u00e9o Films ; Distribution : Kal\u00e9o Films (113, boulevard Richard Lenoir, 75011 Paris, France, t\u00e9l. : +33 (0)1.48.01.86.50, site : kaleo@kaleo-films.com, courriel : pyjourdain@kaleo-films.com.)<br \/>\nPoulain d\u2019argent au FESPACO 2009.<\/p>\n<h4 style=\"text-align: justify;\"><span style=\"color: #ff0000;\">Synopsis<\/span><\/h4>\n<p style=\"text-align: justify;\">Cette com\u00e9die dramatique met en sc\u00e8ne un jeune gar\u00e7on, Ibrahim, 13 ans, et d\u00e9peint ses rapports avec son p\u00e8re, Ahmed, issu de l&rsquo;immigration.<br \/>\nAhmed \u00e9l\u00e8ve seul son fils en r\u00e9gion parisienne. Un jour, il re\u00e7oit une lettre provenant du coll\u00e8ge dans lequel son fils est scolaris\u00e9. Ne sachant pas lire, il demande \u00e0 son fils l\u2019objet de cette lettre. Alors qu\u2019il est renvoy\u00e9 du coll\u00e8ge, Ibrahim fait croire \u00e0 son p\u00e8re qu&rsquo;il a obtenu un dipl\u00f4me. Tr\u00e8s fier de son fils, Ahmed d\u00e9cide d\u2019acheter des costumes pour lui et son fils et d\u2019annoncer la \u00ab grande nouvelle \u00bb \u00e0 tous ses amis qu\u2019il a l\u2019habitude de retrouver dans un bistrot de quartier.<\/p>\n<h4 style=\"text-align: justify;\"><span style=\"color: #ff0000;\">Le r\u00e9alisateur<\/span><\/h4>\n<p style=\"text-align: justify;\">Acteur et com\u00e9dien franco-alg\u00e9rien, Samir Guesmi est n\u00e9 en 1967. Il a jou\u00e9 au th\u00e9\u00e2tre et dans plusieurs films dont les plus r\u00e9cents sont entre autres : \u00ab Je suis heureux que ma m\u00e8re soit vivante \u00bb, \u00ab Bancs publics (Versailles rive droite) \u00bb, \u00ab Le Bal des actrices \u00bb, \u00ab Un Conte de No\u00ebl \u00bb, \u00ab Mus\u00e9e haut, mus\u00e9e bas \u00bb, \u00ab Leur morale et la n\u00f4tre \u00bb. En 2007, il est r\u00e9compens\u00e9 par le Bayard d&rsquo;or du meilleur com\u00e9dien au Festival du film francophone de Namur pour son interpr\u00e9tation dans le film \u00ab Andalucia \u00bb d\u2019Antoine Gomis.<br \/>\nLe court m\u00e9trage \u00ab C&rsquo;est dimanche ! \u00bb est son premier film en tant que r\u00e9alisateur et sc\u00e9nariste. Le film a \u00e9t\u00e9 s\u00e9lectionn\u00e9 dans de nombreux festivals et a \u00e9t\u00e9 prim\u00e9 plusieurs fois (Prix du jury au Festival International du film francophone de Namur 2008, Prix du public au Festival International du court-m\u00e9trage de Clermont-Ferrand 2008 et Poulain d\u2019argent au FESPACO 2009).<\/p>\n","protected":false},"excerpt":{"rendered":"<p>De Samir GUESMI &#8211; 30 min &#8211; Alg\u00e9rie\/France &#8211; 2008 Fiction &#8211; couleur &#8211; 35mm &#8211; version originale en fran\u00e7ais &#8211; Sc\u00e9nario : Samir Guesmi ; Images : Pascale Marin [&hellip;]<\/p>\n","protected":false},"author":1,"featured_media":0,"parent":26,"menu_order":0,"comment_status":"closed","ping_status":"closed","template":"","meta":{"footnotes":""},"class_list":["post-188","page","type-page","status-publish","hentry"],"jetpack_sharing_enabled":true,"jetpack_shortlink":"https:\/\/wp.me\/P7C6tF-32","jetpack-related-posts":[{"id":1043,"url":"https:\/\/asurb.com\/asurb3\/?page_id=1043","url_meta":{"origin":188,"position":0},"title":"D\u2019une pierre deux coups","author":"webmaster","date":"18 octobre 2016","format":false,"excerpt":"De Fejria DELIBA \u2013 France\/Alg\u00e9rie - 2016 De Fejria DELIBA \u2013 France\/Alg\u00e9rie - 2016 - 1h23 \u2013 fiction \u2013 couleur \u2013 VO fran\u00e7ais. Sc\u00e9nario et dialogues\u00a0: Fejria.Deliba \u2013 Image\u00a0: H\u00e9l\u00e8ne Louvard \u2013 Son\u00a0: R\u00e9gis Muller \u2013 Musique\u00a0: Youssef Boukella et Luis Saldanha \u2013 Montage\u00a0:Lilian Corbeille, Katharina Wartena, Marie Vermillard \u2013\u2026","rel":"","context":"Article similaire","block_context":{"text":"Article similaire","link":""},"img":{"alt_text":"pierre-deux-coup-95","src":"https:\/\/i0.wp.com\/asurb.com\/asurb3\/wp-content\/uploads\/2016\/10\/pierre-deux-coup-95-300x169.jpg?resize=350%2C200&ssl=1","width":350,"height":200},"classes":[]},{"id":1922,"url":"https:\/\/asurb.com\/asurb3\/?page_id=1922","url_meta":{"origin":188,"position":1},"title":"Un ticket de cin\u00e9ma (Tikitat-A-Soulima )","author":"webmaster","date":"29 novembre 2017","format":false,"excerpt":"De Ayoub LAYOUSSIFI\u00a0 Maroc \u2013 2016 \u2013 29 min \u2013 fiction \u2013 couleur \u2013 DCP \u2013 Vo arabe STF Sc\u00e9nario\u00a0: Hadrien Krasker, Ayoub Layoussifi \u2013 Image\u00a0: Christophe Persoz \u2013 Montage\u00a0:\u00a0\u00a0 Matthieu Desport \u2013 Musique\u00a0: Hamid El Hadri, Mazagan Chaabi Groove (Groupe), Reda Tajamoute \u2013 Son\u00a0: Nassim El Mounabbih - Interpr\u00e9tation\u00a0:\u2026","rel":"","context":"Article similaire","block_context":{"text":"Article similaire","link":""},"img":{"alt_text":"","src":"","width":0,"height":0},"classes":[]},{"id":2519,"url":"https:\/\/asurb.com\/asurb3\/?page_id=2519","url_meta":{"origin":188,"position":2},"title":"En attendant les hirondelles","author":"webmaster","date":"22 septembre 2019","format":false,"excerpt":"\u00a0De Karim MOUSSAOUI \u2013 Alg\u00e9rie\/France \u2013 2017 -113 min \u2013 Fiction - VOSTF Film s\u00e9lectionn\u00e9 dans de nombreux festivals Sc\u00e9nario\u00a0: Karim Moussaoui, Maud Ameline \u2013 Image\u00a0: David Chambille \u2013 Montage\u00a0: Thomas Marchand - Son\u00a0: Arnaud Marten\u2013 D\u00e9cor\u00a0: Hamid Boughrara \u2013Costumes\u00a0: Maya Benchikh - Chor\u00e9graphie\u00a0: Georgia Ives - Interpr\u00e9tation\u00a0:Mohamed Djouhri, \u00a0Sonia\u2026","rel":"","context":"Article similaire","block_context":{"text":"Article similaire","link":""},"img":{"alt_text":"","src":"","width":0,"height":0},"classes":[]},{"id":2807,"url":"https:\/\/asurb.com\/asurb3\/?page_id=2807","url_meta":{"origin":188,"position":3},"title":"143 rue du d\u00e9sert","author":"webmaster","date":"8 ao\u00fbt 2020","format":false,"excerpt":"De\u00a0Hassen FERHANI - Alg\u00e9rie\/France\/Qatar - 2020 \u2013 103 min \u2013 Documentaire \u2013- Couleur - VO arabe STF - DCP Sc\u00e9nario\u00a0et Image : Hassen Ferhani\u2013 Montage\u00a0:\u00a0St\u00e9phanie Sicard, Nadia Ben Rachid, Nina Khada, Hassen Ferhani \u2013 Musique\u00a0: \u00a0Mohamed Guetal - Son\u00a0Mohamed Ilyas Guetal, Antoine Morin - Interpr\u00e9tation\u00a0Malika, Samir El Hakin, Chawki Amari\u2026","rel":"","context":"Article similaire","block_context":{"text":"Article similaire","link":""},"img":{"alt_text":"","src":"","width":0,"height":0},"classes":[]},{"id":4197,"url":"https:\/\/asurb.com\/asurb3\/?page_id=4197","url_meta":{"origin":188,"position":4},"title":"Mica","author":"webmaster","date":"9 octobre 2024","format":false,"excerpt":"De Isma\u00ebl Ferroukhi \u2013 2019 - Maroc \u2013 104min \u2013 Fiction \u2013 couleur \u2013 VO fran\u00e7ais\/arabe STF S\u00e9lectionn\u00e9 dans de nombreux festivals \u2013 Prix du meilleur sc\u00e9nario au Festival international du cin\u00e9ma d\u2019 auteur de Rabat Sc\u00e9nario : Isma\u00ebl Ferroukhi, Fadette Drouard \u2013 Image : \u00c9va Sehet \u2013 Son :\u2026","rel":"","context":"Article similaire","block_context":{"text":"Article similaire","link":""},"img":{"alt_text":"","src":"https:\/\/i0.wp.com\/asurb.com\/asurb3\/wp-content\/uploads\/2024\/10\/Mica.jpg?resize=350%2C200&ssl=1","width":350,"height":200},"classes":[]},{"id":513,"url":"https:\/\/asurb.com\/asurb3\/?page_id=513","url_meta":{"origin":188,"position":5},"title":"Programme 2009","author":"webmaster","date":"6 juin 2016","format":false,"excerpt":"Sommaire \u2022 S\u00e9ances ouvertes au public \u2022 S\u00e9ances r\u00e9serv\u00e9es aux scolaires \u2022 Membres du comit\u00e9 de parrainage \u2022 Remerciements \u2022 Pour se rendre sur les lieux \u2022 Les s\u00e9ances ouvertes au public Dimanche 15 novembre Soir\u00e9e Les pionniers du cin\u00e9ma nig\u00e9rien MJC Louise Michel - 94260 Fresnes 18h30 - BON\u2026","rel":"","context":"Article similaire","block_context":{"text":"Article similaire","link":""},"img":{"alt_text":"","src":"https:\/\/i0.wp.com\/asurb.com\/AsurB\/D_Images\/D_Gif_bl\/Blanc120.gif?resize=350%2C200&ssl=1","width":350,"height":200},"classes":[]}],"_links":{"self":[{"href":"https:\/\/asurb.com\/asurb3\/index.php?rest_route=\/wp\/v2\/pages\/188","targetHints":{"allow":["GET"]}}],"collection":[{"href":"https:\/\/asurb.com\/asurb3\/index.php?rest_route=\/wp\/v2\/pages"}],"about":[{"href":"https:\/\/asurb.com\/asurb3\/index.php?rest_route=\/wp\/v2\/types\/page"}],"author":[{"embeddable":true,"href":"https:\/\/asurb.com\/asurb3\/index.php?rest_route=\/wp\/v2\/users\/1"}],"replies":[{"embeddable":true,"href":"https:\/\/asurb.com\/asurb3\/index.php?rest_route=%2Fwp%2Fv2%2Fcomments&post=188"}],"version-history":[{"count":2,"href":"https:\/\/asurb.com\/asurb3\/index.php?rest_route=\/wp\/v2\/pages\/188\/revisions"}],"predecessor-version":[{"id":881,"href":"https:\/\/asurb.com\/asurb3\/index.php?rest_route=\/wp\/v2\/pages\/188\/revisions\/881"}],"up":[{"embeddable":true,"href":"https:\/\/asurb.com\/asurb3\/index.php?rest_route=\/wp\/v2\/pages\/26"}],"wp:attachment":[{"href":"https:\/\/asurb.com\/asurb3\/index.php?rest_route=%2Fwp%2Fv2%2Fmedia&parent=188"}],"curies":[{"name":"wp","href":"https:\/\/api.w.org\/{rel}","templated":true}]}}

<p style="text-align: justify;"><a href="https://i0.wp.com/asurb.com/asurb3/wp-content/uploads/2016/06/C_Dimanche_Fiche.jpg?ssl=1"><img data-recalc-dims="1" loading="lazy" decoding="async" data-attachment-id="189" data-permalink="https://asurb.com/asurb3/?attachment_id=189" data-orig-file="https://i0.wp.com/asurb.com/asurb3/wp-content/uploads/2016/06/C_Dimanche_Fiche.jpg?fit=250%2C138&amp;ssl=1" data-orig-size="250,138" data-comments-opened="1" data-image-meta="{&quot;aperture&quot;:&quot;0&quot;,&quot;credit&quot;:&quot;&quot;,&quot;camera&quot;:&quot;&quot;,&quot;caption&quot;:&quot;&quot;,&quot;created_timestamp&quot;:&quot;0&quot;,&quot;copyright&quot;:&quot;&quot;,&quot;focal_length&quot;:&quot;0&quot;,&quot;iso&quot;:&quot;0&quot;,&quot;shutter_speed&quot;:&quot;0&quot;,&quot;title&quot;:&quot;&quot;,&quot;orientation&quot;:&quot;0&quot;}" data-image-title="C_Dimanche_Fiche" data-image-description="" data-image-caption="" data-large-file="https://i0.wp.com/asurb.com/asurb3/wp-content/uploads/2016/06/C_Dimanche_Fiche.jpg?fit=250%2C138&amp;ssl=1" class="alignnone wp-image-189 size-full" src="https://i0.wp.com/asurb.com/asurb3/wp-content/uploads/2016/06/C_Dimanche_Fiche.jpg?resize=250%2C138&#038;ssl=1" alt="C_Dimanche_Fiche" width="250" height="138" /></a></p>
<p style="text-align: justify;"><strong>De Samir GUESMI &#8211; 30 min &#8211; Algérie/France &#8211; 2008</strong></p>
<p style="text-align: justify;">Fiction &#8211; couleur &#8211; 35mm &#8211; version originale en français &#8211; Scénario : Samir Guesmi ; Images : Pascale Marin ; Montage : Pauline Dairou ; Musique : Shantel ; Son : Julien Sicart, Loïc Prian, Cédric Ilonnet I ; Décors : Philippe Jacob ; Costumes : Marie Jagou ; Interprétation : Illiès Boukouirene, Djemel Barek , Élise Oppong, Simon Abkarian, Yann Collette ; Production : Kaléo Films ; Distribution : Kaléo Films (113, boulevard Richard Lenoir, 75011 Paris, France, tél. : +33 (0)1.48.01.86.50, site : kaleo@kaleo-films.com, courriel : pyjourdain@kaleo-films.com.)<br />
Poulain d’argent au FESPACO 2009.</p>
<h4 style="text-align: justify;"><span style="color: #ff0000;">Synopsis</span></h4>
<p style="text-align: justify;">Cette comédie dramatique met en scène un jeune garçon, Ibrahim, 13 ans, et dépeint ses rapports avec son père, Ahmed, issu de l&rsquo;immigration.<br />
Ahmed élève seul son fils en région parisienne. Un jour, il reçoit une lettre provenant du collège dans lequel son fils est scolarisé. Ne sachant pas lire, il demande à son fils l’objet de cette lettre. Alors qu’il est renvoyé du collège, Ibrahim fait croire à son père qu&rsquo;il a obtenu un diplôme. Très fier de son fils, Ahmed décide d’acheter des costumes pour lui et son fils et d’annoncer la « grande nouvelle » à tous ses amis qu’il a l’habitude de retrouver dans un bistrot de quartier.</p>
<h4 style="text-align: justify;"><span style="color: #ff0000;">Le réalisateur</span></h4>
<p style="text-align: justify;">Acteur et comédien franco-algérien, Samir Guesmi est né en 1967. Il a joué au théâtre et dans plusieurs films dont les plus récents sont entre autres : « Je suis heureux que ma mère soit vivante », « Bancs publics (Versailles rive droite) », « Le Bal des actrices », « Un Conte de Noël », « Musée haut, musée bas », « Leur morale et la nôtre ». En 2007, il est récompensé par le Bayard d&rsquo;or du meilleur comédien au Festival du film francophone de Namur pour son interprétation dans le film « Andalucia » d’Antoine Gomis.<br />
Le court métrage « C&rsquo;est dimanche ! » est son premier film en tant que réalisateur et scénariste. Le film a été sélectionné dans de nombreux festivals et a été primé plusieurs fois (Prix du jury au Festival International du film francophone de Namur 2008, Prix du public au Festival International du court-métrage de Clermont-Ferrand 2008 et Poulain d’argent au FESPACO 2009).</p>

<p>De Samir GUESMI &#8211; 30 min &#8211; Algérie/France &#8211; 2008 Fiction &#8211; couleur &#8211; 35mm &#8211; version originale en français &#8211; Scénario : Samir Guesmi ; Images : Pascale Marin [&hellip;]</p>

De Fejria DELIBA – France/Algérie - 2016 De Fejria DELIBA – France/Algérie - 2016 - 1h23 – fiction – couleur – VO français. Scénario et dialogues : Fejria.Deliba – Image : Hélène Louvard – Son : Régis Muller – Musique : Youssef Boukella et Luis Saldanha – Montage :Lilian Corbeille, Katharina Wartena, Marie Vermillard –…

Un ticket de cinéma (Tikitat-A-Soulima )

De Ayoub LAYOUSSIFI  Maroc – 2016 – 29 min – fiction – couleur – DCP – Vo arabe STF Scénario : Hadrien Krasker, Ayoub Layoussifi – Image : Christophe Persoz – Montage :   Matthieu Desport – Musique : Hamid El Hadri, Mazagan Chaabi Groove (Groupe), Reda Tajamoute – Son : Nassim El Mounabbih - Interprétation :…

De Karim MOUSSAOUI – Algérie/France – 2017 -113 min – Fiction - VOSTF Film sélectionné dans de nombreux festivals Scénario : Karim Moussaoui, Maud Ameline – Image : David Chambille – Montage : Thomas Marchand - Son : Arnaud Marten– Décor : Hamid Boughrara –Costumes : Maya Benchikh - Chorégraphie : Georgia Ives - Interprétation :Mohamed Djouhri,  Sonia…

143 rue du désert

8 août 2020

De Hassen FERHANI - Algérie/France/Qatar - 2020 – 103 min – Documentaire –- Couleur - VO arabe STF - DCP Scénario et Image : Hassen Ferhani– Montage : Stéphanie Sicard, Nadia Ben Rachid, Nina Khada, Hassen Ferhani – Musique :  Mohamed Guetal - Son Mohamed Ilyas Guetal, Antoine Morin - Interprétation Malika, Samir El Hakin, Chawki Amari…

De Ismaël Ferroukhi – 2019 - Maroc – 104min – Fiction – couleur – VO français/arabe STF Sélectionné dans de nombreux festivals – Prix du meilleur scénario au Festival international du cinéma d’ auteur de Rabat Scénario : Ismaël Ferroukhi, Fadette Drouard – Image : Éva Sehet – Son :…

Sommaire • Séances ouvertes au public • Séances réservées aux scolaires • Membres du comité de parrainage • Remerciements • Pour se rendre sur les lieux • Les séances ouvertes au public Dimanche 15 novembre Soirée Les pionniers du cinéma nigérien MJC Louise Michel - 94260 Fresnes 18h30 - BON…
