{"id":2633,"date":"2019-10-09T18:28:40","date_gmt":"2019-10-09T16:28:40","guid":{"rendered":"https:\/\/asurb.com\/asurb3\/?page_id=2633"},"modified":"2019-10-09T18:28:40","modified_gmt":"2019-10-09T16:28:40","slug":"jusqua-la-fin-des-temps","status":"publish","type":"page","link":"https:\/\/asurb.com\/asurb3\/?page_id=2633","title":{"rendered":"Jusqu&rsquo;\u00e0 la fin des temps"},"content":{"rendered":"<p><strong>JUSQU\u2019A LA FIN DES TEMPS\u00a0 <\/strong>de Yasmine CHOUIKH \u2013 Alg\u00e9rie \u2013 2017 &#8211; 93 min &#8211; Fiction &#8211; Couleur \u2013 VO STF<\/p>\n<p>Sc\u00e9nario : Yasmine Chouikh &#8211; Image : Semcheddine Touzene &#8211; Son : Hamid Bouziane &#8211; Montage : Yamina Bachir &#8211; D\u00e9cors : Ayoub Kerkab &#8211; Costumes : Nawel Bastami &#8211;<br \/>\nInterpr\u00e9tation\u00a0:Boudjemaa Djillali, Djamila Arres, Mohamed Takiret, Mohamed Benbakreti, Imem Noel, Mehdi Moulay<br \/>\nProduction : Making of films, Karima Chouikh, productrice Alg\u00e9rie chouikhyasmine@icloud.com-<\/p>\n<p><em>\u00ab Annab d\u2019Or \u00bb (Grand prix) au 3e Festival d\u2019Annaba du film m\u00e9diterran\u00e9en en mars 2018<br \/>\n<\/em><em>et Prix de la meilleure interpr\u00e9tation f\u00e9minine pour Djamila Arres.<br \/>\nPrix Oumarou Ganda au Fespaco 2019<\/em><\/p>\n<h4><span style=\"color: #ff0000;\">Synopsis\u00a0<\/span><\/h4>\n<p>A Sidi Boulekbour, village perch\u00e9 sur une cr\u00eate, tout est pr\u00eat pour la Ziara d\u2019\u00e9t\u00e9, p\u00e9lerinage o\u00f9 des centaines de familles viennent se recueillir sur les tombes de leurs d\u00e9funts sous la protection d\u2019un marabout bienveillant.<br \/>\nDjoher, une veuve sexag\u00e9naire, venue pour la premi\u00e8re fois s\u2019y recueillir sur la tombe de sa s\u0153ur, fait la connaissance d\u2019 Ali, un septuag\u00e9naire, fossoyeur et gardien du cimeti\u00e8re.<br \/>\nElle lui demande de pr\u00e9parer, de son vivant, ses fun\u00e9railles. Surpris au d\u00e9part par cette demande peu commune, il finit par satisfaire la demande de cette femme d\u00e9sesp\u00e9r\u00e9e. Peu \u00e0 peu va na\u00eetre entre eux une forme de tendresse d\u00e9licate et pudique qui peine \u00e0 s\u2019exprimer mais qui les fait revivre. De son c\u00f4t\u00e9 le po\u00e8te ma\u00e7on Jeloul est tout \u00e0 son amour pour la belle et libre Nassima.<\/p>\n<p>Dans le d\u00e9cor d\u2019un cimeti\u00e8re entour\u00e9 de superbes paysages, cette com\u00e9die d\u00e9licate, touchante et dr\u00f4le, se fait hymne \u00e0 la vie au milieu d\u2019un th\u00e9\u00e2tre de la mort \u00e0 ciel ouvert. \u00ab\u00a0Elle offre, dit Olivier Barlet (Africultures), une satire optimiste d\u2019une Alg\u00e9rie marqu\u00e9e par la mort et qui cherche \u00e0 rena\u00eetre.\u00a0\u00bb<\/p>\n<h4><span style=\"color: #ff0000;\">La r\u00e9alisatrice<\/span><\/h4>\n<p>N\u00e9e en 1982 \u00e0 Alger, dipl\u00f4m\u00e9e en psychologie et sciences de l\u2019\u00e9ducation, Yasmine Chouikh est actrice, journaliste et pr\u00e9sentatrice t\u00e9l\u00e9vis\u00e9e.<br \/>\nElle est la fille de la r\u00e9alisatrice-monteuse Yamina Bachir Chouikh et du r\u00e9alisateur Mohamed Chouikh dont elle a \u00e9t\u00e9 l\u2019actrice pour \u00ab La Citadelle \u00bb (1987) et \u00ab Douar de femmes \u00bb (2004). Elle \u00e9crit les sc\u00e9narios de plusieurs courts m\u00e9trages et en r\u00e9alise deux : \u00ab\u00a0El Bab \u00ab\u00a0(La porte) en 2006 et \u00ab\u00a0El Djinn \u00ab\u00a0(2010, Short Film Corner, Festival de Cannes 2010), ainsi qu\u2019une s\u00e9rie pour la t\u00e9l\u00e9vision, \u00ab\u00a0Studio 27\u00a0\u00bb, en 2015. Elle est la directrice artistique du Festival international du court m\u00e9trage de Taghit (Alg\u00e9rie).<br \/>\n\u00ab\u00a0Jusqu\u2019\u00e0 la fin des temps \u00ab\u00a0(2017) est son premier long m\u00e9trage fiction.<\/p>\n<p>&nbsp;<\/p>\n<p style=\"text-align: justify;\">\n","protected":false},"excerpt":{"rendered":"<p>JUSQU\u2019A LA FIN DES TEMPS\u00a0 de Yasmine CHOUIKH \u2013 Alg\u00e9rie \u2013 2017 &#8211; 93 min &#8211; Fiction &#8211; Couleur \u2013 VO STF Sc\u00e9nario : Yasmine Chouikh &#8211; Image : Semcheddine [&hellip;]<\/p>\n","protected":false},"author":1,"featured_media":0,"parent":26,"menu_order":0,"comment_status":"closed","ping_status":"closed","template":"","meta":{"footnotes":""},"class_list":["post-2633","page","type-page","status-publish","hentry"],"jetpack_sharing_enabled":true,"jetpack_shortlink":"https:\/\/wp.me\/P7C6tF-Gt","jetpack-related-posts":[{"id":492,"url":"https:\/\/asurb.com\/asurb3\/?page_id=492","url_meta":{"origin":2633,"position":0},"title":"Y\u00e9ma","author":"webmaster","date":"5 juin 2016","format":false,"excerpt":"Alg\u00e9rie - 2012 - 91 min - fiction - couleur - VO arabe STF R\u00e9alisation : Djamila Sahraoui ; Sc\u00e9nario : Djamila Sahraoui ; Image : Rapha\u00ebl O\u2019Byrne ; Son : S\u00e9bastien Demouchy ; Montage : Catherine Gouze ; D\u00e9cor : Mourad Zidi ; Interpr\u00e9tation : Djamila Sahraoui ; Ali\u2026","rel":"","context":"Article similaire","block_context":{"text":"Article similaire","link":""},"img":{"alt_text":"Yema5_fiche","src":"https:\/\/i0.wp.com\/asurb.com\/asurb3\/wp-content\/uploads\/2016\/06\/Yema5_fiche.jpg?resize=350%2C200&ssl=1","width":350,"height":200},"classes":[]},{"id":279,"url":"https:\/\/asurb.com\/asurb3\/?page_id=279","url_meta":{"origin":2633,"position":1},"title":"La maison jaune","author":"webmaster","date":"4 juin 2016","format":false,"excerpt":"De Amor HAKKAR - 80 min - Alg\u00e9rie - 2007 Fiction - couleur - 35mm - version originale en chaoui sous-titr\u00e9e en fran\u00e7ais Sc\u00e9nario : Amor Hakkar ; Image : Nicolas Roche ; Montage : Amor Hakkar, Lyonnel Garnier, Jean Dubreuil ; Musique : Fay\u00e7al Salhi, Joseph Macera ; Son\u2026","rel":"","context":"Article similaire","block_context":{"text":"Article similaire","link":""},"img":{"alt_text":"Maison_jaune_Fiche","src":"https:\/\/i0.wp.com\/asurb.com\/asurb3\/wp-content\/uploads\/2016\/06\/Maison_jaune_Fiche.jpg?resize=350%2C200&ssl=1","width":350,"height":200},"classes":[]},{"id":254,"url":"https:\/\/asurb.com\/asurb3\/?page_id=254","url_meta":{"origin":2633,"position":2},"title":"Khouya ( Mon fr\u00e8re )","author":"webmaster","date":"4 juin 2016","format":false,"excerpt":"Alg\u00e9rie - 2010 - fiction - 16 min - couleur - VO arabe STFR Prix du Jury Cin\u00e9ma et Jeunesse au Festival de Locarno 2010, Prix des lyc\u00e9ens au Festival Cin\u00e9Sud de Saint Georges de Didonne 2012 ; s\u00e9lectionn\u00e9 en 2011 au festival de courts-m\u00e9trages de Clermont-Ferrand et au FESPACO\u2026","rel":"","context":"Article similaire","block_context":{"text":"Article similaire","link":""},"img":{"alt_text":"KHOUYA_1_Fiche","src":"https:\/\/i0.wp.com\/asurb.com\/asurb3\/wp-content\/uploads\/2016\/06\/KHOUYA_1_Fiche.jpg?resize=350%2C200&ssl=1","width":350,"height":200},"classes":[]},{"id":241,"url":"https:\/\/asurb.com\/asurb3\/?page_id=241","url_meta":{"origin":2633,"position":3},"title":"Ils se sont tus","author":"webmaster","date":"4 juin 2016","format":false,"excerpt":"De Khaled BENA\u00cfSSA - 17 min - Alg\u00e9rie - 2009 Fiction - couleur - 35mm - version arabe sous-titr\u00e9e en fran\u00e7ais Sc\u00e9nario : Khaled Bena\u00efssa ; Image : Mohammed Soudani ; Montage : Malik Benyounes ; Musique : Mourad Guechoud ; Son : Hamid Osmani ; D\u00e9cor : Adel Kasser\u2026","rel":"","context":"Article similaire","block_context":{"text":"Article similaire","link":""},"img":{"alt_text":"Ilssesonttus_Fiche2010","src":"https:\/\/i0.wp.com\/asurb.com\/asurb3\/wp-content\/uploads\/2016\/06\/Ilssesonttus_Fiche2010.jpg?resize=350%2C200&ssl=1","width":350,"height":200},"classes":[]},{"id":721,"url":"https:\/\/asurb.com\/asurb3\/?page_id=721","url_meta":{"origin":2633,"position":4},"title":"Le repenti   (El Taaib)","author":"webmaster","date":"15 juin 2016","format":false,"excerpt":"De Merzak ALLOUACHE - 87 min - Alg\u00e9rie\/ France - 2012 - fiction - couleur - HD - VO arabe STF \u00a0 Sc\u00e9nario : Merzak Allouache ; Image : Mohamed Tayeb Laggoune ; Montage : Sylvie Gadmer ; Son : Ali Mahfiche, Xavier Thibault, Carole Vermer, Julien Perez ; Interpr\u00e9tation\u2026","rel":"","context":"Article similaire","block_context":{"text":"Article similaire","link":""},"img":{"alt_text":"","src":"","width":0,"height":0},"classes":[]},{"id":175,"url":"https:\/\/asurb.com\/asurb3\/?page_id=175","url_meta":{"origin":2633,"position":5},"title":"Beur Blanc Rouge","author":"webmaster","date":"3 juin 2016","format":false,"excerpt":"Alg\u00e9rie - 2006 - 88 min - fiction - couleur - version fran\u00e7aise R\u00e9alisation : Mahmoud Zemmouri ; Sc\u00e9nario : Mahmoud Zemmouri, Marie-Laurence Attias ; Image : Fran\u00e7ois Lartigue ; Montage : Youcef Tobni ; Son : Fran\u00e7ois Semp\u00e9 ; Musique : Franck Lebon, Ahmed Hamadi, Kada Mustapha ; Interpr\u00e9tation\u2026","rel":"","context":"Article similaire","block_context":{"text":"Article similaire","link":""},"img":{"alt_text":"beur-blanc-rouge2_fiche","src":"https:\/\/i0.wp.com\/asurb.com\/asurb3\/wp-content\/uploads\/2016\/06\/beur-blanc-rouge2_fiche.jpg?resize=350%2C200&ssl=1","width":350,"height":200},"classes":[]}],"_links":{"self":[{"href":"https:\/\/asurb.com\/asurb3\/index.php?rest_route=\/wp\/v2\/pages\/2633","targetHints":{"allow":["GET"]}}],"collection":[{"href":"https:\/\/asurb.com\/asurb3\/index.php?rest_route=\/wp\/v2\/pages"}],"about":[{"href":"https:\/\/asurb.com\/asurb3\/index.php?rest_route=\/wp\/v2\/types\/page"}],"author":[{"embeddable":true,"href":"https:\/\/asurb.com\/asurb3\/index.php?rest_route=\/wp\/v2\/users\/1"}],"replies":[{"embeddable":true,"href":"https:\/\/asurb.com\/asurb3\/index.php?rest_route=%2Fwp%2Fv2%2Fcomments&post=2633"}],"version-history":[{"count":1,"href":"https:\/\/asurb.com\/asurb3\/index.php?rest_route=\/wp\/v2\/pages\/2633\/revisions"}],"predecessor-version":[{"id":2634,"href":"https:\/\/asurb.com\/asurb3\/index.php?rest_route=\/wp\/v2\/pages\/2633\/revisions\/2634"}],"up":[{"embeddable":true,"href":"https:\/\/asurb.com\/asurb3\/index.php?rest_route=\/wp\/v2\/pages\/26"}],"wp:attachment":[{"href":"https:\/\/asurb.com\/asurb3\/index.php?rest_route=%2Fwp%2Fv2%2Fmedia&parent=2633"}],"curies":[{"name":"wp","href":"https:\/\/api.w.org\/{rel}","templated":true}]}}

Jusqu&rsquo;à la fin des temps

<p><strong>JUSQU’A LA FIN DES TEMPS  </strong>de Yasmine CHOUIKH – Algérie – 2017 &#8211; 93 min &#8211; Fiction &#8211; Couleur – VO STF</p>
<p>Scénario : Yasmine Chouikh &#8211; Image : Semcheddine Touzene &#8211; Son : Hamid Bouziane &#8211; Montage : Yamina Bachir &#8211; Décors : Ayoub Kerkab &#8211; Costumes : Nawel Bastami &#8211;<br />
Interprétation :Boudjemaa Djillali, Djamila Arres, Mohamed Takiret, Mohamed Benbakreti, Imem Noel, Mehdi Moulay<br />
Production : Making of films, Karima Chouikh, productrice Algérie chouikhyasmine@icloud.com-</p>
<p><em>« Annab d’Or » (Grand prix) au 3e Festival d’Annaba du film méditerranéen en mars 2018<br />
</em><em>et Prix de la meilleure interprétation féminine pour Djamila Arres.<br />
Prix Oumarou Ganda au Fespaco 2019</em></p>
<h4><span style="color: #ff0000;">Synopsis </span></h4>
<p>A Sidi Boulekbour, village perché sur une crête, tout est prêt pour la Ziara d’été, pélerinage où des centaines de familles viennent se recueillir sur les tombes de leurs défunts sous la protection d’un marabout bienveillant.<br />
Djoher, une veuve sexagénaire, venue pour la première fois s’y recueillir sur la tombe de sa sœur, fait la connaissance d’ Ali, un septuagénaire, fossoyeur et gardien du cimetière.<br />
Elle lui demande de préparer, de son vivant, ses funérailles. Surpris au départ par cette demande peu commune, il finit par satisfaire la demande de cette femme désespérée. Peu à peu va naître entre eux une forme de tendresse délicate et pudique qui peine à s’exprimer mais qui les fait revivre. De son côté le poète maçon Jeloul est tout à son amour pour la belle et libre Nassima.</p>
<p>Dans le décor d’un cimetière entouré de superbes paysages, cette comédie délicate, touchante et drôle, se fait hymne à la vie au milieu d’un théâtre de la mort à ciel ouvert. « Elle offre, dit Olivier Barlet (Africultures), une satire optimiste d’une Algérie marquée par la mort et qui cherche à renaître. »</p>
<h4><span style="color: #ff0000;">La réalisatrice</span></h4>
<p>Née en 1982 à Alger, diplômée en psychologie et sciences de l’éducation, Yasmine Chouikh est actrice, journaliste et présentatrice télévisée.<br />
Elle est la fille de la réalisatrice-monteuse Yamina Bachir Chouikh et du réalisateur Mohamed Chouikh dont elle a été l’actrice pour « La Citadelle » (1987) et « Douar de femmes » (2004). Elle écrit les scénarios de plusieurs courts métrages et en réalise deux : « El Bab « (La porte) en 2006 et « El Djinn « (2010, Short Film Corner, Festival de Cannes 2010), ainsi qu’une série pour la télévision, « Studio 27 », en 2015. Elle est la directrice artistique du Festival international du court métrage de Taghit (Algérie).<br />
« Jusqu’à la fin des temps « (2017) est son premier long métrage fiction.</p>
<p>&nbsp;</p>
<p style="text-align: justify;">

<p>JUSQU’A LA FIN DES TEMPS  de Yasmine CHOUIKH – Algérie – 2017 &#8211; 93 min &#8211; Fiction &#8211; Couleur – VO STF Scénario : Yasmine Chouikh &#8211; Image : Semcheddine [&hellip;]</p>

Yéma

Algérie - 2012 - 91 min - fiction - couleur - VO arabe STF Réalisation : Djamila Sahraoui ; Scénario : Djamila Sahraoui ; Image : Raphaël O’Byrne ; Son : Sébastien Demouchy ; Montage : Catherine Gouze ; Décor : Mourad Zidi ; Interprétation : Djamila Sahraoui ; Ali…

De Amor HAKKAR - 80 min - Algérie - 2007 Fiction - couleur - 35mm - version originale en chaoui sous-titrée en français Scénario : Amor Hakkar ; Image : Nicolas Roche ; Montage : Amor Hakkar, Lyonnel Garnier, Jean Dubreuil ; Musique : Fayçal Salhi, Joseph Macera ; Son…

Khouya ( Mon frère )

Algérie - 2010 - fiction - 16 min - couleur - VO arabe STFR Prix du Jury Cinéma et Jeunesse au Festival de Locarno 2010, Prix des lycéens au Festival CinéSud de Saint Georges de Didonne 2012 ; sélectionné en 2011 au festival de courts-métrages de Clermont-Ferrand et au FESPACO…

De Khaled BENAÏSSA - 17 min - Algérie - 2009 Fiction - couleur - 35mm - version arabe sous-titrée en français Scénario : Khaled Benaïssa ; Image : Mohammed Soudani ; Montage : Malik Benyounes ; Musique : Mourad Guechoud ; Son : Hamid Osmani ; Décor : Adel Kasser…

De Merzak ALLOUACHE - 87 min - Algérie/ France - 2012 - fiction - couleur - HD - VO arabe STF   Scénario : Merzak Allouache ; Image : Mohamed Tayeb Laggoune ; Montage : Sylvie Gadmer ; Son : Ali Mahfiche, Xavier Thibault, Carole Vermer, Julien Perez ; Interprétation…

Algérie - 2006 - 88 min - fiction - couleur - version française Réalisation : Mahmoud Zemmouri ; Scénario : Mahmoud Zemmouri, Marie-Laurence Attias ; Image : François Lartigue ; Montage : Youcef Tobni ; Son : François Sempé ; Musique : Franck Lebon, Ahmed Hamadi, Kada Mustapha ; Interprétation…
