{"id":2823,"date":"2020-08-10T14:41:51","date_gmt":"2020-08-10T12:41:51","guid":{"rendered":"https:\/\/asurb.com\/asurb3\/?page_id=2823"},"modified":"2020-08-10T14:46:28","modified_gmt":"2020-08-10T12:46:28","slug":"adam","status":"publish","type":"page","link":"https:\/\/asurb.com\/asurb3\/?page_id=2823","title":{"rendered":"Adam"},"content":{"rendered":"<p><strong>ADAM\u00a0 <\/strong>de Maryam Touzani , Maroc &#8211; 2019 &#8211; 98 min &#8211; fiction &#8211; couleur &#8211; VO arabe &#8211; STF.<\/p>\n<p>Sce\u0301nario\u00a0: Maryam Touzani, avec la collaboration de Nabil Ayouch\u00a0 &#8211; Assistant r\u00e9alisateur\u00a0: Ali Tahiri &#8211; Image\u00a0: Virginie Surdej \u2013 Cadre Adil Ayoub &#8211; Montage\u00a0:Julie Naas &#8211; Son\u00a0: Nassim Mounabbih &#8211; D\u00e9cors\u00a0: Pilar Peredo &#8211; Interpr\u00e9tation\u00a0: Lubna Azabal, Nisrin Erradi, Douae Belkhaouda, Aziz Hattab, Hasnaa Tamtaoui. Producteurs\u00a0: Nabil Ayouch, Ali N\u2019 productions, Les Films du nouveau monde, Artemis \u2013Distribution Ad Vitam (France)<\/p>\n<p>S\u00e9lection Festival de Cannes Un certain regard 2019 &#8211; Prix de la meilleure image, Prix du meilleur montage et Prix Paulin Vieyra de la critique africaine aux JCC Festival du film de Carthage 2019 \u2013 Prix Agn\u00e8s au FIFF Festival International du film francophone de Namur 2019 \u2013 Prix coup de c\u0153ur du public, Prix du jury Signis et Prix du jury Jeunes au Festival Lumi\u00e8res d\u2019Afrique de Besan\u00e7on 2019<\/p>\n<h4><span style=\"color: #ff0000;\">Synopsis\u00a0<\/span><\/h4>\n<p>Dans la M\u00e9dina de Casablanca, Alba, une jeune veuve qui tient une petite p\u00e2tisserie et \u00e9l\u00e8ve seule sa fille, recueille, d\u2019abord \u00e0 contre-c\u0153ur, Samia, une jeune femme enceinte solitaire qui cherche d\u00e9sesp\u00e9r\u00e9ment un abri. Peu \u00e0 peu, aid\u00e9e par l\u2019affection de la petite fille, Samia finit par forcer le mur de glace derri\u00e8re lequel s\u2019est enferm\u00e9e Alba et \u00e9tablir une connivence f\u00e9minine qui affronte et d\u00e9nonce l\u2019opprobre social dont sont victimes les femmes qui vivent sans mari et sans p\u00e8re pour leur enfant.<\/p>\n<p>\u00ab\u00a0Les femmes marocaines ne sont plus pr\u00eates \u00e0 se laisser faire. Elles r\u00e9clament le droit \u00e0 l\u2019\u00e9galit\u00e9, le droit \u00e0 disposer de leur corps. Les jeunes g\u00e9n\u00e9rations s\u2019en m\u00ealent et viennent se joindre aux anciennes\u00a0\u00bb. Maryam Touzani (dossier de presse).<\/p>\n<h4><span style=\"color: #ff0000;\">La r\u00e9alisatrice<\/span><\/h4>\n<p>Jeune r\u00e9alisatrice, Maryam Touzani est marocaine, n\u00e9e \u00e0 Tanger. Elle a suivi des \u00e9tudes de journalisme \u00e0 Londres puis elle est revenue au Maroc o\u00f9 elle a \u00e9t\u00e9 journaliste sp\u00e9cialiste du cin\u00e9ma du Maghreb. Elle s\u2019est ensuite lanc\u00e9e dans la r\u00e9alisation\u00a0de courts-m\u00e9trages\u00a0: <em>Quand ils dorment<\/em> en 2012, <em>Aya va \u00e0 la plage<\/em> en 2015 (tous deux pr\u00e9sent\u00e9s \u00e0 Cin\u00e9-regards africains) et <em>Sous ma vieille peau<\/em>, documentaire, en 2019. Elle est \u00e9galement sc\u00e9nariste de deux films r\u00e9alis\u00e9s par son mari, Nabil Ayouch\u00a0: <em>Much Loved<\/em> en 2015 et <em>Razzia<\/em> en 2017, dont elle est l\u2019une des principales interpr\u00e8tes.<\/p>\n<p><em>Adam<\/em> est son premier long m\u00e9trage.<\/p>\n<p>&nbsp;<\/p>\n<p>&nbsp;<\/p>\n<p style=\"text-align: justify;\">\n","protected":false},"excerpt":{"rendered":"<p>ADAM\u00a0 de Maryam Touzani , Maroc &#8211; 2019 &#8211; 98 min &#8211; fiction &#8211; couleur &#8211; VO arabe &#8211; STF. Sce\u0301nario\u00a0: Maryam Touzani, avec la collaboration de Nabil Ayouch\u00a0 &#8211; [&hellip;]<\/p>\n","protected":false},"author":1,"featured_media":0,"parent":26,"menu_order":0,"comment_status":"closed","ping_status":"closed","template":"","meta":{"footnotes":""},"class_list":["post-2823","page","type-page","status-publish","hentry"],"jetpack_sharing_enabled":true,"jetpack_shortlink":"https:\/\/wp.me\/P7C6tF-Jx","jetpack-related-posts":[{"id":3362,"url":"https:\/\/asurb.com\/asurb3\/?page_id=3362","url_meta":{"origin":2823,"position":0},"title":"Le bleu du caftan","author":"webmaster","date":"20 ao\u00fbt 2022","format":false,"excerpt":"De Maryam TOUZANI- Maroc - 2022 - 124 min - fiction \u2013 couleur- VO arabe STF Prix de la Critique Internationale (FIPRESCI) du Festival de Cannes 2022 dans la section Un Certain Regard. Sc\u00e9nario : Maryam Touzani en collaboration avec Nabil Ayouch \u2013 Image : Virginie Surdej \u2013 Son :\u2026","rel":"","context":"Article similaire","block_context":{"text":"Article similaire","link":""},"img":{"alt_text":"","src":"","width":0,"height":0},"classes":[]},{"id":667,"url":"https:\/\/asurb.com\/asurb3\/?page_id=667","url_meta":{"origin":2823,"position":1},"title":"C&rsquo;est eux les chiens","author":"webmaster","date":"14 juin 2016","format":false,"excerpt":"De Hicham LASRI - 85 min - Maroc - 2013 Maroc - 2013 -1h25 - fiction - couleur - VO arabe ST fran\u00e7ais - DCP Sc\u00e9nario : Hicham Lasri ; Image : Ali Benjelloun ; Son : Aissam Elkhayat ; Montage : Safaa Baraka ; Interpr\u00e9tation : Hassan Badida,Yahya El\u2026","rel":"","context":"Article similaire","block_context":{"text":"Article similaire","link":""},"img":{"alt_text":"","src":"","width":0,"height":0},"classes":[]},{"id":3379,"url":"https:\/\/asurb.com\/asurb3\/?page_id=3379","url_meta":{"origin":2823,"position":2},"title":"Haut et fort","author":"webmaster","date":"21 ao\u00fbt 2022","format":false,"excerpt":"De Nabil AYOUCH \u2013 Maroc \u2013 2022 -101min- fiction - couleur - VO arabe STF -\u00a0 N\u00b0 de visa : 149.491\u00a0 - S\u00e9lection officielle au Festival de Cannes 2021 Sc\u00e9nario\u00a0: Nabil Ayouch avec la collaboration de Maryam Touzani\u2013 Image\u00a0: Virginie Surdeij, Amine Messadi \u2013 Son\u00a0: Samuel A\u00efchoun, Nassim El Mounabbih,\u2026","rel":"","context":"Article similaire","block_context":{"text":"Article similaire","link":""},"img":{"alt_text":"","src":"","width":0,"height":0},"classes":[]},{"id":772,"url":"https:\/\/asurb.com\/asurb3\/?page_id=772","url_meta":{"origin":2823,"position":3},"title":"Quand ils dorment","author":"webmaster","date":"19 juin 2016","format":false,"excerpt":"De\u00a0 Maryam Touzani -\u00a0 17 min - Maroc -\u00a0 2011\u00a0 fiction -\u00a0 couleur - VO arabe STF -\u00a0 DVD Sc\u00e9nario : Myriam Touzani ;\u00a0 Image : Eric Devin ; Montage : Adil Mawadyi ; Son : Karim Ronda ; Interpr\u00e9tation : Nouhaila Ben Moumou, Mohamed Achab, Fatima Ezzahra El Jouhari,\u2026","rel":"","context":"Article similaire","block_context":{"text":"Article similaire","link":""},"img":{"alt_text":"","src":"","width":0,"height":0},"classes":[]},{"id":1840,"url":"https:\/\/asurb.com\/asurb3\/?page_id=1840","url_meta":{"origin":2823,"position":4},"title":"Aya va \u00e0 la plage (Aya wal bahr)","author":"webmaster","date":"29 novembre 2017","format":false,"excerpt":"De Maryam TOUZANI Maroc -\u00a0 2015 -\u00a0 19 min\u00a0 - fiction \u2013 couleur \u2013 VO ArabeSTF Sc\u00e9nario\u00a0: Maryam Touzani \u2013 Son\u00a0: Sa\u00efd Radi \u2013 Image\u00a0: Amine Messadi \u2013 Montage\u00a0: Safaa Baraka, Hamane Safou \u2013 Interpretation\u00a0: Nouhaila Ben Moumou, Fatima Harrandi (Raouya), Badia Aziz. Producteur\u00a0: Nabil Ayouch\u00a0 (Ali'n Productions, www.alinprod.com), tel\u2026","rel":"","context":"Article similaire","block_context":{"text":"Article similaire","link":""},"img":{"alt_text":"","src":"","width":0,"height":0},"classes":[]},{"id":3032,"url":"https:\/\/asurb.com\/asurb3\/?page_id=3032","url_meta":{"origin":2823,"position":5},"title":"Le d\u00e9part","author":"webmaster","date":"17 septembre 2021","format":false,"excerpt":"De\u00a0 Sa\u00efd Hamich \u2013 France\/Maroc \u2013 2020 \u2013 25 min \u2013 fiction \u2013 couleur - VO arabe\/fran\u00e7ais - N\u00b0de visa : 152.990 Sc\u00e9nario\u00a0: Sa\u00efd Hamich \u2013 Image\u00a0: Marine Atlan - Son\u00a0: Hugo Deguillard \u2013 Montage son\u00a0: Margot Testemale - Montage : Xavier Sirven - Musique : Vitor Ara\u00fajo \u2013 Interpr\u00e9tation\u2026","rel":"","context":"Article similaire","block_context":{"text":"Article similaire","link":""},"img":{"alt_text":"","src":"","width":0,"height":0},"classes":[]}],"_links":{"self":[{"href":"https:\/\/asurb.com\/asurb3\/index.php?rest_route=\/wp\/v2\/pages\/2823","targetHints":{"allow":["GET"]}}],"collection":[{"href":"https:\/\/asurb.com\/asurb3\/index.php?rest_route=\/wp\/v2\/pages"}],"about":[{"href":"https:\/\/asurb.com\/asurb3\/index.php?rest_route=\/wp\/v2\/types\/page"}],"author":[{"embeddable":true,"href":"https:\/\/asurb.com\/asurb3\/index.php?rest_route=\/wp\/v2\/users\/1"}],"replies":[{"embeddable":true,"href":"https:\/\/asurb.com\/asurb3\/index.php?rest_route=%2Fwp%2Fv2%2Fcomments&post=2823"}],"version-history":[{"count":2,"href":"https:\/\/asurb.com\/asurb3\/index.php?rest_route=\/wp\/v2\/pages\/2823\/revisions"}],"predecessor-version":[{"id":2827,"href":"https:\/\/asurb.com\/asurb3\/index.php?rest_route=\/wp\/v2\/pages\/2823\/revisions\/2827"}],"up":[{"embeddable":true,"href":"https:\/\/asurb.com\/asurb3\/index.php?rest_route=\/wp\/v2\/pages\/26"}],"wp:attachment":[{"href":"https:\/\/asurb.com\/asurb3\/index.php?rest_route=%2Fwp%2Fv2%2Fmedia&parent=2823"}],"curies":[{"name":"wp","href":"https:\/\/api.w.org\/{rel}","templated":true}]}}