{"id":2850,"date":"2020-08-12T16:06:42","date_gmt":"2020-08-12T14:06:42","guid":{"rendered":"https:\/\/asurb.com\/asurb3\/?page_id=2850"},"modified":"2020-08-12T16:06:42","modified_gmt":"2020-08-12T14:06:42","slug":"talking-about-trees","status":"publish","type":"page","link":"https:\/\/asurb.com\/asurb3\/?page_id=2850","title":{"rendered":"Talking about trees"},"content":{"rendered":"<p><strong>Talking about trees<\/strong><strong> &#8211; <\/strong> De Suhaib Gasmelbari \u2013 Soudan,France,Allemagne,Tchad,Qatar \u2013 2018 \u2013 94 min \u2013 documentaire \u2013 couleur \u2013 VO arabe STF- DCP -Visa\u00a0:143001<\/p>\n<p>Le titre du film, \u00ab\u00a0parler avec les arbres\u00a0\u00bb est emprunt\u00e9 \u00e0 un po\u00e8me de Bertolt Brecht,\u00a0\u00ab A ceux qui viendront apr\u00e8s nous\u00a0\u00bb.<br \/>\nAvec Ibrahim Shaddad, Suliman Ibrahim, Eltayeb Mahdi, Manar Al-Hilo, Hana Abdelrahman Suliman, (Sudanese Film Group, SFG) &#8211; Image : Suhaib Gasmelbari &#8211; Montage : Nelly Quettier, Gladys Joujou &#8211; \u00a0\u00a0 Montage Son : Jean Mallet &#8211; Son : ElSadig Kamal, Katharina Von Schroeder &#8211; Production : AGAT Films &amp; Cie \/ Marie Balducchi Producteurs \u00e9trangers :Mahamat-Saleh Haroun, Melanie Andernach &#8211; \u00a0\u00a0 Distribution France : M\u00e9t\u00e9ore Films 11, rue Taylor \u2013 75010 Paris T\u00e9l. 01 42 54 96 20 | films@meteore-films.fr &#8211; Presse France : Monica Donati\u00a0\u00a0 01 43 07 55 22 &#8211; monica.donati@mk2.com<\/p>\n<p>Tanit d\u2019or aux Journ\u00e9es cin\u00e9matographiques de Carthage 2019.<br \/>\nPrix du meilleur documentaire, Prix du public \u00e0 la Berlinale 2019<\/p>\n<h4><span style=\"color: #ff0000;\">Synopsis\u00a0<\/span><\/h4>\n<p><strong>\u00a0\u00a0 \u00a0<\/strong>Ibrahim, Suleiman, Manar et Altayeb, ont r\u00e9alis\u00e9 des films au Soudan avant le coup d\u2019\u00e9tat militaire de 1989 qui a entra\u00een\u00e9 la mort du cin\u00e9ma soudanais, mais la passion de leur jeunesse est rest\u00e9e intacte. Fac\u00e9tieux et id\u00e9alistes, ils sillonnent dans un van les routes du Soudan pour projeter des films en \u00e9vitant la censure du pouvoir. Ces quatre amis de toujours se prennent a\u0300 r\u00eaver d\u2019organiser une grande projection publique dans la capitale Khartoum et de r\u00e9nover une salle de cin\u00e9ma \u00e0 l\u2019abandon. Son nom ? La R\u00e9volution\u2026Ils se mettent \u00e0 l\u2019action avec une t\u00e9nacit\u00e9 exemplaire. Suhaib Gasmelbari a \u00e9t\u00e9 profond\u00e9ment s\u00e9duit par ce quatuor de septuag\u00e9naires, par la fid\u00e9lit\u00e9 \u00e0 leur vocation, leur amiti\u00e9 ind\u00e9fectible, leur dignit\u00e9, leur humour, et leur absence d\u2019amertume malgr\u00e9 les obstacles en tout genre qu\u2019ils ont rencontr\u00e9s.\u00a0\u00ab Ces hommes incarnent une fragilit\u00e9 invincible et se pr\u00e9occuper d\u2019art dans un pays gouvern\u00e9 par des fascistes, c\u2019est une philosophie de l\u2019espoir\u00a0\u00bb.<\/p>\n<h4><span style=\"color: #ff0000;\">Le r\u00e9alisateur<\/span><\/h4>\n<p>Suhaib Gasmelbari, n\u00e9 en 1979 au Soudan, a \u00e9tudi\u00e9 le cin\u00e9ma en France \u00e0 l\u2019Universit\u00e9 Paris 8 et \u00e9crit, r\u00e9alis\u00e9 plusieurs courts m\u00e9trages, fiction et documentaire. TALKING ABOUT TREES est son premier long m\u00e9trage. Il est \u00e9galement chercheur et s\u2019int\u00e9resse particuli\u00e8rement aux archives audiovisuelles. Gr\u00e2ce \u00e0 ses recherches, il a pu retrouver des films soudanais perdus de longue date et participer activement \u00e0 des projets internationaux et locaux de sauvegarde et de num\u00e9risation de films soudanais, notamment ceux des protagonistes de \u00ab\u00a0Talking about trees\u00a0\u00bb .<\/p>\n<p>&nbsp;<\/p>\n<p style=\"text-align: justify;\">\n","protected":false},"excerpt":{"rendered":"<p>Talking about trees &#8211; De Suhaib Gasmelbari \u2013 Soudan,France,Allemagne,Tchad,Qatar \u2013 2018 \u2013 94 min \u2013 documentaire \u2013 couleur \u2013 VO arabe STF- DCP -Visa\u00a0:143001 Le titre du film, \u00ab\u00a0parler avec [&hellip;]<\/p>\n","protected":false},"author":1,"featured_media":0,"parent":26,"menu_order":0,"comment_status":"closed","ping_status":"closed","template":"","meta":{"footnotes":""},"class_list":["post-2850","page","type-page","status-publish","hentry"],"jetpack_sharing_enabled":true,"jetpack_shortlink":"https:\/\/wp.me\/P7C6tF-JY","jetpack-related-posts":[{"id":2807,"url":"https:\/\/asurb.com\/asurb3\/?page_id=2807","url_meta":{"origin":2850,"position":0},"title":"143 rue du d\u00e9sert","author":"webmaster","date":"8 ao\u00fbt 2020","format":false,"excerpt":"De\u00a0Hassen FERHANI - Alg\u00e9rie\/France\/Qatar - 2020 \u2013 103 min \u2013 Documentaire \u2013- Couleur - VO arabe STF - DCP Sc\u00e9nario\u00a0et Image : Hassen Ferhani\u2013 Montage\u00a0:\u00a0St\u00e9phanie Sicard, Nadia Ben Rachid, Nina Khada, Hassen Ferhani \u2013 Musique\u00a0: \u00a0Mohamed Guetal - Son\u00a0Mohamed Ilyas Guetal, Antoine Morin - Interpr\u00e9tation\u00a0Malika, Samir El Hakin, Chawki Amari\u2026","rel":"","context":"Article similaire","block_context":{"text":"Article similaire","link":""},"img":{"alt_text":"","src":"","width":0,"height":0},"classes":[]},{"id":188,"url":"https:\/\/asurb.com\/asurb3\/?page_id=188","url_meta":{"origin":2850,"position":1},"title":"C&rsquo;est dimanche","author":"webmaster","date":"4 juin 2016","format":false,"excerpt":"De Samir GUESMI - 30 min - Alg\u00e9rie\/France - 2008 Fiction - couleur - 35mm - version originale en fran\u00e7ais - Sc\u00e9nario : Samir Guesmi ; Images : Pascale Marin ; Montage : Pauline Dairou ; Musique : Shantel ; Son : Julien Sicart, Lo\u00efc Prian, C\u00e9dric Ilonnet I ;\u2026","rel":"","context":"Article similaire","block_context":{"text":"Article similaire","link":""},"img":{"alt_text":"C_Dimanche_Fiche","src":"https:\/\/i0.wp.com\/asurb.com\/asurb3\/wp-content\/uploads\/2016\/06\/C_Dimanche_Fiche.jpg?resize=350%2C200&ssl=1","width":350,"height":200},"classes":[]},{"id":4255,"url":"https:\/\/asurb.com\/asurb3\/?page_id=4255","url_meta":{"origin":2850,"position":2},"title":"Better Than Earth","author":"webmaster","date":"28 octobre 2024","format":false,"excerpt":"De Sherif EL BENDARY - Egypte\/Su\u00e8de\/France - 2024 - 23 min - fiction - VO arabe STF Sc\u00e9nario : Sherif El Bendary\/Murad Mustafa - Montage : Julien Perrin - Photographie : Seif Eldin Khaled - Interpr\u00e9tation : \u00a0Sarah Shedid, Fayza Othman, Ahmed Ismael - Production : Les Cigognes Films, Studio\u2026","rel":"","context":"Article similaire","block_context":{"text":"Article similaire","link":""},"img":{"alt_text":"","src":"https:\/\/i0.wp.com\/asurb.com\/asurb3\/wp-content\/uploads\/2024\/10\/better_than_earth-211x300.webp?resize=350%2C200&ssl=1","width":350,"height":200},"classes":[]},{"id":1979,"url":"https:\/\/asurb.com\/asurb3\/?page_id=1979","url_meta":{"origin":2850,"position":3},"title":"Wallay","author":"webmaster","date":"7 d\u00e9cembre 2017","format":false,"excerpt":"De Berni GOLDBLAT France\/Burkina Faso\/Qatar - 2017 \u2013 1h25 \u2013 fiction \u2013 couleur \u2013\u00a0 DCP - VO fran\u00e7ais\/dioula STF Assistant r\u00e9alisateur\u00a0: Victor Baussonie - Sc\u00e9nario: David Bouchet \u2013 Image\u00a0: Martin Rit \u2013 Son\u00a0: Matthieu Perrot\u2013 Musique\u00a0: Vincent S\u00e9gal \u2013 Montage\u00a0: Laurent S\u00e9n\u00e9chal \u2013 D\u00e9cors\u00a0: Papa Kouyat\u00e9 - Interpr\u00e9tation\u00a0: Makan Nathan\u2026","rel":"","context":"Article similaire","block_context":{"text":"Article similaire","link":""},"img":{"alt_text":"","src":"","width":0,"height":0},"classes":[]},{"id":2459,"url":"https:\/\/asurb.com\/asurb3\/?page_id=2459","url_meta":{"origin":2850,"position":4},"title":"Une saison en France","author":"webmaster","date":"5 juin 2019","format":false,"excerpt":"De Mahamat -Saleh HAROUN \u2013 France \u2013 2017 \u2013 97 min \u2013 fiction \u2013 couleur -VO fran\u00e7ais \u00a0- DCP Sc\u00e9nario : Mahamat-Saleh HAROUN - Image : Mathieu GIOMBINI - Montage : Marie-H\u00e9l\u00e8ne DOZO - Musique : Wasis DIOP - Son : Dana FARZANEHPOUR - D\u00e9cors : Eric BARBOZA - Costumes\u2026","rel":"","context":"Article similaire","block_context":{"text":"Article similaire","link":""},"img":{"alt_text":"","src":"https:\/\/i0.wp.com\/asurb.com\/asurb3\/wp-content\/uploads\/2018\/10\/une-saison-en-France.jpg?resize=350%2C200&ssl=1","width":350,"height":200},"classes":[]},{"id":1004,"url":"https:\/\/asurb.com\/asurb3\/?page_id=1004","url_meta":{"origin":2850,"position":5},"title":"London river","author":"webmaster","date":"12 octobre 2016","format":false,"excerpt":"De Rachid BOUCHAREB -\u00a0Alg\u00e9rie \u2013 2009 De Rachid BOUCHAREB -\u00a0Alg\u00e9rie \u2013 2009 \u2013 86 min \u2013 fiction \u2013 couleur \u2013 35 mm \u2013 VO anglais \/fran\u00e7ais \/arabe STF fr. Sc\u00e9nario\u00a0: Rachid Bouchareb, Zo\u00e9 Galeron, Olivier Lorelle\u00a0- Image\u00a0: J\u00e9r\u00f4me Alm\u00e9ras\u00a0- Montage\u00a0: Yannick Kergoat\u00a0- Musique\u00a0: Armand Amar\u00a0- Son\u00a0: Philippe Lecoeur, Frank Rubio,\u2026","rel":"","context":"Article similaire","block_context":{"text":"Article similaire","link":""},"img":{"alt_text":"london-river","src":"https:\/\/i0.wp.com\/asurb.com\/asurb3\/wp-content\/uploads\/2016\/10\/london-river-300x125.jpg?resize=350%2C200&ssl=1","width":350,"height":200},"classes":[]}],"_links":{"self":[{"href":"https:\/\/asurb.com\/asurb3\/index.php?rest_route=\/wp\/v2\/pages\/2850","targetHints":{"allow":["GET"]}}],"collection":[{"href":"https:\/\/asurb.com\/asurb3\/index.php?rest_route=\/wp\/v2\/pages"}],"about":[{"href":"https:\/\/asurb.com\/asurb3\/index.php?rest_route=\/wp\/v2\/types\/page"}],"author":[{"embeddable":true,"href":"https:\/\/asurb.com\/asurb3\/index.php?rest_route=\/wp\/v2\/users\/1"}],"replies":[{"embeddable":true,"href":"https:\/\/asurb.com\/asurb3\/index.php?rest_route=%2Fwp%2Fv2%2Fcomments&post=2850"}],"version-history":[{"count":1,"href":"https:\/\/asurb.com\/asurb3\/index.php?rest_route=\/wp\/v2\/pages\/2850\/revisions"}],"predecessor-version":[{"id":2851,"href":"https:\/\/asurb.com\/asurb3\/index.php?rest_route=\/wp\/v2\/pages\/2850\/revisions\/2851"}],"up":[{"embeddable":true,"href":"https:\/\/asurb.com\/asurb3\/index.php?rest_route=\/wp\/v2\/pages\/26"}],"wp:attachment":[{"href":"https:\/\/asurb.com\/asurb3\/index.php?rest_route=%2Fwp%2Fv2%2Fmedia&parent=2850"}],"curies":[{"name":"wp","href":"https:\/\/api.w.org\/{rel}","templated":true}]}}