{"id":288,"date":"2016-06-04T20:39:20","date_gmt":"2016-06-04T19:39:20","guid":{"rendered":"http:\/\/www.test.asurb.com\/?page_id=288"},"modified":"2016-06-04T20:39:20","modified_gmt":"2016-06-04T19:39:20","slug":"la-nuit-de-la-verite","status":"publish","type":"page","link":"https:\/\/asurb.com\/asurb3\/?page_id=288","title":{"rendered":"La nuit de la v\u00e9rit\u00e9"},"content":{"rendered":"<p style=\"text-align: justify;\"><a href=\"https:\/\/i0.wp.com\/asurb.com\/asurb3\/wp-content\/uploads\/2016\/06\/Fanta_Regina_Nacro_Fiche.jpg?ssl=1\"><img data-recalc-dims=\"1\" loading=\"lazy\" decoding=\"async\" data-attachment-id=\"289\" data-permalink=\"https:\/\/asurb.com\/asurb3\/?attachment_id=289\" data-orig-file=\"https:\/\/i0.wp.com\/asurb.com\/asurb3\/wp-content\/uploads\/2016\/06\/Fanta_Regina_Nacro_Fiche.jpg?fit=250%2C138&amp;ssl=1\" data-orig-size=\"250,138\" data-comments-opened=\"1\" data-image-meta=\"{&quot;aperture&quot;:&quot;0&quot;,&quot;credit&quot;:&quot;&quot;,&quot;camera&quot;:&quot;&quot;,&quot;caption&quot;:&quot;&quot;,&quot;created_timestamp&quot;:&quot;0&quot;,&quot;copyright&quot;:&quot;&quot;,&quot;focal_length&quot;:&quot;0&quot;,&quot;iso&quot;:&quot;0&quot;,&quot;shutter_speed&quot;:&quot;0&quot;,&quot;title&quot;:&quot;&quot;,&quot;orientation&quot;:&quot;0&quot;}\" data-image-title=\"Fanta_Regina_Nacro_Fiche\" data-image-description=\"\" data-image-caption=\"\" data-large-file=\"https:\/\/i0.wp.com\/asurb.com\/asurb3\/wp-content\/uploads\/2016\/06\/Fanta_Regina_Nacro_Fiche.jpg?fit=250%2C138&amp;ssl=1\" class=\"size-full wp-image-289 alignnone\" src=\"https:\/\/i0.wp.com\/asurb.com\/asurb3\/wp-content\/uploads\/2016\/06\/Fanta_Regina_Nacro_Fiche.jpg?resize=250%2C138&#038;ssl=1\" alt=\"Fanta_Regina_Nacro_Fiche\" width=\"250\" height=\"138\" \/><\/a><\/p>\n<p style=\"text-align: justify;\"><strong>De Fanta R\u00e9gina NACRO &#8211; 100 min &#8211; Burkina Faso &#8211; 2004<\/strong><\/p>\n<p style=\"text-align: justify;\">Fiction &#8211; couleur &#8211; 35mm &#8211; version originale en fran\u00e7ais, moor\u00e9 et dioula sous-titr\u00e9e en fan\u00e7ais<br \/>\nSc\u00e9nario : Marc Gautron, Fanta R\u00e9gina Nacro ; Images : Nara K\u00e9o Kosal ; Montage : Andr\u00e9e Davanture ; Musique : Troupe Naba Yaadega, Sami Rama, Los Tres Amigos ; Son : Dana Farzanehpour ; Interpr\u00e9tation : Moussa Ciss\u00e9, Rasman\u00e9 Ouedraogo, Adama Ouedraougo, Georgette Par\u00e9, Naky Sy Savan\u00e9 ; Production : Les Films du D\u00e9fi (10 rue des Morands, 93360 Neuilly-Plaisance, tel, +33 1 43 00 31 85, fax +33 1 43 00 05 81) ; Distribution : Les Histoires Weba 14 rue des Rasselins, 75020 Paris, tel. +33 (0)1 40 09 06 00, fax +33 (0)1 43 56 76 75, site www.leshistoiresweba.com, courriel : info@leshistoiresweba.com<br \/>\nLe film a obtenu le Prix du sc\u00e9nario au Festival panafricain du Cin\u00e9ma et de la T\u00e9l\u00e9vision de Ouagadougou (FESPACO) 2005, le Grand Prix du Festival International de Films de Fribourg 2005, le Prix du Public au Festival International des Premiers Films d\u2019Annonay 2005, le Prix Montblanc du meilleur sc\u00e9nario au Festival International de San S\u00e9bastian 2004, le Prix Sceau de la Paix au Festival de Florence.<\/p>\n<h4 style=\"text-align: justify;\"><span style=\"color: #ff0000;\">Synopsis<\/span><\/h4>\n<p style=\"text-align: justify;\">Dans un pays imaginaire, les Nayaks et les Bonand\u00e9s se sont vou\u00e9 une guerre sans merci durant de longues ann\u00e9es. Ce soir-l\u00e0, le colonel des Bonand\u00e9s invite dans son village le pr\u00e9sident Nayak et sa femme, ainsi que leur garde rapproch\u00e9e. Repas r\u00e9unissant les sp\u00e9cialit\u00e9s de chaque peuple, musiciens pri\u00e9s de remiser les tambours de guerre au placard, rituels de bienvenue, cadeaux \u00e9chang\u00e9s, banderoles de r\u00e9conciliation : tout est fait pour que la nuit scelle la paix des armes et celle des c\u0153urs. Mais, au fil de la nuit, les blessures se rouvrent et les conflits renaissent dans l&rsquo;ombre. L&rsquo;\u00e9pouse du pr\u00e9sident n&rsquo;oublie pas que son fils a\u00een\u00e9 a \u00e9t\u00e9 massacr\u00e9 par les rebelles. La tension monte peu \u00e0 peu et tout semble se jouer sur le fil du rasoir.<br \/>\nLe film emprunte beaucoup \u00e0 la trag\u00e9die classique (unit\u00e9 de lieu et de temps) et les r\u00e9f\u00e9rences shakespeariennes sont clairement revendiqu\u00e9es : \u00ab Comment oublier la Yougoslavie, le Rwanda, le Burundi, le Soudan, le Za\u00efre, le Congo \u2026 mais aussi tant d&rsquo;autres pays du monde confront\u00e9s \u00e0 des guerres civiles ? Sur le th\u00e8me des rivalit\u00e9s ethniques, nous avons voulu \u00e9crire un drame shakespearien \u00bb (Fanta R\u00e9gina Nacro).<\/p>\n<h4 style=\"text-align: justify;\"><span style=\"color: #ff0000;\">La r\u00e9alisatrice<\/span><\/h4>\n<p style=\"text-align: justify;\">Fanta R\u00e9gina Nacro est n\u00e9e en 1962 \u00e0 Tenkodogo, au Burkina Faso. Elle \u00e9tudie le cin\u00e9ma \u00e0 l&rsquo;INAFEC (Ouagadougou) et \u00e0 Paris. Ses premiers courts-m\u00e9trages de fiction rencontrent un accueil tr\u00e8s favorable dans les festivals internationaux. \u00ab Un certain matin \u00bb (1992) est prim\u00e9 \u00e0 Carthage, Amiens, Fribourg, Milan, Montr\u00e9al. \u00ab Puk Nini \u00bb (1995) re\u00e7oit le Golden Gate Award, au 40\u00e8 Festival International de San Francisco. \u00ab Le truc de Konat\u00e9 \u00bb (1998) obtient le Grand Prix du Festival Cin\u00e9ma d\u2019Afrique \u00e0 Angers, le Tanit de bronze \u00e0 Carthage, et le 3\u00b0 prix au FESPACO 1999. \u00ab Bintou \u00bb (2001) re\u00e7oit le Prix Kodak du meilleur court-m\u00e9trage \u00e0 Cannes, Quinzaine des R\u00e9alisateurs 2001, le Grand Prix FESPACO et la Licorne d\u2019Or \u00e0 Amiens. En 2003, Fanta R\u00e9gina Nacro r\u00e9alise un documentaire, \u00ab Vivre positivement \u00bb, Prix UNICEF et OMS au FESPACO. \u00ab La nuit de la v\u00e9rit\u00e9 \u00bb est son premier long-m\u00e9trage.<\/p>\n","protected":false},"excerpt":{"rendered":"<p>De Fanta R\u00e9gina NACRO &#8211; 100 min &#8211; Burkina Faso &#8211; 2004 Fiction &#8211; couleur &#8211; 35mm &#8211; version originale en fran\u00e7ais, moor\u00e9 et dioula sous-titr\u00e9e en fan\u00e7ais Sc\u00e9nario : [&hellip;]<\/p>\n","protected":false},"author":1,"featured_media":0,"parent":26,"menu_order":0,"comment_status":"closed","ping_status":"closed","template":"","meta":{"footnotes":""},"class_list":["post-288","page","type-page","status-publish","hentry"],"jetpack_sharing_enabled":true,"jetpack_shortlink":"https:\/\/wp.me\/P7C6tF-4E","jetpack-related-posts":[{"id":513,"url":"https:\/\/asurb.com\/asurb3\/?page_id=513","url_meta":{"origin":288,"position":0},"title":"Programme 2009","author":"webmaster","date":"6 juin 2016","format":false,"excerpt":"Sommaire \u2022 S\u00e9ances ouvertes au public \u2022 S\u00e9ances r\u00e9serv\u00e9es aux scolaires \u2022 Membres du comit\u00e9 de parrainage \u2022 Remerciements \u2022 Pour se rendre sur les lieux \u2022 Les s\u00e9ances ouvertes au public Dimanche 15 novembre Soir\u00e9e Les pionniers du cin\u00e9ma nig\u00e9rien MJC Louise Michel - 94260 Fresnes 18h30 - BON\u2026","rel":"","context":"Article similaire","block_context":{"text":"Article similaire","link":""},"img":{"alt_text":"","src":"https:\/\/i0.wp.com\/asurb.com\/AsurB\/D_Images\/D_Gif_bl\/Blanc120.gif?resize=350%2C200&ssl=1","width":350,"height":200},"classes":[]},{"id":457,"url":"https:\/\/asurb.com\/asurb3\/?page_id=457","url_meta":{"origin":288,"position":1},"title":"Timpoko","author":"webmaster","date":"5 juin 2016","format":false,"excerpt":"De Serge Armel SAWADOGO - 14 min - Burkina Faso - 2008 Fiction - couleur - 35mm - version originale sous-titr\u00e9e en fran\u00e7ais Sc\u00e9nario : Serge Armel Sawadogo ; Image : Paul Djibila ; Montage : Marjorie Mirailh ; Musique : Aboubacar Sanfo ; Son : Issa Traor\u00e9 ; D\u00e9cor\u2026","rel":"","context":"Article similaire","block_context":{"text":"Article similaire","link":""},"img":{"alt_text":"Timpoko_Fiche2010","src":"https:\/\/i0.wp.com\/asurb.com\/asurb3\/wp-content\/uploads\/2016\/06\/Timpoko_Fiche2010.jpg?resize=350%2C200&ssl=1","width":350,"height":200},"classes":[]},{"id":535,"url":"https:\/\/asurb.com\/asurb3\/?page_id=535","url_meta":{"origin":288,"position":2},"title":"Programme 2010","author":"webmaster","date":"6 juin 2016","format":false,"excerpt":"Sommaire \u2022 S\u00e9ances ouvertes au public \u2022 S\u00e9ances scolaires \u2022 Partenaires \u2022 Membres du comit\u00e9 de parrainage \u2022 Remerciements \u2022 Pour se rendre sur les lieux \u2022 Les s\u00e9ances ouvertes au public Samedi 13 novembre Cin\u00e9ma La Pl\u00e9iade - 94230 Cachan 18h00 - L\u2019ABSENCE Long-m\u00e9trage de Mama KE\u00cfTA - 81\u2026","rel":"","context":"Article similaire","block_context":{"text":"Article similaire","link":""},"img":{"alt_text":"","src":"https:\/\/i0.wp.com\/asurb.com\/AsurB\/D_Images\/D_Gif_bl\/Blanc120.gif?resize=350%2C200&ssl=1","width":350,"height":200},"classes":[]},{"id":251,"url":"https:\/\/asurb.com\/asurb3\/?page_id=251","url_meta":{"origin":288,"position":3},"title":"Ke\u00efta, l&rsquo;h\u00e9ritage du griot","author":"webmaster","date":"4 juin 2016","format":false,"excerpt":"De Dani KOUYAT\u00c9 - 94 min - Burkina Faso - 1995 Fiction - couleur - 35mm - version originale en bambara (sous-titr\u00e9e en fran\u00e7ais) et fran\u00e7ais Sc\u00e9nario : Dani Kouyat\u00e9; Images : Robert Milli\u00e9 ; Montage : Zo\u00e9 Durouchoux ; Musique : Sotigui Kouyat\u00e9 ; Son : Pierre Mertens ;\u2026","rel":"","context":"Article similaire","block_context":{"text":"Article similaire","link":""},"img":{"alt_text":"Keita_Fiche","src":"https:\/\/i0.wp.com\/asurb.com\/asurb3\/wp-content\/uploads\/2016\/06\/Keita_Fiche.jpg?resize=350%2C200&ssl=1","width":350,"height":200},"classes":[]},{"id":110,"url":"https:\/\/asurb.com\/asurb3\/?page_id=110","url_meta":{"origin":288,"position":4},"title":"Festival 2009","author":"webmaster","date":"3 juin 2016","format":false,"excerpt":"Du 15 au 28 novembre 2009, l'association Afrique sur Bi\u00e8vre a organis\u00e9 la 3\u00e8me \u00e9dition du CINE REGARDS AFRICAINS \u2013 Films en Festival Dans quatre salles Cin\u00e9ma la Pl\u00e9iade - 94230 CACHAN Espace municipal Jean Vilar - 94110 ARCUEIL MJC de Fresnes - 94260 FRESNES Cin\u00e9ma la Tournelle - 94240\u2026","rel":"","context":"Article similaire","block_context":{"text":"Article similaire","link":""},"img":{"alt_text":"","src":"","width":0,"height":0},"classes":[]},{"id":435,"url":"https:\/\/asurb.com\/asurb3\/?page_id=435","url_meta":{"origin":288,"position":5},"title":"Sibi, l&rsquo;ame du violon","author":"webmaster","date":"5 juin 2016","format":false,"excerpt":"De Michel K. ZONGO - 38 min - Burkina Faso - 2010 Documentaire - couleur - DVD - version originale en moor\u00e9 sous-titr\u00e9e en fran\u00e7ais Sc\u00e9nario et Image : Michel K. Zongo ; Montage : Berni Goldblat ; Musique : Sibi Zongo, Smockey ; Son : Moumouni Jupiter Sodr\u00e9 ;\u2026","rel":"","context":"Article similaire","block_context":{"text":"Article similaire","link":""},"img":{"alt_text":"Sibi_Fiche","src":"https:\/\/i0.wp.com\/asurb.com\/asurb3\/wp-content\/uploads\/2016\/06\/Sibi_Fiche.jpg?resize=350%2C200&ssl=1","width":350,"height":200},"classes":[]}],"_links":{"self":[{"href":"https:\/\/asurb.com\/asurb3\/index.php?rest_route=\/wp\/v2\/pages\/288","targetHints":{"allow":["GET"]}}],"collection":[{"href":"https:\/\/asurb.com\/asurb3\/index.php?rest_route=\/wp\/v2\/pages"}],"about":[{"href":"https:\/\/asurb.com\/asurb3\/index.php?rest_route=\/wp\/v2\/types\/page"}],"author":[{"embeddable":true,"href":"https:\/\/asurb.com\/asurb3\/index.php?rest_route=\/wp\/v2\/users\/1"}],"replies":[{"embeddable":true,"href":"https:\/\/asurb.com\/asurb3\/index.php?rest_route=%2Fwp%2Fv2%2Fcomments&post=288"}],"version-history":[{"count":1,"href":"https:\/\/asurb.com\/asurb3\/index.php?rest_route=\/wp\/v2\/pages\/288\/revisions"}],"predecessor-version":[{"id":290,"href":"https:\/\/asurb.com\/asurb3\/index.php?rest_route=\/wp\/v2\/pages\/288\/revisions\/290"}],"up":[{"embeddable":true,"href":"https:\/\/asurb.com\/asurb3\/index.php?rest_route=\/wp\/v2\/pages\/26"}],"wp:attachment":[{"href":"https:\/\/asurb.com\/asurb3\/index.php?rest_route=%2Fwp%2Fv2%2Fmedia&parent=288"}],"curies":[{"name":"wp","href":"https:\/\/api.w.org\/{rel}","templated":true}]}}

La nuit de la vérité

<p style="text-align: justify;"><a href="https://i0.wp.com/asurb.com/asurb3/wp-content/uploads/2016/06/Fanta_Regina_Nacro_Fiche.jpg?ssl=1"><img data-recalc-dims="1" loading="lazy" decoding="async" data-attachment-id="289" data-permalink="https://asurb.com/asurb3/?attachment_id=289" data-orig-file="https://i0.wp.com/asurb.com/asurb3/wp-content/uploads/2016/06/Fanta_Regina_Nacro_Fiche.jpg?fit=250%2C138&amp;ssl=1" data-orig-size="250,138" data-comments-opened="1" data-image-meta="{&quot;aperture&quot;:&quot;0&quot;,&quot;credit&quot;:&quot;&quot;,&quot;camera&quot;:&quot;&quot;,&quot;caption&quot;:&quot;&quot;,&quot;created_timestamp&quot;:&quot;0&quot;,&quot;copyright&quot;:&quot;&quot;,&quot;focal_length&quot;:&quot;0&quot;,&quot;iso&quot;:&quot;0&quot;,&quot;shutter_speed&quot;:&quot;0&quot;,&quot;title&quot;:&quot;&quot;,&quot;orientation&quot;:&quot;0&quot;}" data-image-title="Fanta_Regina_Nacro_Fiche" data-image-description="" data-image-caption="" data-large-file="https://i0.wp.com/asurb.com/asurb3/wp-content/uploads/2016/06/Fanta_Regina_Nacro_Fiche.jpg?fit=250%2C138&amp;ssl=1" class="size-full wp-image-289 alignnone" src="https://i0.wp.com/asurb.com/asurb3/wp-content/uploads/2016/06/Fanta_Regina_Nacro_Fiche.jpg?resize=250%2C138&#038;ssl=1" alt="Fanta_Regina_Nacro_Fiche" width="250" height="138" /></a></p>
<p style="text-align: justify;"><strong>De Fanta Régina NACRO &#8211; 100 min &#8211; Burkina Faso &#8211; 2004</strong></p>
<p style="text-align: justify;">Fiction &#8211; couleur &#8211; 35mm &#8211; version originale en français, mooré et dioula sous-titrée en fançais<br />
Scénario : Marc Gautron, Fanta Régina Nacro ; Images : Nara Kéo Kosal ; Montage : Andrée Davanture ; Musique : Troupe Naba Yaadega, Sami Rama, Los Tres Amigos ; Son : Dana Farzanehpour ; Interprétation : Moussa Cissé, Rasmané Ouedraogo, Adama Ouedraougo, Georgette Paré, Naky Sy Savané ; Production : Les Films du Défi (10 rue des Morands, 93360 Neuilly-Plaisance, tel, +33 1 43 00 31 85, fax +33 1 43 00 05 81) ; Distribution : Les Histoires Weba 14 rue des Rasselins, 75020 Paris, tel. +33 (0)1 40 09 06 00, fax +33 (0)1 43 56 76 75, site www.leshistoiresweba.com, courriel : info@leshistoiresweba.com<br />
Le film a obtenu le Prix du scénario au Festival panafricain du Cinéma et de la Télévision de Ouagadougou (FESPACO) 2005, le Grand Prix du Festival International de Films de Fribourg 2005, le Prix du Public au Festival International des Premiers Films d’Annonay 2005, le Prix Montblanc du meilleur scénario au Festival International de San Sébastian 2004, le Prix Sceau de la Paix au Festival de Florence.</p>
<h4 style="text-align: justify;"><span style="color: #ff0000;">Synopsis</span></h4>
<p style="text-align: justify;">Dans un pays imaginaire, les Nayaks et les Bonandés se sont voué une guerre sans merci durant de longues années. Ce soir-là, le colonel des Bonandés invite dans son village le président Nayak et sa femme, ainsi que leur garde rapprochée. Repas réunissant les spécialités de chaque peuple, musiciens priés de remiser les tambours de guerre au placard, rituels de bienvenue, cadeaux échangés, banderoles de réconciliation : tout est fait pour que la nuit scelle la paix des armes et celle des cœurs. Mais, au fil de la nuit, les blessures se rouvrent et les conflits renaissent dans l&rsquo;ombre. L&rsquo;épouse du président n&rsquo;oublie pas que son fils aîné a été massacré par les rebelles. La tension monte peu à peu et tout semble se jouer sur le fil du rasoir.<br />
Le film emprunte beaucoup à la tragédie classique (unité de lieu et de temps) et les références shakespeariennes sont clairement revendiquées : « Comment oublier la Yougoslavie, le Rwanda, le Burundi, le Soudan, le Zaïre, le Congo … mais aussi tant d&rsquo;autres pays du monde confrontés à des guerres civiles ? Sur le thème des rivalités ethniques, nous avons voulu écrire un drame shakespearien » (Fanta Régina Nacro).</p>
<h4 style="text-align: justify;"><span style="color: #ff0000;">La réalisatrice</span></h4>
<p style="text-align: justify;">Fanta Régina Nacro est née en 1962 à Tenkodogo, au Burkina Faso. Elle étudie le cinéma à l&rsquo;INAFEC (Ouagadougou) et à Paris. Ses premiers courts-métrages de fiction rencontrent un accueil très favorable dans les festivals internationaux. « Un certain matin » (1992) est primé à Carthage, Amiens, Fribourg, Milan, Montréal. « Puk Nini » (1995) reçoit le Golden Gate Award, au 40è Festival International de San Francisco. « Le truc de Konaté » (1998) obtient le Grand Prix du Festival Cinéma d’Afrique à Angers, le Tanit de bronze à Carthage, et le 3° prix au FESPACO 1999. « Bintou » (2001) reçoit le Prix Kodak du meilleur court-métrage à Cannes, Quinzaine des Réalisateurs 2001, le Grand Prix FESPACO et la Licorne d’Or à Amiens. En 2003, Fanta Régina Nacro réalise un documentaire, « Vivre positivement », Prix UNICEF et OMS au FESPACO. « La nuit de la vérité » est son premier long-métrage.</p>

<p>De Fanta Régina NACRO &#8211; 100 min &#8211; Burkina Faso &#8211; 2004 Fiction &#8211; couleur &#8211; 35mm &#8211; version originale en français, mooré et dioula sous-titrée en fançais Scénario : [&hellip;]</p>

Sommaire • Séances ouvertes au public • Séances réservées aux scolaires • Membres du comité de parrainage • Remerciements • Pour se rendre sur les lieux • Les séances ouvertes au public Dimanche 15 novembre Soirée Les pionniers du cinéma nigérien MJC Louise Michel - 94260 Fresnes 18h30 - BON…

De Serge Armel SAWADOGO - 14 min - Burkina Faso - 2008 Fiction - couleur - 35mm - version originale sous-titrée en français Scénario : Serge Armel Sawadogo ; Image : Paul Djibila ; Montage : Marjorie Mirailh ; Musique : Aboubacar Sanfo ; Son : Issa Traoré ; Décor…

Sommaire • Séances ouvertes au public • Séances scolaires • Partenaires • Membres du comité de parrainage • Remerciements • Pour se rendre sur les lieux • Les séances ouvertes au public Samedi 13 novembre Cinéma La Pléiade - 94230 Cachan 18h00 - L’ABSENCE Long-métrage de Mama KEÏTA - 81…

Keïta, l&rsquo;héritage du griot

De Dani KOUYATÉ - 94 min - Burkina Faso - 1995 Fiction - couleur - 35mm - version originale en bambara (sous-titrée en français) et français Scénario : Dani Kouyaté; Images : Robert Millié ; Montage : Zoé Durouchoux ; Musique : Sotigui Kouyaté ; Son : Pierre Mertens ;…

Du 15 au 28 novembre 2009, l'association Afrique sur Bièvre a organisé la 3ème édition du CINE REGARDS AFRICAINS – Films en Festival Dans quatre salles Cinéma la Pléiade - 94230 CACHAN Espace municipal Jean Vilar - 94110 ARCUEIL MJC de Fresnes - 94260 FRESNES Cinéma la Tournelle - 94240…

De Michel K. ZONGO - 38 min - Burkina Faso - 2010 Documentaire - couleur - DVD - version originale en mooré sous-titrée en français Scénario et Image : Michel K. Zongo ; Montage : Berni Goldblat ; Musique : Sibi Zongo, Smockey ; Son : Moumouni Jupiter Sodré ;…
