{"id":2982,"date":"2021-08-30T17:09:31","date_gmt":"2021-08-30T15:09:31","guid":{"rendered":"https:\/\/asurb.com\/asurb3\/?page_id=2982"},"modified":"2021-08-30T17:09:31","modified_gmt":"2021-08-30T15:09:31","slug":"buddah-in-africa","status":"publish","type":"page","link":"https:\/\/asurb.com\/asurb3\/?page_id=2982","title":{"rendered":"Buddah in Africa"},"content":{"rendered":"<p><strong>\u00a0<\/strong>De Nicole SCHAFER &#8211;\u00a0\u00a0 Afrique du Sud\/Su\u00e8de -2019 &#8211; 90min \u2013 documentaire &#8211; couleur \u2013 VOSTF<\/p>\n<p>Auteur-r\u00e9alisateur\u00a0: Nicole Schafer \u2013 Image\u00a0: Grant Greenberg \u2013 Son\u00a0: Ted Krotkienwski \u2013 Montage\u00a0: \u00a0Mary Stephen, Bernhard Winkler, Nicole Schafer, Catherine Meyburgh \u2013 Production\/Diffusion\u00a0: Nicole Schafer, David Herdies, Thinking String Media, Momento Film \u2013 Distributeurs\u00a0: CAT &amp; Docs\u00a0; Contacts\u00a0: Catherine LE CLEF, cat@catndocs, Aleksandra Derewienko,aleksandra@catndocs.com,.Festivals: Maelle Guenegues, <a href=\"mailto:maelle@catndocs.com\">maelle@catndocs.com<\/a>,Tel+33 1 44 61 77 48 www.catndocs.com<\/p>\n<p><strong>S\u00e9lections\u00a0<\/strong>: 2021 : Festival des cin\u00e9mas d&rsquo;Afrique du pays d\u2019Apt.\u00a0\u00a0\u00a0\u00a0\u00a0\u00a0\u00a0\u00a0\u00a0\u00a0\u00a0\u00a0\u00a0\u00a0\u00a0\u00a0\u00a0\u00a0\u00a0\u00a0\u00a0\u00a0\u00a0 2020 : Black Movie &#8211; Festival International de Films Ind\u00e9pendants &#8211; Gen\u00e8ve\u00a0\u00a0\u00a0\u00a0\u00a0\u00a0\u00a0 2019\u00a0: festivals de Sydney, Toronto et Durban<\/p>\n<p style=\"text-align: justify;\">\n<h4 style=\"text-align: justify;\"><span style=\"color: #ff0000;\">Synopsis\u00a0<\/span><\/h4>\n<p style=\"text-align: justify;\">Dans un orphelinat chinois taiwanais install\u00e9 en Afrique, l\u2019Amitofo Care Centre (ACC), le film suit Enock Alu, un adolescent malawite venu d\u2019un milieu rural. Il est tiraill\u00e9 entre sa culture traditionnelle musulmane et le syst\u00e8me de valeurs bouddhiste confucianiste inculqu\u00e9 avec une grande rigueur depuis ses sept ans. \u00a0Devenu la star du lieu, parlant mandarin, ayant r\u00e9alis\u00e9 son r\u00eave de devenir un roi du kung-fu et arriv\u00e9 au bout de ses \u00e9tudes, Enock doit prendre une d\u00e9cision. \u00c0 l\u2019occasion de son retour au village natal, son d\u00e9chirement s\u2019accentue. Reviendra-t-il vers sa famille ou poursuivra-t-il des \u00e9tudes \u00e0 Taiwan\u00a0?<br \/>\nOn connait la politique active d\u2019implantation \u00e9conomique des Chinois en Afrique mais moins la tentative d\u2019y introduire de fa\u00e7on durable l\u2019\u00e9ducation et les valeurs bouddhistes et confucianistes d\u00e9crite dans ce film original, sujet rarement trait\u00e9. Les cr\u00e9ations de nombreux orphelinats bouddhistes chinois semblent relever d\u2019une action caritative g\u00e9n\u00e9reuse mais elles sont toujours orient\u00e9es vers une transformation de la langue maternelle et de l\u2019orientation religieuse pour les futures populations. On peut les soup\u00e7onner de vouloir se substituer \u00e0 l\u2019\u00e9vang\u00e9lisation occidentale du temps de la colonisation pour s\u2019assurer \u00e0 terme une influence culturelle non d\u00e9sint\u00e9ress\u00e9e sur le continent africain..<\/p>\n<h4 style=\"text-align: justify;\"><span style=\"color: #ff0000;\">La r\u00e9alisatrice<\/span><\/h4>\n<p>Ecrivaine, journaliste, \u00e9ditrice, productrice et cin\u00e9aste, Nicole Schafer est n\u00e9e en 1980 en Afrique du Sud. Elle a travaill\u00e9 au Malawi en tant que journaliste et collabor\u00e9 \u00e0 la chaine sportive sud-africaine, Supersport. En 2011, son court m\u00e9trage, Hommage to the Buddha \u2013 of Africa, est s\u00e9lectionn\u00e9 au Festival international du film \u00e0 Rotterdam. Le long m\u00e9trage a \u00e9t\u00e9 tourn\u00e9 en quatre ans et mont\u00e9 en trois ann\u00e9es.<\/p>\n","protected":false},"excerpt":{"rendered":"<p>\u00a0De Nicole SCHAFER &#8211;\u00a0\u00a0 Afrique du Sud\/Su\u00e8de -2019 &#8211; 90min \u2013 documentaire &#8211; couleur \u2013 VOSTF Auteur-r\u00e9alisateur\u00a0: Nicole Schafer \u2013 Image\u00a0: Grant Greenberg \u2013 Son\u00a0: Ted Krotkienwski \u2013 Montage\u00a0: \u00a0Mary [&hellip;]<\/p>\n","protected":false},"author":1,"featured_media":0,"parent":26,"menu_order":0,"comment_status":"closed","ping_status":"closed","template":"","meta":{"footnotes":""},"class_list":["post-2982","page","type-page","status-publish","hentry"],"jetpack_sharing_enabled":true,"jetpack_shortlink":"https:\/\/wp.me\/P7C6tF-M6","jetpack-related-posts":[{"id":4452,"url":"https:\/\/asurb.com\/asurb3\/?page_id=4452","url_meta":{"origin":2982,"position":0},"title":"Catherine Ruelle","author":"webmaster","date":"6 d\u00e9cembre 2024","format":false,"excerpt":"Catherine Ruelle est grand reporter, critique de cin\u00e9ma et auteure, sp\u00e9cialiste des cin\u00e9mas d\u2019Afrique, du monde arabe et de l\u2019Am\u00e9rique latine.Apr\u00e8s des \u00e9tudes de sciences politiques et d\u2019histoire, elle entre \u00e0 Radio France Internationale dans les ann\u00e9es 1970. Elle a \u00e9t\u00e9 responsable, de 1973 \u00e0 mars 2012, de la rubrique\u2026","rel":"","context":"Article similaire","block_context":{"text":"Article similaire","link":""},"img":{"alt_text":"","src":"https:\/\/i0.wp.com\/asurb.com\/asurb3\/wp-content\/uploads\/2024\/12\/Catherine-Ruelle-200x300.jpg?resize=350%2C200&ssl=1","width":350,"height":200},"classes":[]},{"id":427,"url":"https:\/\/asurb.com\/asurb3\/?page_id=427","url_meta":{"origin":2982,"position":1},"title":"Rocket man","author":"webmaster","date":"5 juin 2016","format":false,"excerpt":"Afrique du Sud \u2013 2010 \u2013fiction \u2013 12 min \u2013 couleur \u2013 VO anglais STFR Ce film a \u00e9t\u00e9 pr\u00e9sent\u00e9 dans de nombreux festivals internationaux de courts m\u00e9trages. Il a remport\u00e9 le prix de l\u2019Impossible Film Contest \u00e0 Cannes en 2011 ( comp\u00e9tition Short film corner \u2013 Daazo) R\u00e9alisation :\u2026","rel":"","context":"Article similaire","block_context":{"text":"Article similaire","link":""},"img":{"alt_text":"ROCKET_Fiche","src":"https:\/\/i0.wp.com\/asurb.com\/asurb3\/wp-content\/uploads\/2016\/06\/ROCKET_Fiche.jpg?resize=350%2C200&ssl=1","width":350,"height":200},"classes":[]},{"id":2953,"url":"https:\/\/asurb.com\/asurb3\/?page_id=2953","url_meta":{"origin":2982,"position":2},"title":"Festival 2019","author":"webmaster","date":"30 ao\u00fbt 2021","format":false,"excerpt":"Du\u00a0vendredi 22 novembre au dimanche 1er d\u00e9cembre\u00a02019, l'association Afrique sur Bi\u00e8vre organise la 13\u00e8me \u00e9dition du CINE REGARDS AFRICAINS \u2013 Films en Festival En Val de Bi\u00e8vre, dans les villes d'Antony, Arcueil,\u00a0 Cachan, Gentilly,\u00a0l'Ha\u00ff-les-Roses et Villejuif. Des courts-m\u00e9trages et des longs-m\u00e9trages de r\u00e9alisateurs africains, suivis de d\u00e9bats avec le public\u2026\u2026","rel":"","context":"Article similaire","block_context":{"text":"Article similaire","link":""},"img":{"alt_text":"","src":"","width":0,"height":0},"classes":[]},{"id":927,"url":"https:\/\/asurb.com\/asurb3\/?page_id=927","url_meta":{"origin":2982,"position":3},"title":"Festival 2016","author":"webmaster","date":"5 octobre 2016","format":false,"excerpt":"Du 18 au 27 novembre 2016, l'association Afrique sur Bi\u00e8vre organise la 10\u00e8me \u00e9dition du CINE REGARDS AFRICAINS \u2013 Films en Festival En Val de Bi\u00e8vre, dans les villes de l'Ha\u00ff-les-Roses, Cachan, Fresnes, Gentilly, Arcueil et Villejuif Des courts-m\u00e9trages et des longs-m\u00e9trages de r\u00e9alisateurs africains, suivis de d\u00e9bats avec le\u2026","rel":"","context":"Article similaire","block_context":{"text":"Article similaire","link":""},"img":{"alt_text":"","src":"","width":0,"height":0},"classes":[]},{"id":123,"url":"https:\/\/asurb.com\/asurb3\/?page_id=123","url_meta":{"origin":2982,"position":4},"title":"Festival 2014","author":"webmaster","date":"3 juin 2016","format":false,"excerpt":"Du 21 au 29 novembre 2014, l'association Afrique sur Bi\u00e8vre organise la 8\u00e8me \u00e9dition du CINE REGARDS AFRICAINS \u2013 Films en Festival En Val de Bi\u00e8vre, dans les villes de l'Ha\u00ff-les-Roses, Cachan, Fresnes, Gentilly, Arcueil et Villejuif Des courts-m\u00e9trages et des longs-m\u00e9trages de r\u00e9alisateurs africains, suivis de d\u00e9bats avec le\u2026","rel":"","context":"Article similaire","block_context":{"text":"Article similaire","link":""},"img":{"alt_text":"","src":"","width":0,"height":0},"classes":[]},{"id":3050,"url":"https:\/\/asurb.com\/asurb3\/?page_id=3050","url_meta":{"origin":2982,"position":5},"title":"Festival 2021","author":"webmaster","date":"10 octobre 2021","format":false,"excerpt":"Du\u00a0vendredi 27 novembre au dimanche 05 d\u00e9cembre\u00a02021, l'association Afrique sur Bi\u00e8vre organise la 14\u00e8me \u00e9dition du Festival CINE REGARDS AFRICAINS. En Val de Bi\u00e8vre, dans les villes de l'Ha\u00ff-les-Roses, Cachan, Gentilly, Arcueil, Villejuif et aussi \u00e0 Antony Des courts-m\u00e9trages et des longs-m\u00e9trages de r\u00e9alisateurs africains, suivis de d\u00e9bats avec le\u2026","rel":"","context":"Article similaire","block_context":{"text":"Article similaire","link":""},"img":{"alt_text":"","src":"","width":0,"height":0},"classes":[]}],"_links":{"self":[{"href":"https:\/\/asurb.com\/asurb3\/index.php?rest_route=\/wp\/v2\/pages\/2982","targetHints":{"allow":["GET"]}}],"collection":[{"href":"https:\/\/asurb.com\/asurb3\/index.php?rest_route=\/wp\/v2\/pages"}],"about":[{"href":"https:\/\/asurb.com\/asurb3\/index.php?rest_route=\/wp\/v2\/types\/page"}],"author":[{"embeddable":true,"href":"https:\/\/asurb.com\/asurb3\/index.php?rest_route=\/wp\/v2\/users\/1"}],"replies":[{"embeddable":true,"href":"https:\/\/asurb.com\/asurb3\/index.php?rest_route=%2Fwp%2Fv2%2Fcomments&post=2982"}],"version-history":[{"count":1,"href":"https:\/\/asurb.com\/asurb3\/index.php?rest_route=\/wp\/v2\/pages\/2982\/revisions"}],"predecessor-version":[{"id":2983,"href":"https:\/\/asurb.com\/asurb3\/index.php?rest_route=\/wp\/v2\/pages\/2982\/revisions\/2983"}],"up":[{"embeddable":true,"href":"https:\/\/asurb.com\/asurb3\/index.php?rest_route=\/wp\/v2\/pages\/26"}],"wp:attachment":[{"href":"https:\/\/asurb.com\/asurb3\/index.php?rest_route=%2Fwp%2Fv2%2Fmedia&parent=2982"}],"curies":[{"name":"wp","href":"https:\/\/api.w.org\/{rel}","templated":true}]}}