{"id":3017,"date":"2021-09-02T17:47:34","date_gmt":"2021-09-02T15:47:34","guid":{"rendered":"https:\/\/asurb.com\/asurb3\/?page_id=3017"},"modified":"2021-09-02T17:47:34","modified_gmt":"2021-09-02T15:47:34","slug":"les-tissus-blancs-ser-bi","status":"publish","type":"page","link":"https:\/\/asurb.com\/asurb3\/?page_id=3017","title":{"rendered":"Les tissus blancs (Ser Bi)"},"content":{"rendered":"<p><strong>De\u00a0<\/strong>\u00a0<strong>Moly Kane \u2013 S\u00e9n\u00e9gal \/France &#8211; 2020\u2013 20 min \u2013 fiction \u2013 couleur \u2013 VO\u00a0wolof STF .<\/strong><\/p>\n<p>Sc\u00e9nario : Moly Kane &amp; Emma Cascales &amp; Romain Le Bonniec \u00a0&#8211;\u00a0 Image\u00a0:Romain Le Bonniec &#8211; Son\u00a0: Michel Tsagli \u2013 Montage son\u00a0: Rym Debbarh-Mounir \u2013 Montage\u00a0: C\u00e9cile Dessertine &#8211;\u00a0 Musique\u00a0: Cheik Seye &#8211;<br \/>\nProduction : Films Grand Huit \u2013 Coproduction Babubu films ; soutien du Fonds Image de la Francophonie<\/p>\n<p>Site web : filmsgrandhuit.com\/portfolio\/les-tissus-blancs-2\/ Court-m\u00e9trage &#8211; Num\u00e9ro de visa : 151.474 (d\u00e9livr\u00e9 le : 01\/09\/2020)<\/p>\n<p>Contact presse &amp; distribution\u00a0:FILMS GRAND HUIT, Juliette Louchart +33 6 37 88 49 55 &#8211; \u00a0\u00a0<a href=\"mailto:juliette@filmsgrandhuit.com\">juliette@filmsgrandhuit.com<\/a> \u2013<br \/>\n<a href=\"https:\/\/vimeo.com\/394401843\">https:\/\/vimeo.com\/394401843<\/a>\u00a0 MDP : s\u00ebrbi<\/p>\n<p>&nbsp;<\/p>\n<h4><span style=\"color: #ff0000;\">Synopsis<\/span><\/h4>\n<p>Demain, Zuzana se marie. Dor\u00e9navant, chaque minute compte pour effacer son pass\u00e9 et devenir la femme qu\u2019on attend d\u2019elle.<\/p>\n<p><strong>Olivier<\/strong> <strong>Barlet, bilan Clermont-Ferrand 2021<\/strong> \u00ab\u00a0L\u2019un des courts les plus marquants est <em>Les Tissus blancs (S\u00ebr bi)<\/em>du S\u00e9n\u00e9galais Moly Kane (s\u00e9lection Regards d\u2019Afrique et donc hors comp\u00e9tition, ce qui renforce l\u2019ambigu\u00eft\u00e9 chaque ann\u00e9e r\u00e9p\u00e9t\u00e9e de cette sous-s\u00e9lection ghetto\u00efsante). Zuzana (Madjigu\u00e8ne Seck) va se marier mais, d\u00e9masqu\u00e9e et confront\u00e9e \u00e0 la fureur de sa m\u00e8re, elle doit en urgence redevenir la femme qu\u2019on attend d\u2019elle\u2026 Parcourant Pikine, elle cherche partout la solution, la cam\u00e9ra ne la quitte pas, toujours proche, nous sommes avec elle. Sans hyst\u00e9rie, en ma\u00eetrise, le rythme est soutenu, autant que sa d\u00e9termination. Est-elle pr\u00eate \u00e0 se mettre en danger pour \u00e9viter le rejet familial ? Nous percevons combien elle est coinc\u00e9e, \u00e0 la merci des charlatans. Elle n\u2019est pas dupe pour autant, juste lucide sur sa condition L\u2019homme est l\u00e0, bien s\u00fbr. Ousmane, l\u2019ancien amant de Zuzana, ne l\u2019abandonne pas mais est pr\u00eat \u00e0 lui faire prendre des risques. Le respect de la tradition implique une soumission\u2026\u00a0\u00bb<\/p>\n<p><strong>\u00a0<\/strong><\/p>\n<h4><span style=\"color: #ff0000;\"><br \/>\nLe r\u00e9alisateur<\/span><\/h4>\n<p>R\u00e9alisateur, Acteur, Dialoguiste, Sc\u00e9nariste et Producteur s\u00e9n\u00e9galais.<br \/>\nMoly Kane est n\u00e9 \u00e0 Pikine, au S\u00e9n\u00e9gal, en 1986. Il a suivi une formation en \u00e9criture audiovisuelle au S\u00e9n\u00e9gal (en 2008) ainsi qu\u2019une courte formation \u00e0 la F\u00e9mis. Il est membre fondateur du festival Cin\u00e9 banlieue ainsi que le cr\u00e9ateur de la maison de production <b>Babubu films<\/b>. Il est \u00e9galement nomm\u00e9 chevalier de l\u2019ordre national du m\u00e9rite s\u00e9n\u00e9galais. En 2016, il est dipl\u00f4m\u00e9 de l\u2019universit\u00e9 des Antilles Guyane de la Martinique (DAEU Option art et culture).<br \/>\nSon premier Court m\u00e9trage <em>Moly<\/em> est produit en 2011 par Euzhan Palcy et projet\u00e9 au Festival de Cannes en 2011 dans la section Cannes Classics. En 2013, il obtient le prix du meilleur court m\u00e9trage fiction de l\u2019Union Economique Mon\u00e9taire Ouest Africaine au Festival Panafricain du Cin\u00e9ma et de la T\u00e9l\u00e9vision de Ouagadougou (Burkina Faso), deux prix en France (prix du public et des d\u00e9tenus de la maison d\u2019arr\u00eat d\u2019Angers) au Festival Cin\u00e9mas d\u2019Afrique \u00e0 Angers ainsi que le prix du meilleur court m\u00e9trage fiction au Festival Image et Vie de Dakar (S\u00e9n\u00e9gal).<br \/>\nSon second Film <em>Muruna<\/em>, est produit en 2015 par Babubu Film Production. Il a \u00e9t\u00e9 s\u00e9lectionn\u00e9 au FESPACO en 2015 et a remport\u00e9 le Grand Prix du jury au Festival Cin\u00e9mas Droits Humains d\u2019Amnesty International Paris.<br \/>\nAu cours de ces plusieurs ann\u00e9es d\u2019exp\u00e9riences, il a r\u00e9alis\u00e9 deux documentaires, dont un \u00e0 Paris, <em>Vivons ensemble<\/em> et un \u00e0 Dakar, <em>Guinaw Rails au bout<\/em>. Il a \u00e9galement particip\u00e9 \u00e0 plusieurs projets cin\u00e9matographiques en tant qu\u2019assistant r\u00e9alisateur et chef de projet en France, Allemagne, Roumanie, S\u00e9n\u00e9gal.<br \/>\nSon troisi\u00e8me de court m\u00e9trage, <em>Goom bi \/ La Plaie<\/em> (2018), est nomin\u00e9 (s\u00e9lection nationale S\u00e9n\u00e9gal) au Festival Clap Ivoire 2018 (Abidjan).<\/p>\n<p>Il est pr\u00e9sident du festival international de courts-m\u00e9trages Dakar Court.<\/p>\n","protected":false},"excerpt":{"rendered":"<p>De\u00a0\u00a0Moly Kane \u2013 S\u00e9n\u00e9gal \/France &#8211; 2020\u2013 20 min \u2013 fiction \u2013 couleur \u2013 VO\u00a0wolof STF . Sc\u00e9nario : Moly Kane &amp; Emma Cascales &amp; Romain Le Bonniec \u00a0&#8211;\u00a0 Image\u00a0:Romain [&hellip;]<\/p>\n","protected":false},"author":1,"featured_media":0,"parent":26,"menu_order":0,"comment_status":"closed","ping_status":"closed","template":"","meta":{"footnotes":""},"class_list":["post-3017","page","type-page","status-publish","hentry"],"jetpack_sharing_enabled":true,"jetpack_shortlink":"https:\/\/wp.me\/P7C6tF-MF","jetpack-related-posts":[{"id":398,"url":"https:\/\/asurb.com\/asurb3\/?page_id=398","url_meta":{"origin":3017,"position":0},"title":"On ne mourra pas","author":"webmaster","date":"5 juin 2016","format":false,"excerpt":"Alg\u00e9rie - 2010 - fiction - 20 min - couleur - VO arabe STFR Prix du court-m\u00e9trage Apt 2010, Grand Prix du Jury et Mention Sp\u00e9ciale du Jury Jeune \u00e0 Aix-en-Provence 2010, Prix du Jury France T\u00e9l\u00e9visions Clermont-Ferrand 2011, Prix du Public Festival Cin\u00e9Sud du court m\u00e9trage africain 2012 R\u00e9alisation\u2026","rel":"","context":"Article similaire","block_context":{"text":"Article similaire","link":""},"img":{"alt_text":"On_ne_mourra_pas_Fiche","src":"https:\/\/i0.wp.com\/asurb.com\/asurb3\/wp-content\/uploads\/2016\/06\/On_ne_mourra_pas_Fiche.jpg?resize=350%2C200&ssl=1","width":350,"height":200},"classes":[]},{"id":1883,"url":"https:\/\/asurb.com\/asurb3\/?page_id=1883","url_meta":{"origin":3017,"position":1},"title":"Maman(s)","author":"webmaster","date":"29 novembre 2017","format":false,"excerpt":"De Ma\u00efmouna DOUCOURE France\/S\u00e9n\u00e9gal -2015 \u2013 21 min - fiction \u2013 couleur \u2013 VO fran\u00e7ais Sc\u00e9nario\u00a0: Ma\u00efmouna Doucour\u00e9 \u2013 Image\u00a0: Yann Maritaud \u2013 Son\u00a0: Cl\u00e9ment Mal\u00e9o \u2013 Montage\u00a0: Sonia Franco \u2013 Musique\u00a0: Viviane N\u2019Dour \u2013 Interpr\u00e9tation\u00a0: Sokhna Diallo, Ma\u00efmouna Gueye, Abdoulaye-Azize Diabat\u00e9, Mareme N\u2019Diaye, Eriq Ebouaney Production\/Distribution\u00a0: Zangro \u2013 Bien\u2026","rel":"","context":"Article similaire","block_context":{"text":"Article similaire","link":""},"img":{"alt_text":"","src":"","width":0,"height":0},"classes":[]},{"id":3032,"url":"https:\/\/asurb.com\/asurb3\/?page_id=3032","url_meta":{"origin":3017,"position":2},"title":"Le d\u00e9part","author":"webmaster","date":"17 septembre 2021","format":false,"excerpt":"De\u00a0 Sa\u00efd Hamich \u2013 France\/Maroc \u2013 2020 \u2013 25 min \u2013 fiction \u2013 couleur - VO arabe\/fran\u00e7ais - N\u00b0de visa : 152.990 Sc\u00e9nario\u00a0: Sa\u00efd Hamich \u2013 Image\u00a0: Marine Atlan - Son\u00a0: Hugo Deguillard \u2013 Montage son\u00a0: Margot Testemale - Montage : Xavier Sirven - Musique : Vitor Ara\u00fajo \u2013 Interpr\u00e9tation\u2026","rel":"","context":"Article similaire","block_context":{"text":"Article similaire","link":""},"img":{"alt_text":"","src":"","width":0,"height":0},"classes":[]},{"id":457,"url":"https:\/\/asurb.com\/asurb3\/?page_id=457","url_meta":{"origin":3017,"position":3},"title":"Timpoko","author":"webmaster","date":"5 juin 2016","format":false,"excerpt":"De Serge Armel SAWADOGO - 14 min - Burkina Faso - 2008 Fiction - couleur - 35mm - version originale sous-titr\u00e9e en fran\u00e7ais Sc\u00e9nario : Serge Armel Sawadogo ; Image : Paul Djibila ; Montage : Marjorie Mirailh ; Musique : Aboubacar Sanfo ; Son : Issa Traor\u00e9 ; D\u00e9cor\u2026","rel":"","context":"Article similaire","block_context":{"text":"Article similaire","link":""},"img":{"alt_text":"Timpoko_Fiche2010","src":"https:\/\/i0.wp.com\/asurb.com\/asurb3\/wp-content\/uploads\/2016\/06\/Timpoko_Fiche2010.jpg?resize=350%2C200&ssl=1","width":350,"height":200},"classes":[]},{"id":294,"url":"https:\/\/asurb.com\/asurb3\/?page_id=294","url_meta":{"origin":3017,"position":4},"title":"La photographie","author":"webmaster","date":"4 juin 2016","format":false,"excerpt":"Madagascar - 2012 - 18 min - fiction - couleur - VOSTF R\u00e9alisation : David Randriamanana ; Sc\u00e9nario : David Randriamanana ; Montage : Aina Rasamoelina ; Son : Patrick Andrianarifara, Tojo Anriantahina ; Musique : Baruona, APM Music, LLC ; Interpr\u00e9tation : Jeannette Raharimanya, Angelina Razafimahaleo ; Production\/Distribution :\u2026","rel":"","context":"Article similaire","block_context":{"text":"Article similaire","link":""},"img":{"alt_text":"laphotographie1_fiche","src":"https:\/\/i0.wp.com\/asurb.com\/asurb3\/wp-content\/uploads\/2016\/06\/laphotographie1_fiche.jpg?resize=350%2C200&ssl=1","width":350,"height":200},"classes":[]},{"id":2850,"url":"https:\/\/asurb.com\/asurb3\/?page_id=2850","url_meta":{"origin":3017,"position":5},"title":"Talking about trees","author":"webmaster","date":"12 ao\u00fbt 2020","format":false,"excerpt":"Talking about trees - De Suhaib Gasmelbari \u2013 Soudan,France,Allemagne,Tchad,Qatar \u2013 2018 \u2013 94 min \u2013 documentaire \u2013 couleur \u2013 VO arabe STF- DCP -Visa\u00a0:143001 Le titre du film, \u00ab\u00a0parler avec les arbres\u00a0\u00bb est emprunt\u00e9 \u00e0 un po\u00e8me de Bertolt Brecht,\u00a0\u00ab A ceux qui viendront apr\u00e8s nous\u00a0\u00bb. Avec Ibrahim Shaddad, Suliman\u2026","rel":"","context":"Article similaire","block_context":{"text":"Article similaire","link":""},"img":{"alt_text":"","src":"","width":0,"height":0},"classes":[]}],"_links":{"self":[{"href":"https:\/\/asurb.com\/asurb3\/index.php?rest_route=\/wp\/v2\/pages\/3017","targetHints":{"allow":["GET"]}}],"collection":[{"href":"https:\/\/asurb.com\/asurb3\/index.php?rest_route=\/wp\/v2\/pages"}],"about":[{"href":"https:\/\/asurb.com\/asurb3\/index.php?rest_route=\/wp\/v2\/types\/page"}],"author":[{"embeddable":true,"href":"https:\/\/asurb.com\/asurb3\/index.php?rest_route=\/wp\/v2\/users\/1"}],"replies":[{"embeddable":true,"href":"https:\/\/asurb.com\/asurb3\/index.php?rest_route=%2Fwp%2Fv2%2Fcomments&post=3017"}],"version-history":[{"count":1,"href":"https:\/\/asurb.com\/asurb3\/index.php?rest_route=\/wp\/v2\/pages\/3017\/revisions"}],"predecessor-version":[{"id":3018,"href":"https:\/\/asurb.com\/asurb3\/index.php?rest_route=\/wp\/v2\/pages\/3017\/revisions\/3018"}],"up":[{"embeddable":true,"href":"https:\/\/asurb.com\/asurb3\/index.php?rest_route=\/wp\/v2\/pages\/26"}],"wp:attachment":[{"href":"https:\/\/asurb.com\/asurb3\/index.php?rest_route=%2Fwp%2Fv2%2Fmedia&parent=3017"}],"curies":[{"name":"wp","href":"https:\/\/api.w.org\/{rel}","templated":true}]}}