{"id":3270,"date":"2022-01-13T16:48:15","date_gmt":"2022-01-13T15:48:15","guid":{"rendered":"https:\/\/asurb.com\/asurb3\/?page_id=3270"},"modified":"2022-01-13T16:48:15","modified_gmt":"2022-01-13T15:48:15","slug":"vossie-vergas-homeself-le-suicide-de-vossie","status":"publish","type":"page","link":"https:\/\/asurb.com\/asurb3\/?page_id=3270","title":{"rendered":"Vossie vergas homeself (Le suicide de Vossie)"},"content":{"rendered":"<p style=\"text-align: justify;\"><strong>De Philip Nolte &#8211; Afrique du Sud \u2013 2017- 23 mn &#8211; fiction &#8211; VO STF<br \/>\n<\/strong><\/p>\n<p style=\"text-align: justify;\">Sc\u00e9nario Philip Note &#8211; Montage\u00a0 : Gideon Breytenbach &#8211; Image : Rick Joachim &#8211; Son : Wesley Ayliffe &#8211; Musique : Jahn Beukes &#8211; Interpr\u00e9tation : Tobie Cronje, June Van Merch, Philippus Boshoff, Kelley Thorrington &#8211; production : Lyall Ramsden.<\/p>\n<h4 style=\"text-align: justify;\"><span style=\"color: #ff0000;\">Synopsis\u00a0<\/span><\/h4>\n<p style=\"text-align: justify;\">Vossie a d\u00e9cid\u00e9 de mettre fin \u00e0 ses jours. Mais appara\u00eet l&rsquo;indomptable Antie, qui a ses propres plans pour Vossie. Elle ne le laissera pas partir aussi facilement<\/p>\n<h4 style=\"text-align: justify;\"><span style=\"color: #ff0000;\">Le r\u00e9alisateur<\/span><\/h4>\n<p style=\"text-align: justify;\">Philip Nolte est un r\u00e9alisateur, \u00e9crivain et producteur sud-africain.<br \/>\nDipl\u00f4m\u00e9 en 2010 de l&rsquo;Universit\u00e9 de Johannesburg en communication d&rsquo;entreprise, il a obtenu en 2012 une licence en communication audiovisuelle. Il a r\u00e9alis\u00e9, produit et \u00e9crit pour la t\u00e9l\u00e9vision, de nombreuses \u00e9missions (style de vie, cuisine etc&#8230;) en lien avec la r\u00e9alit\u00e9.<br \/>\nSes d\u00e9buts en tant que r\u00e9alisteur-sc\u00e9nariste ont \u00e9t\u00e9 le court m\u00e9trage \u00ab\u00a0Vossie vergas homself\u00a0\u00bb. D&rsquo;aussi loin qu&rsquo;il se souvienne, la passion de Philip Nolte est de raconter des histoires sud-africaines, dans toute leur diversit\u00e9 culturelle.<\/p>\n","protected":false},"excerpt":{"rendered":"<p>De Philip Nolte &#8211; Afrique du Sud \u2013 2017- 23 mn &#8211; fiction &#8211; VO STF Sc\u00e9nario Philip Note &#8211; Montage\u00a0 : Gideon Breytenbach &#8211; Image : Rick Joachim &#8211; [&hellip;]<\/p>\n","protected":false},"author":1,"featured_media":0,"parent":26,"menu_order":0,"comment_status":"closed","ping_status":"closed","template":"","meta":{"footnotes":""},"class_list":["post-3270","page","type-page","status-publish","hentry"],"jetpack_sharing_enabled":true,"jetpack_shortlink":"https:\/\/wp.me\/P7C6tF-QK","jetpack-related-posts":[{"id":427,"url":"https:\/\/asurb.com\/asurb3\/?page_id=427","url_meta":{"origin":3270,"position":0},"title":"Rocket man","author":"webmaster","date":"5 juin 2016","format":false,"excerpt":"Afrique du Sud \u2013 2010 \u2013fiction \u2013 12 min \u2013 couleur \u2013 VO anglais STFR Ce film a \u00e9t\u00e9 pr\u00e9sent\u00e9 dans de nombreux festivals internationaux de courts m\u00e9trages. Il a remport\u00e9 le prix de l\u2019Impossible Film Contest \u00e0 Cannes en 2011 ( comp\u00e9tition Short film corner \u2013 Daazo) R\u00e9alisation :\u2026","rel":"","context":"Article similaire","block_context":{"text":"Article similaire","link":""},"img":{"alt_text":"ROCKET_Fiche","src":"https:\/\/i0.wp.com\/asurb.com\/asurb3\/wp-content\/uploads\/2016\/06\/ROCKET_Fiche.jpg?resize=350%2C200&ssl=1","width":350,"height":200},"classes":[]},{"id":761,"url":"https:\/\/asurb.com\/asurb3\/?page_id=761","url_meta":{"origin":3270,"position":1},"title":"Miners Shot Down","author":"webmaster","date":"19 juin 2016","format":false,"excerpt":"De Rehad DESAI - 85 min -Afrique du Sud - 2014\u00a0 documentaire - couleur - VOST fran\u00e7ais - DVD R\u00e9alisation : Rehad Desai - Script : Anita Khanna, Rehad Desai -\u00a0 Image : Nic Hofmery -\u00a0 Son : President Kappa - Montage : Menno Boerema -\u00a0 Musique : Philip Miller\u2026","rel":"","context":"Article similaire","block_context":{"text":"Article similaire","link":""},"img":{"alt_text":"","src":"","width":0,"height":0},"classes":[]},{"id":688,"url":"https:\/\/asurb.com\/asurb3\/?page_id=688","url_meta":{"origin":3270,"position":2},"title":"Kanye Kanye (ensemble)","author":"webmaster","date":"15 juin 2016","format":false,"excerpt":"De Miklas MANNEKE \u2013 25 min \u2013\u00a0 Afrique du Sud \u2013 2013fiction \u2013 couleur \u2013 VO zulu STF Sc\u00e9nario : Miklas Manneke\u00a0 ; Interpr\u00e9tation :Lucious Dosi,\u00a0 Nokwasi Gumede, Zwelakhe Mkwanasi. Production : AFDA Film School, 41 Frost Ave Auckland Park, Johannesburg, Gauteng- Afrique du Sud \/ t\u00e9l :(0027) 11 482\u2026","rel":"","context":"Article similaire","block_context":{"text":"Article similaire","link":""},"img":{"alt_text":"","src":"","width":0,"height":0},"classes":[]},{"id":466,"url":"https:\/\/asurb.com\/asurb3\/?page_id=466","url_meta":{"origin":3270,"position":3},"title":"U-Carmen","author":"webmaster","date":"5 juin 2016","format":false,"excerpt":"Afrique du Sud - 2005 - fiction - 20 min - couleur - VO parl\u00e9e et chant\u00e9e en xhosa STFR Ours d\u2019Or au Festival de Berlin en 2005 ; s\u00e9lectionn\u00e9 au FESPACO de Ouagadougou en 2007. Com\u00e9die musicale : adaptation de l\u2019op\u00e9ra \u00e9ponyme de Georges Bizet R\u00e9alisation : Mark Dornford-May\u2026","rel":"","context":"Article similaire","block_context":{"text":"Article similaire","link":""},"img":{"alt_text":"U-CARMEN_2_Fiche","src":"https:\/\/i0.wp.com\/asurb.com\/asurb3\/wp-content\/uploads\/2016\/06\/U-CARMEN_2_Fiche.jpg?resize=350%2C200&ssl=1","width":350,"height":200},"classes":[]},{"id":2587,"url":"https:\/\/asurb.com\/asurb3\/?page_id=2587","url_meta":{"origin":3270,"position":4},"title":"Tithes and offerings (D\u00eemes et offrandes)","author":"webmaster","date":"9 octobre 2019","format":false,"excerpt":"TITHES AND OFFERINGS (D\u00eemes et Offrandes) De Tony KOROS \u2013 Kenya \u2013 2018 -16 min \u2013 Fiction - VOSTF Synopsis\u00a0 Un pasteur k\u00e9nyan un peu charlatan a bien du mal \u00e0 rassembler ses fid\u00e8les et \u00e0 renflouer ses finances. Il promet des miracles mais un jour, \u00f4 miracle\u00a0! l\u2019improbable se\u2026","rel":"","context":"Article similaire","block_context":{"text":"Article similaire","link":""},"img":{"alt_text":"","src":"","width":0,"height":0},"classes":[]},{"id":3462,"url":"https:\/\/asurb.com\/asurb3\/?page_id=3462","url_meta":{"origin":3270,"position":5},"title":"La femme du fossoyeur","author":"webmaster","date":"14 octobre 2022","format":false,"excerpt":"De Khadar Ayderus AHMED \u2013 Somalie\/Finlande\/Allemagne\/France \u2013 2021 - 82 min \u2013 fiction \u2013 couleur -VO somali STF \u2013 N\u00b0 de Visa 152.415 FESPACO\u00a0: Etalon d\u2019or du meilleur film de fiction, Prix de la meilleure musique -Journ\u00e9es Cin\u00e9matographiques de Carthage\u00a0: meilleure interpr\u00e9tation masculine pour Omar Abdi - Festival du Film\u2026","rel":"","context":"Article similaire","block_context":{"text":"Article similaire","link":""},"img":{"alt_text":"","src":"","width":0,"height":0},"classes":[]}],"_links":{"self":[{"href":"https:\/\/asurb.com\/asurb3\/index.php?rest_route=\/wp\/v2\/pages\/3270","targetHints":{"allow":["GET"]}}],"collection":[{"href":"https:\/\/asurb.com\/asurb3\/index.php?rest_route=\/wp\/v2\/pages"}],"about":[{"href":"https:\/\/asurb.com\/asurb3\/index.php?rest_route=\/wp\/v2\/types\/page"}],"author":[{"embeddable":true,"href":"https:\/\/asurb.com\/asurb3\/index.php?rest_route=\/wp\/v2\/users\/1"}],"replies":[{"embeddable":true,"href":"https:\/\/asurb.com\/asurb3\/index.php?rest_route=%2Fwp%2Fv2%2Fcomments&post=3270"}],"version-history":[{"count":1,"href":"https:\/\/asurb.com\/asurb3\/index.php?rest_route=\/wp\/v2\/pages\/3270\/revisions"}],"predecessor-version":[{"id":3271,"href":"https:\/\/asurb.com\/asurb3\/index.php?rest_route=\/wp\/v2\/pages\/3270\/revisions\/3271"}],"up":[{"embeddable":true,"href":"https:\/\/asurb.com\/asurb3\/index.php?rest_route=\/wp\/v2\/pages\/26"}],"wp:attachment":[{"href":"https:\/\/asurb.com\/asurb3\/index.php?rest_route=%2Fwp%2Fv2%2Fmedia&parent=3270"}],"curies":[{"name":"wp","href":"https:\/\/api.w.org\/{rel}","templated":true}]}}