{"id":328,"date":"2016-06-05T01:21:24","date_gmt":"2016-06-04T23:21:24","guid":{"rendered":"http:\/\/www.test.asurb.com\/?page_id=328"},"modified":"2016-06-05T01:21:24","modified_gmt":"2016-06-04T23:21:24","slug":"le-grand-blanc-de-lambarene","status":"publish","type":"page","link":"https:\/\/asurb.com\/asurb3\/?page_id=328","title":{"rendered":"Le grand blanc de Lambar\u00e9n\u00e9"},"content":{"rendered":"<p style=\"text-align: justify;\"><a href=\"https:\/\/i0.wp.com\/asurb.com\/asurb3\/wp-content\/uploads\/2016\/06\/Lambarene_fiche.jpg?ssl=1\"><img data-recalc-dims=\"1\" loading=\"lazy\" decoding=\"async\" data-attachment-id=\"329\" data-permalink=\"https:\/\/asurb.com\/asurb3\/?attachment_id=329\" data-orig-file=\"https:\/\/i0.wp.com\/asurb.com\/asurb3\/wp-content\/uploads\/2016\/06\/Lambarene_fiche.jpg?fit=250%2C138&amp;ssl=1\" data-orig-size=\"250,138\" data-comments-opened=\"1\" data-image-meta=\"{&quot;aperture&quot;:&quot;0&quot;,&quot;credit&quot;:&quot;&quot;,&quot;camera&quot;:&quot;&quot;,&quot;caption&quot;:&quot;&quot;,&quot;created_timestamp&quot;:&quot;0&quot;,&quot;copyright&quot;:&quot;&quot;,&quot;focal_length&quot;:&quot;0&quot;,&quot;iso&quot;:&quot;0&quot;,&quot;shutter_speed&quot;:&quot;0&quot;,&quot;title&quot;:&quot;&quot;,&quot;orientation&quot;:&quot;0&quot;}\" data-image-title=\"Lambarene_fiche\" data-image-description=\"\" data-image-caption=\"\" data-large-file=\"https:\/\/i0.wp.com\/asurb.com\/asurb3\/wp-content\/uploads\/2016\/06\/Lambarene_fiche.jpg?fit=250%2C138&amp;ssl=1\" class=\"size-full wp-image-329 alignnone\" src=\"https:\/\/i0.wp.com\/asurb.com\/asurb3\/wp-content\/uploads\/2016\/06\/Lambarene_fiche.jpg?resize=250%2C138&#038;ssl=1\" alt=\"Lambarene_fiche\" width=\"250\" height=\"138\" \/><\/a><\/p>\n<p style=\"text-align: justify;\"><strong>De Bassek BA KOBHIO \u2013 93 min \u2013 Cameroun \u2013 1994 \u2013 VF<\/strong><\/p>\n<p style=\"text-align: justify;\">Fiction \u2013 couleur \u2013 35 mm \u2013 Version fran\u00e7aise.<br \/>\nSc\u00e9nario : Bassek Ba Kobhio ; Adaptation et dialogues : Serge Lascar et Bassek Ba Kobhio ; Image : Vincenzo Marano ; Montage : Michel Klochendler ; Musique : Patrick Abrial ; Son : Alain Curvelier et Eric Bonnard ; Costumes : Doroth\u00e9e Nonn ; Interpr\u00e9tation : Andr\u00e9 Wilms, Marisa Berenson, Alex Descas, Magaly Berdy ; Production : L.N. Production, CE.NA.Ci, Terre Africaine, Chrysalide Films, ACCT avec la participation du Minist\u00e8re Fran\u00e7ais de la coop\u00e9ration, du Centre National de la Cin\u00e9matographie, de la Commission Europ\u00e9enne et de Canal Plus ;<br \/>\nDistribution : Oviri Films, Swift (50, rue de Ponthieu 75008 Paris, France ; t\u00e9l : 33 (0)1 56 59 17 17, fax : 33 (0)1 45 63 70 66) et M\u00e9diath\u00e8que des 3 Mondes (63bis rue du Cardinal Lemoine, 75005 Paris, France ; t\u00e9l : 33 (0)1 42 34 99 00 ; fax : 33 (0)1 42 34 99 01 ; courriel : groupe3mondes@wanadoo.fr)<\/p>\n<h4 style=\"text-align: justify;\"><span style=\"color: #ff0000;\">Synopsis<\/span><\/h4>\n<p style=\"text-align: justify;\">Koumba est un enfant gabonais qui a grandi dans l\u2019h\u00f4pital cr\u00e9\u00e9 par le docteur Albert Schweitzer. La fin de la seconde guerre mondiale et le retour au pays des jeunes du village va provoquer une prise de conscience chez Koumba, en particulier par le biais de Mikendi qui va contester l\u2019autoritarisme de Schweitzer. Koumba va alors partir en France pour \u00e9tudier et, revenu dans son pays avec l\u2019ind\u00e9pendance, il devient d\u00e9put\u00e9 et va s\u2019opposer \u00e0 celui qu\u2019il v\u00e9n\u00e9rait enfant.<br \/>\nLe r\u00e9alisateur camerounais Bassek Ba Kobhio donne ici un regard in\u00e9dit, car africain, sur Albert Schweitzer : loin de la l\u00e9gende du \u00ab bon docteur \u00bb. Il n\u2019en fait pas pour autant un monstre et le montre avant tout comme quelqu\u2019un de paternaliste, \u00ab ni Dieu, ni Diable \u00bb, attach\u00e9 \u00e0 l\u2019Afrique et aux Africains mais persuad\u00e9 d\u2019avoir une \u00ab mission divine \u00bb. Il se sert aussi de cette figure du colonialisme pour \u00e9tudier le ph\u00e9nom\u00e8ne humanitaire qui provoque obligatoirement, selon lui, l\u2019ing\u00e9rence.<br \/>\nLe film \u00ab multiplie les inventions, bouscule les id\u00e9es, d\u00e9borde de vie \u00bb (Alain Riou, Nouvel Obs).<\/p>\n<h4 style=\"text-align: justify;\"><span style=\"color: #ff0000;\">Le r\u00e9alisateur<\/span><\/h4>\n<p style=\"text-align: justify;\">Bassek Ba Kobhio est n\u00e9 le 1er janvier 1957 \u00e0 Nindje (Cameroun). Il fait des \u00e9tudes de sociologie et de philosophie, puis travaille sur des documentaires au Minist\u00e8re de l\u2019Information et de la Culture du Cameroun.<br \/>\nEn 1987, il est premier assistant sur le film de Claire Denis, \u00ab Chocolat \u00bb. Il tourne son premier film, le court-m\u00e9trage documentaire \u00ab Festac \u00bb, en 1989. Producteur, \u00e9crivain, il publie plusieurs ouvrages dont \u00ab Sango Malo \u00bb qu\u2019il adapte au cin\u00e9ma en 1991 ; le film obtient le prix \u00ab Un Certain Regard \u00bb \u00e0 Cannes la m\u00eame ann\u00e9e. Il a fond\u00e9 la soci\u00e9t\u00e9 de productions Les Films Terre Africaine et organise le festival Ecrans noirs qui se d\u00e9roule en Afrique Centrale.<\/p>\n","protected":false},"excerpt":{"rendered":"<p>De Bassek BA KOBHIO \u2013 93 min \u2013 Cameroun \u2013 1994 \u2013 VF Fiction \u2013 couleur \u2013 35 mm \u2013 Version fran\u00e7aise. Sc\u00e9nario : Bassek Ba Kobhio ; Adaptation et [&hellip;]<\/p>\n","protected":false},"author":1,"featured_media":0,"parent":26,"menu_order":0,"comment_status":"closed","ping_status":"closed","template":"","meta":{"footnotes":""},"class_list":["post-328","page","type-page","status-publish","hentry"],"jetpack_sharing_enabled":true,"jetpack_shortlink":"https:\/\/wp.me\/P7C6tF-5i","jetpack-related-posts":[{"id":355,"url":"https:\/\/asurb.com\/asurb3\/?page_id=355","url_meta":{"origin":328,"position":0},"title":"Le silence de la for\u00eat","author":"webmaster","date":"5 juin 2016","format":false,"excerpt":"De Didier OU\u00c9NANGAR\u00c9 et Bassek BA KOBHIO \u2013 94 min \u2013 R\u00e9publique centrafricaine\/Cameroun \u2013 2003 \u2013 VOSTF Fiction \u2013 couleur \u2013 35 mm - version originale en sango sous-titr\u00e9e en fran\u00e7ais Sc\u00e9nario : Didier Ou\u00e9nangar\u00e9, Bassek Ba Kobhio ; Images : Pierre-Olivier Larrieu ; Montage : Joseph Licide ; Musique\u2026","rel":"","context":"Article similaire","block_context":{"text":"Article similaire","link":""},"img":{"alt_text":"SilenceForet_Fiche","src":"https:\/\/i0.wp.com\/asurb.com\/asurb3\/wp-content\/uploads\/2016\/06\/SilenceForet_Fiche.jpg?resize=350%2C200&ssl=1","width":350,"height":200},"classes":[]},{"id":137,"url":"https:\/\/asurb.com\/asurb3\/?page_id=137","url_meta":{"origin":328,"position":1},"title":"Programme 2008","author":"webmaster","date":"3 juin 2016","format":false,"excerpt":"Sommaire \u2022 Les soir\u00e9es grand public \u2022 S\u00e9ances r\u00e9serv\u00e9es aux scolaires \u2022 Autour du festival \u2022 Membres du comit\u00e9 de parrainage \u2022 Remerciements \u2022 Pour se rendre sur les lieux \u2022 Les soir\u00e9es grand public Samedi 15 novembre Soir\u00e9e d\u2019ouverture Cin\u00e9ma la Pl\u00e9iade - 94230 - Cachan 20h30 - TABATABA\u2026","rel":"","context":"Article similaire","block_context":{"text":"Article similaire","link":""},"img":{"alt_text":"","src":"https:\/\/i0.wp.com\/asurb.com\/AsurB\/D_Images\/D_Gif_bl\/Blanc120.gif?resize=350%2C200&ssl=1","width":350,"height":200},"classes":[]},{"id":134,"url":"https:\/\/asurb.com\/asurb3\/?page_id=134","url_meta":{"origin":328,"position":2},"title":"Programme 2007","author":"webmaster","date":"3 juin 2016","format":false,"excerpt":"Samedi 17 novembre - Soir\u00e9e d'ouverture Cin\u00e9ma La Pl\u00e9iade - Cachan HUMANITAIRE De Adama ROAMBA Avec Issaka Sawadogo Court m\u00e9trage - Burkina Faso - 2006 - 16 mn VFUne route. Une camionnette. Un camp de r\u00e9fugi\u00e9s. Chaque jour, Barou, un humanitaire, part sur la route pour rapatrier les r\u00e9fugi\u00e9s qu'ils\u2026","rel":"","context":"Article similaire","block_context":{"text":"Article similaire","link":""},"img":{"alt_text":"","src":"https:\/\/i0.wp.com\/asurb.com\/AsurB\/D_Images\/Line300Black.jpg?resize=350%2C200&ssl=1","width":350,"height":200},"classes":[]},{"id":337,"url":"https:\/\/asurb.com\/asurb3\/?page_id=337","url_meta":{"origin":328,"position":3},"title":"Le siffet","author":"webmaster","date":"5 juin 2016","format":false,"excerpt":"De As THIAM \u2013 24 min \u2013 France\/S\u00e9n\u00e9gal \u2013 2004 \u2013 VF Fiction \u2013 couleur \u2013 35 mm \u2013 version fran\u00e7aise Sc\u00e9nario : As Thiam ; Image : C\u00e9sar Paes, Michel Berck ; Montage : Agn\u00e8s Contensou ; Musique : Wasis Diop ; Son : Alioune Mbow ; Costumier :\u2026","rel":"","context":"Article similaire","block_context":{"text":"Article similaire","link":""},"img":{"alt_text":"LeSifflet_Fiche","src":"https:\/\/i0.wp.com\/asurb.com\/asurb3\/wp-content\/uploads\/2016\/06\/LeSifflet_Fiche.jpg?resize=350%2C200&ssl=1","width":350,"height":200},"classes":[]},{"id":412,"url":"https:\/\/asurb.com\/asurb3\/?page_id=412","url_meta":{"origin":328,"position":4},"title":"Pi\u00e8ces d&rsquo;identit\u00e9s","author":"webmaster","date":"5 juin 2016","format":false,"excerpt":"De Mw\u00e9z\u00e9 Dieudonn\u00e9 NGANGURA \u2013 90 min \u2013 R\u00e9p. d\u00e9m. du Congo \u2013 1998 \u2013 VF Fiction \u2013 couleur \u2013 35 mm \u2013 version fran\u00e7aise Sc\u00e9nario : Mw\u00e9z\u00e9 Ngangura ; Adaptation : Yves Comte et Mw\u00e9z\u00e9 Ngangura ; Images : Jacques Besse ; Montage : France Duez ; Musique :\u2026","rel":"","context":"Article similaire","block_context":{"text":"Article similaire","link":""},"img":{"alt_text":"PiecesIdent_Fiche","src":"https:\/\/i0.wp.com\/asurb.com\/asurb3\/wp-content\/uploads\/2016\/06\/PiecesIdent_Fiche.jpg?resize=350%2C200&ssl=1","width":350,"height":200},"classes":[]},{"id":232,"url":"https:\/\/asurb.com\/asurb3\/?page_id=232","url_meta":{"origin":328,"position":5},"title":"Humanitaire","author":"webmaster","date":"4 juin 2016","format":false,"excerpt":"De Adama ROAMBA \u2013 16 min \u2013 Burkina Faso \u2013 2006 \u2013 VF Fiction \u2013 couleur \u2013 35 mm \u2013 Version fran\u00e7aise Prix sp\u00e9cial Sant\u00e9 et S\u00e9curit\u00e9 au travail au FESPACO* 2007. Sc\u00e9nario : Adama Roamba ; Image : Paul Djibila ; Montage : Neomi de Fouchier ; Son :\u2026","rel":"","context":"Article similaire","block_context":{"text":"Article similaire","link":""},"img":{"alt_text":"Humanitaire_Fiche","src":"https:\/\/i0.wp.com\/asurb.com\/asurb3\/wp-content\/uploads\/2016\/06\/Humanitaire_Fiche.jpg?resize=350%2C200&ssl=1","width":350,"height":200},"classes":[]}],"_links":{"self":[{"href":"https:\/\/asurb.com\/asurb3\/index.php?rest_route=\/wp\/v2\/pages\/328","targetHints":{"allow":["GET"]}}],"collection":[{"href":"https:\/\/asurb.com\/asurb3\/index.php?rest_route=\/wp\/v2\/pages"}],"about":[{"href":"https:\/\/asurb.com\/asurb3\/index.php?rest_route=\/wp\/v2\/types\/page"}],"author":[{"embeddable":true,"href":"https:\/\/asurb.com\/asurb3\/index.php?rest_route=\/wp\/v2\/users\/1"}],"replies":[{"embeddable":true,"href":"https:\/\/asurb.com\/asurb3\/index.php?rest_route=%2Fwp%2Fv2%2Fcomments&post=328"}],"version-history":[{"count":1,"href":"https:\/\/asurb.com\/asurb3\/index.php?rest_route=\/wp\/v2\/pages\/328\/revisions"}],"predecessor-version":[{"id":330,"href":"https:\/\/asurb.com\/asurb3\/index.php?rest_route=\/wp\/v2\/pages\/328\/revisions\/330"}],"up":[{"embeddable":true,"href":"https:\/\/asurb.com\/asurb3\/index.php?rest_route=\/wp\/v2\/pages\/26"}],"wp:attachment":[{"href":"https:\/\/asurb.com\/asurb3\/index.php?rest_route=%2Fwp%2Fv2%2Fmedia&parent=328"}],"curies":[{"name":"wp","href":"https:\/\/api.w.org\/{rel}","templated":true}]}}