{"id":3378,"date":"2022-09-07T15:45:46","date_gmt":"2022-09-07T13:45:46","guid":{"rendered":"https:\/\/asurb.com\/asurb3\/?page_id=3378"},"modified":"2022-10-14T19:26:52","modified_gmt":"2022-10-14T17:26:52","slug":"a-peine-jouvre-les-yeux-2","status":"publish","type":"page","link":"https:\/\/asurb.com\/asurb3\/?page_id=3378","title":{"rendered":"Le dernier refuge"},"content":{"rendered":"\n<p>De Ousmane Zorom\u00e9 SAMASSEKOU \u2013 Mali\/France\/Afrique duSud- &#8211; 2021 \u2013 85 min \u2013 documentaire \u2013 couleur -VOSTF.<\/p>\n<p>Image\u00a0: Ousmane Zorom\u00e9 Samass\u00e9kou, Amath Niane &#8211; Son : Adama Diarra, Jean-Marc Schick &#8211; Montage : C\u00e9line Ducreux \u2013 Musique originale\u00a0: Pierre Daven-Keller &#8211; Producteur : Estelle Robin You, Andrey S. Diarra, Tiny Mungwe, Don Edkins &#8211; Producteur d\u00e9l\u00e9gu\u00e9 : Les Films du Balibari (ayant-droit \u2013 contact\u00a0: \u00a0<a href=\"mailto:estelle.robin@balibari.com\">estelle.robin@balibari.com<\/a>) en coproduction avec DS Productions.<\/p>\n<p>\u00a0<em>Le dernier refuge<\/em> a, depuis sa sortie en mars 2021, remport\u00e9 sept prix \u00e0 l\u2019international dont le grand prix du film documenta,ire au prestigieux festival de Copenhague.\u00a0\u00a0\u00a0\u00a0\u00a0\u00a0\u00a0\u00a0<\/p>\n<h4><span style=\"color: #ff0000;\">Synopsis\u00a0<\/span><\/h4>\n<p>C\u2019est une ville o\u00f9 se percutent les r\u00eaves dor\u00e9s des uns et les espoirs broy\u00e9s des autres. \u00c0 la fronti\u00e8re avec l\u2019Alg\u00e9rie, Gao la malienne sert de point de passage pour les migrants en route vers l\u2019Europe. Camerounais, Congolais, Guin\u00e9ens, Ivoiriens, Burkinab\u00e8&#8230; : quand certains se pr\u00e9parent \u00e0 traverser le Sahel, pr\u00eats \u00e0 tout pour changer de vie, d\u2019autres en reviennent et racontent leur passage en enfer. Tous se croisent \u00e0 la \u00ab\u00a0Maison du migrant\u00a0\u00bb, soutenue par le CCFD-Terre Solidaire, \u00e0 la fois point de chute et dernier refuge, hant\u00e9e par les histoires de groupes arm\u00e9s, de police sans scrupules, de racket ou de tortures. La cam\u00e9ra d\u2019Ousmane Zorom\u00e9 Samass\u00e9kou s\u2019immerge dans ce carrefour symbolique. \u00ab\u00a0Le sentiment d\u2019intimit\u00e9 a \u00e9t\u00e9 initi\u00e9 et d\u00e9velopp\u00e9 tout le long du film en grande partie par le sens d\u2019observation et d\u2019\u00e9coute mais aussi de partage. Les migrants sont des personnes fragiles qui ont \u00e9t\u00e9 longtemps montr\u00e9es sauvagement par les m\u00e9dias. Il fallait pouvoir leur faire comprendre que ce film est l\u00e0 pour leur donner une forme d\u2019humanit\u00e9, montrer leurs r\u00eaves, leurs vies d\u2019avant le naufrage, leurs peines mais aussi leurs espoirs, tout en gardant leur dignit\u00e9. Le rep\u00e9rage m\u2019a permis de me fondre dans le d\u00e9cor afin de me trouver une place comme si je faisais partie d\u2019eux\u2026Quand on arrive dans un endroit pr\u00e9caire, et qu\u2019on arrive \u00e0 s\u2019adapter \u00e0 la vie des gens, \u00e0 manger avec eux, \u00e0 boire avec eux, m\u00eame \u00e0 dormir dans les m\u00eames conditions, au fil du temps, ils vous acceptent et oublient m\u00eame que vous d\u00e9tenez une cam\u00e9ra. Mais il est essentiel de leur expliquer le film, le pourquoi et le comment (entretien de O.Z.Samassekou avec N.Bardot, mai 2021)<\/p>\n<h4><span style=\"color: #ff0000;\">Le r\u00e9alisateur<\/span><\/h4>\n<p>Ousmane Samassekou est un r\u00e9alisateur et producteur malien. Dipl\u00f4m\u00e9 en \u00e9conomie de gestion, il a poursuivi ses \u00e9tudes au Conservatoire des arts et m\u00e9tiers du multim\u00e9dia de Bamako avant d\u2019obtenir une ma\u00eetrise en cr\u00e9ation de production documentaire \u00e0 l&rsquo;Universit\u00e9 Gaston Berger de Saint Louis au S\u00e9n\u00e9gal. Il est associ\u00e9 \u00e0 la soci\u00e9t\u00e9 DS Production \u00e0 Bamako, o\u00f9 il est producteur, r\u00e9alisateur, cam\u00e9raman et monteur.<\/p>\n<p>\u00a0EN 2016, il termine son premier long m\u00e9trage sur les maux qui entravent la formation et l\u2019\u00e9ducation au Mali\u00a0: <em>Les h\u00e9ritiers de la colline. <\/em>En tant que co-producteur du projet <em>ZINDER<\/em> de A\u00efcha Macky, produit par Tabous productions (Niger), Les Films du Balibari, Corso films, Ousmane Samassekou a particip\u00e9 aux ateliers de l\u2019Atlas en 2020, \u00e0 la fabrique du Cin\u00e9ma du monde au festival de Cannes, au Ouagafilm lab et aux ateliers Produire au Sud du Festival des Trois Continents. En octobre 2018, il remporte la bourse du producer networks au Ouaga producer Lab avec le projet \u00ab Tonso \u00bb.<\/p>\n<p>\u00a0<\/p>\n<p>\u00a0<\/p>\n","protected":false},"excerpt":{"rendered":"<p>De Ousmane Zorom\u00e9 SAMASSEKOU \u2013 Mali\/France\/Afrique duSud- &#8211; 2021 \u2013 85 min \u2013 documentaire \u2013 couleur -VOSTF. Image\u00a0: Ousmane Zorom\u00e9 Samass\u00e9kou, Amath Niane &#8211; Son : Adama Diarra, Jean-Marc Schick [&hellip;]<\/p>\n","protected":false},"author":1,"featured_media":0,"parent":26,"menu_order":0,"comment_status":"closed","ping_status":"closed","template":"","meta":{"footnotes":""},"class_list":["post-3378","page","type-page","status-publish","hentry"],"jetpack_sharing_enabled":true,"jetpack_shortlink":"https:\/\/wp.me\/P7C6tF-Su","jetpack-related-posts":[{"id":1979,"url":"https:\/\/asurb.com\/asurb3\/?page_id=1979","url_meta":{"origin":3378,"position":0},"title":"Wallay","author":"webmaster","date":"7 d\u00e9cembre 2017","format":false,"excerpt":"De Berni GOLDBLAT France\/Burkina Faso\/Qatar - 2017 \u2013 1h25 \u2013 fiction \u2013 couleur \u2013\u00a0 DCP - VO fran\u00e7ais\/dioula STF Assistant r\u00e9alisateur\u00a0: Victor Baussonie - Sc\u00e9nario: David Bouchet \u2013 Image\u00a0: Martin Rit \u2013 Son\u00a0: Matthieu Perrot\u2013 Musique\u00a0: Vincent S\u00e9gal \u2013 Montage\u00a0: Laurent S\u00e9n\u00e9chal \u2013 D\u00e9cors\u00a0: Papa Kouyat\u00e9 - Interpr\u00e9tation\u00a0: Makan Nathan\u2026","rel":"","context":"Article similaire","block_context":{"text":"Article similaire","link":""},"img":{"alt_text":"","src":"","width":0,"height":0},"classes":[]},{"id":191,"url":"https:\/\/asurb.com\/asurb3\/?page_id=191","url_meta":{"origin":3378,"position":1},"title":"Camp de Thiaroye","author":"webmaster","date":"4 juin 2016","format":false,"excerpt":"De Ousmane SEMB\u00c8NE \u2013 147 min \u2013 S\u00e9n\u00e9gal \u2013 1988 \u2013 VOSTF Fiction \u2013 couleur \u2013 format DVD \u2013 Version originale en diola et Wolof, sous titr\u00e9e en fran\u00e7ais Prix sp\u00e9cial du jury au festival de Venise de 1988; Prix Institut des peuples noirs au FESPACO* 1989 Sc\u00e9nario : Ousmane\u2026","rel":"","context":"Article similaire","block_context":{"text":"Article similaire","link":""},"img":{"alt_text":"CampThiaore_fiche","src":"https:\/\/i0.wp.com\/asurb.com\/asurb3\/wp-content\/uploads\/2016\/06\/CampThiaore_fiche.jpg?resize=350%2C200&ssl=1","width":350,"height":200},"classes":[]},{"id":1004,"url":"https:\/\/asurb.com\/asurb3\/?page_id=1004","url_meta":{"origin":3378,"position":2},"title":"London river","author":"webmaster","date":"12 octobre 2016","format":false,"excerpt":"De Rachid BOUCHAREB -\u00a0Alg\u00e9rie \u2013 2009 De Rachid BOUCHAREB -\u00a0Alg\u00e9rie \u2013 2009 \u2013 86 min \u2013 fiction \u2013 couleur \u2013 35 mm \u2013 VO anglais \/fran\u00e7ais \/arabe STF fr. Sc\u00e9nario\u00a0: Rachid Bouchareb, Zo\u00e9 Galeron, Olivier Lorelle\u00a0- Image\u00a0: J\u00e9r\u00f4me Alm\u00e9ras\u00a0- Montage\u00a0: Yannick Kergoat\u00a0- Musique\u00a0: Armand Amar\u00a0- Son\u00a0: Philippe Lecoeur, Frank Rubio,\u2026","rel":"","context":"Article similaire","block_context":{"text":"Article similaire","link":""},"img":{"alt_text":"london-river","src":"https:\/\/i0.wp.com\/asurb.com\/asurb3\/wp-content\/uploads\/2016\/10\/london-river-300x125.jpg?resize=350%2C200&ssl=1","width":350,"height":200},"classes":[]},{"id":331,"url":"https:\/\/asurb.com\/asurb3\/?page_id=331","url_meta":{"origin":3378,"position":3},"title":"Le mandat","author":"webmaster","date":"5 juin 2016","format":false,"excerpt":"De Ousmane SEMB\u00c8NE - 105 min - S\u00e9n\u00e9gal - 1968 Fiction - couleur - 35mm - version originale en wolof sous-titr\u00e9e en fran\u00e7ais Sc\u00e9nario : Ousmane Semb\u00e8ne ; Image : Paul Soulignac ; Montage : Gillou Kiko\u00efne ; Son : Henri Moline ; Interpr\u00e9tation : Makhouredia Gueye, Younousse N\u2019Diaye, Serigne\u2026","rel":"","context":"Article similaire","block_context":{"text":"Article similaire","link":""},"img":{"alt_text":"Mandat_Fiche","src":"https:\/\/i0.wp.com\/asurb.com\/asurb3\/wp-content\/uploads\/2016\/06\/Mandat_Fiche.jpg?resize=350%2C200&ssl=1","width":350,"height":200},"classes":[]},{"id":3017,"url":"https:\/\/asurb.com\/asurb3\/?page_id=3017","url_meta":{"origin":3378,"position":4},"title":"Les tissus blancs (Ser Bi)","author":"webmaster","date":"2 septembre 2021","format":false,"excerpt":"De\u00a0\u00a0Moly Kane \u2013 S\u00e9n\u00e9gal \/France - 2020\u2013 20 min \u2013 fiction \u2013 couleur \u2013 VO\u00a0wolof STF . Sc\u00e9nario : Moly Kane & Emma Cascales & Romain Le Bonniec \u00a0-\u00a0 Image\u00a0:Romain Le Bonniec - Son\u00a0: Michel Tsagli \u2013 Montage son\u00a0: Rym Debbarh-Mounir \u2013 Montage\u00a0: C\u00e9cile Dessertine -\u00a0 Musique\u00a0: Cheik Seye -\u2026","rel":"","context":"Article similaire","block_context":{"text":"Article similaire","link":""},"img":{"alt_text":"","src":"","width":0,"height":0},"classes":[]},{"id":2462,"url":"https:\/\/asurb.com\/asurb3\/?page_id=2462","url_meta":{"origin":3378,"position":5},"title":"Wulu","author":"webmaster","date":"5 juin 2019","format":false,"excerpt":"De Daouda Coulibaly- S\u00e9n\u00e9gal\/France \u2013 2016- 95 mn- fiction- couleur-VO Bambara, fran\u00e7ais. Prix Ousmane-Sembene au FESPACO en 2017. Sc\u00e9nario : Daouda Coulibaly ; Image : Pierre Milo, ; Musique : \u00c9ric Neveux ; Montage : Julien Leloup ; Interpr\u00e9tation : Ibrahim Koma, Inna Modja, Mariame Ndiaye : Olivier Rabourdin, Quim\u2026","rel":"","context":"Article similaire","block_context":{"text":"Article similaire","link":""},"img":{"alt_text":"","src":"https:\/\/i0.wp.com\/asurb.com\/asurb3\/wp-content\/uploads\/2018\/10\/Wulu.jpg?resize=350%2C200&ssl=1","width":350,"height":200},"classes":[]}],"_links":{"self":[{"href":"https:\/\/asurb.com\/asurb3\/index.php?rest_route=\/wp\/v2\/pages\/3378","targetHints":{"allow":["GET"]}}],"collection":[{"href":"https:\/\/asurb.com\/asurb3\/index.php?rest_route=\/wp\/v2\/pages"}],"about":[{"href":"https:\/\/asurb.com\/asurb3\/index.php?rest_route=\/wp\/v2\/types\/page"}],"author":[{"embeddable":true,"href":"https:\/\/asurb.com\/asurb3\/index.php?rest_route=\/wp\/v2\/users\/1"}],"replies":[{"embeddable":true,"href":"https:\/\/asurb.com\/asurb3\/index.php?rest_route=%2Fwp%2Fv2%2Fcomments&post=3378"}],"version-history":[{"count":2,"href":"https:\/\/asurb.com\/asurb3\/index.php?rest_route=\/wp\/v2\/pages\/3378\/revisions"}],"predecessor-version":[{"id":3623,"href":"https:\/\/asurb.com\/asurb3\/index.php?rest_route=\/wp\/v2\/pages\/3378\/revisions\/3623"}],"up":[{"embeddable":true,"href":"https:\/\/asurb.com\/asurb3\/index.php?rest_route=\/wp\/v2\/pages\/26"}],"wp:attachment":[{"href":"https:\/\/asurb.com\/asurb3\/index.php?rest_route=%2Fwp%2Fv2%2Fmedia&parent=3378"}],"curies":[{"name":"wp","href":"https:\/\/api.w.org\/{rel}","templated":true}]}}