{"id":3496,"date":"2022-11-08T10:29:50","date_gmt":"2022-11-08T09:29:50","guid":{"rendered":"https:\/\/asurb.com\/asurb3\/?page_id=3496"},"modified":"2022-11-08T10:31:23","modified_gmt":"2022-11-08T09:31:23","slug":"a-tropical-sunday-dimanche-tropical-4","status":"publish","type":"page","link":"https:\/\/asurb.com\/asurb3\/?page_id=3496","title":{"rendered":"Astel"},"content":{"rendered":"<p>De Ramata Toulaye\u00a0 SY\u2013 S\u00e9n\u00e9gal &#8211; 2021 \u2013 24 min &#8211; fiction &#8211; VOSTF<\/p>\n<p>Prix du \u2018\u2019Share Her Journey \u2019\u2019 au Festival de Toronto 2021 \/ Prix Sp\u00e9cial du jury et Prix SACD de la meilleure premi\u00e8re \u0153uvre au Festival de Clermont-Ferrand 2022.<\/p>\n<h4><span style=\"color: #ff0000;\">Synopsis<\/span><\/h4>\n<p>Nous sommes en octobre, c\u2019est la fin de la saison des pluies au Fouta, une r\u00e9gion isol\u00e9e au nord du S\u00e9n\u00e9gal. Astel, treize ans, accompagne tous les jours son p\u00e8re dans la brousse. Ensemble, ils s\u2019occupent de leur troupeau de vaches. Mais un jour, en plein d\u00e9sert, la rencontre entre la jeune fille et un berger vient bouleverser le quotidien paisible entre Astel et son p\u00e8re<\/p>\n<h4><span style=\"color: #ff0000;\">La r\u00e9alisatrice<\/span><\/h4>\n<p>Ramata-Toulaye, s\u00e9n\u00e9galaise d\u2019origine, est n\u00e9e et a grandi \u00e0 Bezons, en banlieue parisienne.<\/p>\n<p>Apr\u00e8s avoir effectu\u00e9 un Master 1 Arts du spectacle mention Cin\u00e9ma \u00e0 l\u2019Universit\u00e9 Paris Nanterre et une ann\u00e9e d\u2019\u00e9tude en Sc\u00e9nario au Conservatoire Libre du Cin\u00e9ma Fran\u00e7ais, Ramata-Toulaye Sy est re\u00e7ue au concours de la F\u00e9mis en 2011 au sein du D\u00e9partement Sc\u00e9nario, dont elle sort dipl\u00f4m\u00e9e en 2015.<\/p>\n<p>Elle a travaill\u00e9, entre autres, en tant que sc\u00e9nariste sur le film <em>Sibel <\/em>(trois prix au Festival de Locarno en 2018) de \u00c7a\u011fla Zencirci et Guillaume Giovanetti ainsi que sur <em>Notre-Dame du Nil<\/em> (film d\u2019ouverture au Festival de Toronto 2019 \/ Ours d\u2019Argent G14+ au Festival de Berlin 2020) d\u2019Atiq Rahimi.<\/p>\n<p><em>Astel <\/em>marque son passage \u00e0 la r\u00e9alisation.<\/p>\n<p>Ramata-Toulaye Sy est actuellement en post-production de <em>Banel e Adama<\/em>, son premier long m\u00e9trage.<\/p>\n","protected":false},"excerpt":{"rendered":"<p>De Ramata Toulaye\u00a0 SY\u2013 S\u00e9n\u00e9gal &#8211; 2021 \u2013 24 min &#8211; fiction &#8211; VOSTF Prix du \u2018\u2019Share Her Journey \u2019\u2019 au Festival de Toronto 2021 \/ Prix Sp\u00e9cial du jury [&hellip;]<\/p>\n","protected":false},"author":1,"featured_media":0,"parent":26,"menu_order":0,"comment_status":"closed","ping_status":"closed","template":"","meta":{"footnotes":""},"class_list":["post-3496","page","type-page","status-publish","hentry"],"jetpack_sharing_enabled":true,"jetpack_shortlink":"https:\/\/wp.me\/P7C6tF-Uo","jetpack-related-posts":[{"id":424,"url":"https:\/\/asurb.com\/asurb3\/?page_id=424","url_meta":{"origin":3496,"position":0},"title":"Ramata","author":"webmaster","date":"5 juin 2016","format":false,"excerpt":"R\u00e9publique de Congo - 2008 - fiction - 90 min - couleur - VO fran\u00e7ais Prix du long-m\u00e9trage de fiction au Festival international du film d\u2019Afrique et des \u00celes (FIFAI) de La R\u00e9union 2010, Prix de la Jeunesse au Festival Miroirs et Cin\u00e9mas d\u2019Afrique de Marseille 2010 R\u00e9alisation : :\u2026","rel":"","context":"Article similaire","block_context":{"text":"Article similaire","link":""},"img":{"alt_text":"RAMATA_1_Fiche","src":"https:\/\/i0.wp.com\/asurb.com\/asurb3\/wp-content\/uploads\/2016\/06\/RAMATA_1_Fiche.jpg?resize=350%2C200&ssl=1","width":350,"height":200},"classes":[]},{"id":3999,"url":"https:\/\/asurb.com\/asurb3\/?page_id=3999","url_meta":{"origin":3496,"position":1},"title":"L&rsquo;envoy\u00e9e de Dieu","author":"webmaster","date":"11 d\u00e9cembre 2023","format":false,"excerpt":"De Amina Abdoulaye Mamani - Niger\/Burkina Faso - 23 min - fiction -VOSTFEn comp\u00e9tition officielle au FESPACO 2023, ce court m\u00e9trage coproduit par Diam Production, Karekezi Film Production\u00a0et Tabou Production \u00a0a remport\u00e9 quatre prix sp\u00e9ciaux et une mention sp\u00e9ciale pour sa sensibilit\u00e9. Synopsis\u00a0 Le film retrace le parcours de Fatima,\u2026","rel":"","context":"Article similaire","block_context":{"text":"Article similaire","link":""},"img":{"alt_text":"","src":"","width":0,"height":0},"classes":[]},{"id":264,"url":"https:\/\/asurb.com\/asurb3\/?page_id=264","url_meta":{"origin":3496,"position":2},"title":"L&rsquo;absence","author":"webmaster","date":"4 juin 2016","format":false,"excerpt":"De Mama KE\u00cfTA - 81 min - S\u00e9n\u00e9gal \/ Guin\u00e9e \/ France - 2009 Fiction - couleur - 35mm - version originale en fran\u00e7ais, wolof et langue des signes sous-titr\u00e9e en fran\u00e7ais Sc\u00e9nario : Mama Ke\u00efta ; Image : R\u00e9mi Mazet ; Montage : Miriame Chamekh ; Musique : Mathieu\u2026","rel":"","context":"Article similaire","block_context":{"text":"Article similaire","link":""},"img":{"alt_text":"Labsence_Fiche2010","src":"https:\/\/i0.wp.com\/asurb.com\/asurb3\/wp-content\/uploads\/2016\/06\/Labsence_Fiche2010.jpg?resize=350%2C200&ssl=1","width":350,"height":200},"classes":[]},{"id":3017,"url":"https:\/\/asurb.com\/asurb3\/?page_id=3017","url_meta":{"origin":3496,"position":3},"title":"Les tissus blancs (Ser Bi)","author":"webmaster","date":"2 septembre 2021","format":false,"excerpt":"De\u00a0\u00a0Moly Kane \u2013 S\u00e9n\u00e9gal \/France - 2020\u2013 20 min \u2013 fiction \u2013 couleur \u2013 VO\u00a0wolof STF . Sc\u00e9nario : Moly Kane & Emma Cascales & Romain Le Bonniec \u00a0-\u00a0 Image\u00a0:Romain Le Bonniec - Son\u00a0: Michel Tsagli \u2013 Montage son\u00a0: Rym Debbarh-Mounir \u2013 Montage\u00a0: C\u00e9cile Dessertine -\u00a0 Musique\u00a0: Cheik Seye -\u2026","rel":"","context":"Article similaire","block_context":{"text":"Article similaire","link":""},"img":{"alt_text":"","src":"","width":0,"height":0},"classes":[]},{"id":155,"url":"https:\/\/asurb.com\/asurb3\/?page_id=155","url_meta":{"origin":3496,"position":4},"title":"Aujourd&rsquo;hui ( Tey )","author":"webmaster","date":"3 juin 2016","format":false,"excerpt":"S\u00e9n\u00e9gal - 2011 - 88 min - fiction - couleur - VO wolof et fran\u00e7ais STF R\u00e9alisation : Alain Gomis ; Sc\u00e9nario : Alain Gomis, Djolof Mbengue ; Image : Crystel Fournier ; Montage : Fabrice Rouaud ; Son : Jean-Pierre Laforce, Alioune Mbow ; Costumes : Salimala N\u2019Diaye ;\u2026","rel":"","context":"Article similaire","block_context":{"text":"Article similaire","link":""},"img":{"alt_text":"Tey2_fiche","src":"https:\/\/i0.wp.com\/asurb.com\/asurb3\/wp-content\/uploads\/2016\/06\/Tey2_fiche.jpg?resize=350%2C200&ssl=1","width":350,"height":200},"classes":[]},{"id":2978,"url":"https:\/\/asurb.com\/asurb3\/?page_id=2978","url_meta":{"origin":3496,"position":5},"title":"Le p\u00e8re de Nafi (Titre original : Baamum Nafi)","author":"webmaster","date":"30 ao\u00fbt 2021","format":false,"excerpt":"De Mamadou DIA \u2013 S\u00e9n\u00e9gal \u2013 2019 \u2013 109 min \u2013 Fiction \u2013 Couleur - VO peul STF \u2013 DCP Scenario\u00a0: Mamadou Dia - Image\u00a0: Sheldon Chau \u2013 Son\u00a0: Ousmane Coly - Musique\u00a0: Baba Maal, Gavin Brivik \u2013 Montage\u00a0: Alan Wu \u2013 Interpr\u00e9tation\u00a0: Saikou Lo, Alassane Sy, Penda Daly Sy,\u2026","rel":"","context":"Article similaire","block_context":{"text":"Article similaire","link":""},"img":{"alt_text":"","src":"","width":0,"height":0},"classes":[]}],"_links":{"self":[{"href":"https:\/\/asurb.com\/asurb3\/index.php?rest_route=\/wp\/v2\/pages\/3496","targetHints":{"allow":["GET"]}}],"collection":[{"href":"https:\/\/asurb.com\/asurb3\/index.php?rest_route=\/wp\/v2\/pages"}],"about":[{"href":"https:\/\/asurb.com\/asurb3\/index.php?rest_route=\/wp\/v2\/types\/page"}],"author":[{"embeddable":true,"href":"https:\/\/asurb.com\/asurb3\/index.php?rest_route=\/wp\/v2\/users\/1"}],"replies":[{"embeddable":true,"href":"https:\/\/asurb.com\/asurb3\/index.php?rest_route=%2Fwp%2Fv2%2Fcomments&post=3496"}],"version-history":[{"count":3,"href":"https:\/\/asurb.com\/asurb3\/index.php?rest_route=\/wp\/v2\/pages\/3496\/revisions"}],"predecessor-version":[{"id":3544,"href":"https:\/\/asurb.com\/asurb3\/index.php?rest_route=\/wp\/v2\/pages\/3496\/revisions\/3544"}],"up":[{"embeddable":true,"href":"https:\/\/asurb.com\/asurb3\/index.php?rest_route=\/wp\/v2\/pages\/26"}],"wp:attachment":[{"href":"https:\/\/asurb.com\/asurb3\/index.php?rest_route=%2Fwp%2Fv2%2Fmedia&parent=3496"}],"curies":[{"name":"wp","href":"https:\/\/api.w.org\/{rel}","templated":true}]}}