{"id":355,"date":"2016-06-05T14:59:28","date_gmt":"2016-06-05T12:59:28","guid":{"rendered":"http:\/\/www.test.asurb.com\/?page_id=355"},"modified":"2016-06-05T14:59:28","modified_gmt":"2016-06-05T12:59:28","slug":"le-silence-de-la-foret","status":"publish","type":"page","link":"https:\/\/asurb.com\/asurb3\/?page_id=355","title":{"rendered":"Le silence de la for\u00eat"},"content":{"rendered":"<p style=\"text-align: justify;\"><a href=\"https:\/\/i0.wp.com\/asurb.com\/asurb3\/wp-content\/uploads\/2016\/06\/SilenceForet_Fiche.jpg?ssl=1\"><img data-recalc-dims=\"1\" loading=\"lazy\" decoding=\"async\" data-attachment-id=\"356\" data-permalink=\"https:\/\/asurb.com\/asurb3\/?attachment_id=356\" data-orig-file=\"https:\/\/i0.wp.com\/asurb.com\/asurb3\/wp-content\/uploads\/2016\/06\/SilenceForet_Fiche.jpg?fit=250%2C138&amp;ssl=1\" data-orig-size=\"250,138\" data-comments-opened=\"1\" data-image-meta=\"{&quot;aperture&quot;:&quot;0&quot;,&quot;credit&quot;:&quot;&quot;,&quot;camera&quot;:&quot;&quot;,&quot;caption&quot;:&quot;&quot;,&quot;created_timestamp&quot;:&quot;0&quot;,&quot;copyright&quot;:&quot;&quot;,&quot;focal_length&quot;:&quot;0&quot;,&quot;iso&quot;:&quot;0&quot;,&quot;shutter_speed&quot;:&quot;0&quot;,&quot;title&quot;:&quot;&quot;,&quot;orientation&quot;:&quot;0&quot;}\" data-image-title=\"SilenceForet_Fiche\" data-image-description=\"\" data-image-caption=\"\" data-large-file=\"https:\/\/i0.wp.com\/asurb.com\/asurb3\/wp-content\/uploads\/2016\/06\/SilenceForet_Fiche.jpg?fit=250%2C138&amp;ssl=1\" class=\"size-full wp-image-356 alignnone\" src=\"https:\/\/i0.wp.com\/asurb.com\/asurb3\/wp-content\/uploads\/2016\/06\/SilenceForet_Fiche.jpg?resize=250%2C138&#038;ssl=1\" alt=\"SilenceForet_Fiche\" width=\"250\" height=\"138\" \/><\/a><\/p>\n<p style=\"text-align: justify;\"><strong>De Didier OU\u00c9NANGAR\u00c9 et Bassek BA KOBHIO \u2013 94 min \u2013 R\u00e9publique centrafricaine\/Cameroun \u2013 2003 \u2013 VOSTF<\/strong><\/p>\n<p style=\"text-align: justify;\">Fiction \u2013 couleur \u2013 35 mm &#8211; version originale en sango sous-titr\u00e9e en fran\u00e7ais<br \/>\nSc\u00e9nario : Didier Ou\u00e9nangar\u00e9, Bassek Ba Kobhio ; Images : Pierre-Olivier Larrieu ; Montage : Joseph Licide ; Musique : Manu Dibango ; Son : Yvan Dacquet ; Interpr\u00e9tation : Eriq Ebouaney, Sonia Zemborou, Nad\u00e8ge Beausson \u2013 Diagne, Philippe Maury ; Production : Les Films Terre Africaine, BP 11371 YAOUND\u00c9 (Cameroun), t\u00e9l : 00 (237) 221 49 41 ; Production associ\u00e9e : Centre National du Cin\u00e9ma du Gabon (Libreville), t\u00e9l : 00 (241) 74 04 06<br \/>\nLe film a \u00e9t\u00e9 s\u00e9lectionn\u00e9 \u00e0 la Quinzaine des r\u00e9alisateurs \u00e0 Cannes en 2003<\/p>\n<h4 style=\"text-align: justify;\"><span style=\"color: #ff0000;\">Synopsis<\/span><\/h4>\n<p style=\"text-align: justify;\">De retour \u00e0 Bangui apr\u00e8s des \u00e9tudes en France, Gonaba est nomm\u00e9 Inspecteur des \u00c9coles. Mais il refuse d\u2019entrer dans la logique des pouvoirs que le d\u00e9but du film d\u00e9nonce sous forme de bouffonnerie. Sa relation avec Simone, une tenanci\u00e8re de bar, confirme sa marginalit\u00e9.<br \/>\nD\u00e9couvrant, \u00e0 l\u2019occasion d\u2019une inspection, le m\u00e9pris et l\u2019exploitation dont sont l\u2019objet les Pygm\u00e9es, quarante ans apr\u00e8s l\u2019ind\u00e9pendance, il d\u00e9cide de les rejoindre au c\u0153ur de la for\u00eat \u00e9quatoriale. Son projet : les aider \u00e0 s&rsquo;\u00e9manciper des \u00ab\u00a0hommes grands\u00a0\u00bb.<br \/>\nMais Il a beau citer Jean-Jacques Rousseau, tenter d\u2019apprendre aux enfants \u00e0 \u00e9crire, il a beau s\u2019int\u00e9grer au village en \u00e9pousant la belle Kali dont il aura un enfant, il se heurtera \u00e0 la remarquable r\u00e9sistance des Pygm\u00e9es \u00e0 toute tentative d\u2019influence. Finalement, c\u2019est lui qui va apprendre d\u2019eux.<br \/>\nCommence alors l\u2019initiation pleine d\u2019humour et de gravit\u00e9 de ce \u00ab Noir aux allures de Blanc \u00bb venu d\u2019ailleurs.<\/p>\n<h4 style=\"text-align: justify;\"><span style=\"color: #ff0000;\">Le r\u00e9alisateur<\/span><\/h4>\n<p style=\"text-align: justify;\">Didier Ou\u00e9nangar\u00e9 est n\u00e9 en 1953 \u00e0 Bambari, en R\u00e9publique<br \/>\ncentrafricaine. Il a r\u00e9alis\u00e9 de nombreux documentaires et un court-m\u00e9trage de fiction \u00ab\u00a0Pourquoi voter ? \u00ab\u00a0. \u00a0\u00bb Le Silence de la for\u00eat \u00a0\u00bb est son unique long-m\u00e9trage et \u00e9galement le premier long-m\u00e9trage centrafricain. Didier Ou\u00e9nangar\u00e9 est d\u00e9c\u00e9d\u00e9 le 29 septembre 2006.<br \/>\nBassek Ba Kobhio est un r\u00e9alisateur camerounais n\u00e9 en 1957. Sociologue et \u00e9crivain, il r\u00e9alise son premier court-m\u00e9trage documentaire, \u00a0\u00bb Festac \u00ab\u00a0, en 1989. Il publie plusieurs ouvrages dont \u00a0\u00bb Sango malo \u00a0\u00bb qu\u2019il adapte en 1991 : le film obtient le prix \u00ab Un certain regard \u00bb \u00e0 Cannes la m\u00eame ann\u00e9e. En 1994, il r\u00e9alise \u00a0\u00bb Le Grand blanc de Lambar\u00e9n\u00e9 \u00ab\u00a0.<\/p>\n","protected":false},"excerpt":{"rendered":"<p>De Didier OU\u00c9NANGAR\u00c9 et Bassek BA KOBHIO \u2013 94 min \u2013 R\u00e9publique centrafricaine\/Cameroun \u2013 2003 \u2013 VOSTF Fiction \u2013 couleur \u2013 35 mm &#8211; version originale en sango sous-titr\u00e9e en [&hellip;]<\/p>\n","protected":false},"author":1,"featured_media":0,"parent":26,"menu_order":0,"comment_status":"closed","ping_status":"closed","template":"","meta":{"footnotes":""},"class_list":["post-355","page","type-page","status-publish","hentry"],"jetpack_sharing_enabled":true,"jetpack_shortlink":"https:\/\/wp.me\/P7C6tF-5J","jetpack-related-posts":[{"id":328,"url":"https:\/\/asurb.com\/asurb3\/?page_id=328","url_meta":{"origin":355,"position":0},"title":"Le grand blanc de Lambar\u00e9n\u00e9","author":"webmaster","date":"5 juin 2016","format":false,"excerpt":"De Bassek BA KOBHIO \u2013 93 min \u2013 Cameroun \u2013 1994 \u2013 VF Fiction \u2013 couleur \u2013 35 mm \u2013 Version fran\u00e7aise. Sc\u00e9nario : Bassek Ba Kobhio ; Adaptation et dialogues : Serge Lascar et Bassek Ba Kobhio ; Image : Vincenzo Marano ; Montage : Michel Klochendler ; Musique\u2026","rel":"","context":"Article similaire","block_context":{"text":"Article similaire","link":""},"img":{"alt_text":"Lambarene_fiche","src":"https:\/\/i0.wp.com\/asurb.com\/asurb3\/wp-content\/uploads\/2016\/06\/Lambarene_fiche.jpg?resize=350%2C200&ssl=1","width":350,"height":200},"classes":[]},{"id":137,"url":"https:\/\/asurb.com\/asurb3\/?page_id=137","url_meta":{"origin":355,"position":1},"title":"Programme 2008","author":"webmaster","date":"3 juin 2016","format":false,"excerpt":"Sommaire \u2022 Les soir\u00e9es grand public \u2022 S\u00e9ances r\u00e9serv\u00e9es aux scolaires \u2022 Autour du festival \u2022 Membres du comit\u00e9 de parrainage \u2022 Remerciements \u2022 Pour se rendre sur les lieux \u2022 Les soir\u00e9es grand public Samedi 15 novembre Soir\u00e9e d\u2019ouverture Cin\u00e9ma la Pl\u00e9iade - 94230 - Cachan 20h30 - TABATABA\u2026","rel":"","context":"Article similaire","block_context":{"text":"Article similaire","link":""},"img":{"alt_text":"","src":"https:\/\/i0.wp.com\/asurb.com\/AsurB\/D_Images\/D_Gif_bl\/Blanc120.gif?resize=350%2C200&ssl=1","width":350,"height":200},"classes":[]},{"id":513,"url":"https:\/\/asurb.com\/asurb3\/?page_id=513","url_meta":{"origin":355,"position":2},"title":"Programme 2009","author":"webmaster","date":"6 juin 2016","format":false,"excerpt":"Sommaire \u2022 S\u00e9ances ouvertes au public \u2022 S\u00e9ances r\u00e9serv\u00e9es aux scolaires \u2022 Membres du comit\u00e9 de parrainage \u2022 Remerciements \u2022 Pour se rendre sur les lieux \u2022 Les s\u00e9ances ouvertes au public Dimanche 15 novembre Soir\u00e9e Les pionniers du cin\u00e9ma nig\u00e9rien MJC Louise Michel - 94260 Fresnes 18h30 - BON\u2026","rel":"","context":"Article similaire","block_context":{"text":"Article similaire","link":""},"img":{"alt_text":"","src":"https:\/\/i0.wp.com\/asurb.com\/AsurB\/D_Images\/D_Gif_bl\/Blanc120.gif?resize=350%2C200&ssl=1","width":350,"height":200},"classes":[]},{"id":226,"url":"https:\/\/asurb.com\/asurb3\/?page_id=226","url_meta":{"origin":355,"position":3},"title":"Faro la reine des eaux","author":"webmaster","date":"4 juin 2016","format":false,"excerpt":"De Salif TRAOR\u00c9 \u2013 96 min \u2013 Mali \u2013 2007 \u2013 VOSTF Fiction \u2013 couleur \u2013 35 mm \u2013 Version originale en bambara, sous titr\u00e9e en fran\u00e7ais Ce film a fait l\u2019ouverture du FESPACO*, a \u00e9t\u00e9 s\u00e9lectionn\u00e9 au festival de Berlin (section forum) et au festival de Toronto en 2007.\u2026","rel":"","context":"Article similaire","block_context":{"text":"Article similaire","link":""},"img":{"alt_text":"Faro_Fiche","src":"https:\/\/i0.wp.com\/asurb.com\/asurb3\/wp-content\/uploads\/2016\/06\/Faro_Fiche.jpg?resize=350%2C200&ssl=1","width":350,"height":200},"classes":[]},{"id":379,"url":"https:\/\/asurb.com\/asurb3\/?page_id=379","url_meta":{"origin":355,"position":4},"title":"Menged","author":"webmaster","date":"5 juin 2016","format":false,"excerpt":"De Daniel TAYE WORKOU \u2013 21 min \u2013 Ethiopie \u2013 2006 \u2013 VOSTF Fiction \u2013 couleur \u2013 35 mm \u2013 Version originale en amharic, sous titr\u00e9e en fran\u00e7ais Poulain d\u2019or de Yennenga au FESPACO* 2007 Sc\u00e9nario : Daniel Taye Workou ; Image : Ian Blumers ; Montage : Gregorio Sebastio\u2026","rel":"","context":"Article similaire","block_context":{"text":"Article similaire","link":""},"img":{"alt_text":"Menged_Fiche","src":"https:\/\/i0.wp.com\/asurb.com\/asurb3\/wp-content\/uploads\/2016\/06\/Menged_Fiche.jpg?resize=350%2C200&ssl=1","width":350,"height":200},"classes":[]},{"id":447,"url":"https:\/\/asurb.com\/asurb3\/?page_id=447","url_meta":{"origin":355,"position":5},"title":"Tabataba","author":"webmaster","date":"5 juin 2016","format":false,"excerpt":"De Raymond RAJAONARIVELO \u2013 84 min \u2013 Madagascar \u2013 1988 \u2013 VOSTF Fiction \u2013 couleur \u2013 35 mm \u2013 version originale en malgache sous-titr\u00e9e en fran\u00e7ais Sc\u00e9nario : Robert Archer, Raymond Rajaonarivelo ; Images : Bruno Privat ; Montage : Suzanne Koch ; Musique : Eddy Louiss ; Son :\u2026","rel":"","context":"Article similaire","block_context":{"text":"Article similaire","link":""},"img":{"alt_text":"Tabataba_Fiche","src":"https:\/\/i0.wp.com\/asurb.com\/asurb3\/wp-content\/uploads\/2016\/06\/Tabataba_Fiche.jpg?resize=350%2C200&ssl=1","width":350,"height":200},"classes":[]}],"_links":{"self":[{"href":"https:\/\/asurb.com\/asurb3\/index.php?rest_route=\/wp\/v2\/pages\/355","targetHints":{"allow":["GET"]}}],"collection":[{"href":"https:\/\/asurb.com\/asurb3\/index.php?rest_route=\/wp\/v2\/pages"}],"about":[{"href":"https:\/\/asurb.com\/asurb3\/index.php?rest_route=\/wp\/v2\/types\/page"}],"author":[{"embeddable":true,"href":"https:\/\/asurb.com\/asurb3\/index.php?rest_route=\/wp\/v2\/users\/1"}],"replies":[{"embeddable":true,"href":"https:\/\/asurb.com\/asurb3\/index.php?rest_route=%2Fwp%2Fv2%2Fcomments&post=355"}],"version-history":[{"count":1,"href":"https:\/\/asurb.com\/asurb3\/index.php?rest_route=\/wp\/v2\/pages\/355\/revisions"}],"predecessor-version":[{"id":357,"href":"https:\/\/asurb.com\/asurb3\/index.php?rest_route=\/wp\/v2\/pages\/355\/revisions\/357"}],"up":[{"embeddable":true,"href":"https:\/\/asurb.com\/asurb3\/index.php?rest_route=\/wp\/v2\/pages\/26"}],"wp:attachment":[{"href":"https:\/\/asurb.com\/asurb3\/index.php?rest_route=%2Fwp%2Fv2%2Fmedia&parent=355"}],"curies":[{"name":"wp","href":"https:\/\/api.w.org\/{rel}","templated":true}]}}

Le silence de la forêt

<p style="text-align: justify;"><a href="https://i0.wp.com/asurb.com/asurb3/wp-content/uploads/2016/06/SilenceForet_Fiche.jpg?ssl=1"><img data-recalc-dims="1" loading="lazy" decoding="async" data-attachment-id="356" data-permalink="https://asurb.com/asurb3/?attachment_id=356" data-orig-file="https://i0.wp.com/asurb.com/asurb3/wp-content/uploads/2016/06/SilenceForet_Fiche.jpg?fit=250%2C138&amp;ssl=1" data-orig-size="250,138" data-comments-opened="1" data-image-meta="{&quot;aperture&quot;:&quot;0&quot;,&quot;credit&quot;:&quot;&quot;,&quot;camera&quot;:&quot;&quot;,&quot;caption&quot;:&quot;&quot;,&quot;created_timestamp&quot;:&quot;0&quot;,&quot;copyright&quot;:&quot;&quot;,&quot;focal_length&quot;:&quot;0&quot;,&quot;iso&quot;:&quot;0&quot;,&quot;shutter_speed&quot;:&quot;0&quot;,&quot;title&quot;:&quot;&quot;,&quot;orientation&quot;:&quot;0&quot;}" data-image-title="SilenceForet_Fiche" data-image-description="" data-image-caption="" data-large-file="https://i0.wp.com/asurb.com/asurb3/wp-content/uploads/2016/06/SilenceForet_Fiche.jpg?fit=250%2C138&amp;ssl=1" class="size-full wp-image-356 alignnone" src="https://i0.wp.com/asurb.com/asurb3/wp-content/uploads/2016/06/SilenceForet_Fiche.jpg?resize=250%2C138&#038;ssl=1" alt="SilenceForet_Fiche" width="250" height="138" /></a></p>
<p style="text-align: justify;"><strong>De Didier OUÉNANGARÉ et Bassek BA KOBHIO – 94 min – République centrafricaine/Cameroun – 2003 – VOSTF</strong></p>
<p style="text-align: justify;">Fiction – couleur – 35 mm &#8211; version originale en sango sous-titrée en français<br />
Scénario : Didier Ouénangaré, Bassek Ba Kobhio ; Images : Pierre-Olivier Larrieu ; Montage : Joseph Licide ; Musique : Manu Dibango ; Son : Yvan Dacquet ; Interprétation : Eriq Ebouaney, Sonia Zemborou, Nadège Beausson – Diagne, Philippe Maury ; Production : Les Films Terre Africaine, BP 11371 YAOUNDÉ (Cameroun), tél : 00 (237) 221 49 41 ; Production associée : Centre National du Cinéma du Gabon (Libreville), tél : 00 (241) 74 04 06<br />
Le film a été sélectionné à la Quinzaine des réalisateurs à Cannes en 2003</p>
<h4 style="text-align: justify;"><span style="color: #ff0000;">Synopsis</span></h4>
<p style="text-align: justify;">De retour à Bangui après des études en France, Gonaba est nommé Inspecteur des Écoles. Mais il refuse d’entrer dans la logique des pouvoirs que le début du film dénonce sous forme de bouffonnerie. Sa relation avec Simone, une tenancière de bar, confirme sa marginalité.<br />
Découvrant, à l’occasion d’une inspection, le mépris et l’exploitation dont sont l’objet les Pygmées, quarante ans après l’indépendance, il décide de les rejoindre au cœur de la forêt équatoriale. Son projet : les aider à s&rsquo;émanciper des « hommes grands ».<br />
Mais Il a beau citer Jean-Jacques Rousseau, tenter d’apprendre aux enfants à écrire, il a beau s’intégrer au village en épousant la belle Kali dont il aura un enfant, il se heurtera à la remarquable résistance des Pygmées à toute tentative d’influence. Finalement, c’est lui qui va apprendre d’eux.<br />
Commence alors l’initiation pleine d’humour et de gravité de ce « Noir aux allures de Blanc » venu d’ailleurs.</p>
<h4 style="text-align: justify;"><span style="color: #ff0000;">Le réalisateur</span></h4>
<p style="text-align: justify;">Didier Ouénangaré est né en 1953 à Bambari, en République<br />
centrafricaine. Il a réalisé de nombreux documentaires et un court-métrage de fiction « Pourquoi voter ? « .  » Le Silence de la forêt  » est son unique long-métrage et également le premier long-métrage centrafricain. Didier Ouénangaré est décédé le 29 septembre 2006.<br />
Bassek Ba Kobhio est un réalisateur camerounais né en 1957. Sociologue et écrivain, il réalise son premier court-métrage documentaire,  » Festac « , en 1989. Il publie plusieurs ouvrages dont  » Sango malo  » qu’il adapte en 1991 : le film obtient le prix « Un certain regard » à Cannes la même année. En 1994, il réalise  » Le Grand blanc de Lambaréné « .</p>

<p>De Didier OUÉNANGARÉ et Bassek BA KOBHIO – 94 min – République centrafricaine/Cameroun – 2003 – VOSTF Fiction – couleur – 35 mm &#8211; version originale en sango sous-titrée en [&hellip;]</p>

Le grand blanc de Lambaréné

De Bassek BA KOBHIO – 93 min – Cameroun – 1994 – VF Fiction – couleur – 35 mm – Version française. Scénario : Bassek Ba Kobhio ; Adaptation et dialogues : Serge Lascar et Bassek Ba Kobhio ; Image : Vincenzo Marano ; Montage : Michel Klochendler ; Musique…

Sommaire • Les soirées grand public • Séances réservées aux scolaires • Autour du festival • Membres du comité de parrainage • Remerciements • Pour se rendre sur les lieux • Les soirées grand public Samedi 15 novembre Soirée d’ouverture Cinéma la Pléiade - 94230 - Cachan 20h30 - TABATABA…

Sommaire • Séances ouvertes au public • Séances réservées aux scolaires • Membres du comité de parrainage • Remerciements • Pour se rendre sur les lieux • Les séances ouvertes au public Dimanche 15 novembre Soirée Les pionniers du cinéma nigérien MJC Louise Michel - 94260 Fresnes 18h30 - BON…

De Salif TRAORÉ – 96 min – Mali – 2007 – VOSTF Fiction – couleur – 35 mm – Version originale en bambara, sous titrée en français Ce film a fait l’ouverture du FESPACO*, a été sélectionné au festival de Berlin (section forum) et au festival de Toronto en 2007.…

De Daniel TAYE WORKOU – 21 min – Ethiopie – 2006 – VOSTF Fiction – couleur – 35 mm – Version originale en amharic, sous titrée en français Poulain d’or de Yennenga au FESPACO* 2007 Scénario : Daniel Taye Workou ; Image : Ian Blumers ; Montage : Gregorio Sebastio…

De Raymond RAJAONARIVELO – 84 min – Madagascar – 1988 – VOSTF Fiction – couleur – 35 mm – version originale en malgache sous-titrée en français Scénario : Robert Archer, Raymond Rajaonarivelo ; Images : Bruno Privat ; Montage : Suzanne Koch ; Musique : Eddy Louiss ; Son :…
