{"id":358,"date":"2016-06-05T15:04:10","date_gmt":"2016-06-05T13:04:10","guid":{"rendered":"http:\/\/www.test.asurb.com\/?page_id=358"},"modified":"2016-06-05T15:04:10","modified_gmt":"2016-06-05T13:04:10","slug":"le-voyage-a-alger","status":"publish","type":"page","link":"https:\/\/asurb.com\/asurb3\/?page_id=358","title":{"rendered":"Le voyage \u00e0 Alger"},"content":{"rendered":"<p style=\"text-align: justify;\"><a href=\"https:\/\/i0.wp.com\/asurb.com\/asurb3\/wp-content\/uploads\/2016\/06\/Alger_Fiche.jpg?ssl=1\"><img data-recalc-dims=\"1\" loading=\"lazy\" decoding=\"async\" data-attachment-id=\"359\" data-permalink=\"https:\/\/asurb.com\/asurb3\/?attachment_id=359\" data-orig-file=\"https:\/\/i0.wp.com\/asurb.com\/asurb3\/wp-content\/uploads\/2016\/06\/Alger_Fiche.jpg?fit=250%2C138&amp;ssl=1\" data-orig-size=\"250,138\" data-comments-opened=\"1\" data-image-meta=\"{&quot;aperture&quot;:&quot;0&quot;,&quot;credit&quot;:&quot;&quot;,&quot;camera&quot;:&quot;&quot;,&quot;caption&quot;:&quot;&quot;,&quot;created_timestamp&quot;:&quot;0&quot;,&quot;copyright&quot;:&quot;&quot;,&quot;focal_length&quot;:&quot;0&quot;,&quot;iso&quot;:&quot;0&quot;,&quot;shutter_speed&quot;:&quot;0&quot;,&quot;title&quot;:&quot;&quot;,&quot;orientation&quot;:&quot;0&quot;}\" data-image-title=\"Alger_Fiche\" data-image-description=\"\" data-image-caption=\"\" data-large-file=\"https:\/\/i0.wp.com\/asurb.com\/asurb3\/wp-content\/uploads\/2016\/06\/Alger_Fiche.jpg?fit=250%2C138&amp;ssl=1\" class=\"size-full wp-image-359 alignnone\" src=\"https:\/\/i0.wp.com\/asurb.com\/asurb3\/wp-content\/uploads\/2016\/06\/Alger_Fiche.jpg?resize=250%2C138&#038;ssl=1\" alt=\"Alger_Fiche\" width=\"250\" height=\"138\" \/><\/a><\/p>\n<p style=\"text-align: justify;\"><strong>De Abdelkrim BAHLOUL &#8211; 97 min &#8211; Alg\u00e9rie &#8211; 2010<\/strong><\/p>\n<p style=\"text-align: justify;\">Fiction &#8211; couleur &#8211; 35 mm &#8211; version originale en arabe et fran\u00e7ais (sous-titr\u00e9e en fran\u00e7ais)<br \/>\nSc\u00e9nario : Abdelkrim Bahloul ; Image : Allal Yahiaoui ; Son : Dominique Warnier, Marc Nouyrigat ; Montage : Youcef Tobni ;<br \/>\nInterpr\u00e9tation : Samia Z\u00e9miane, Samy Ahedda, Ghazeli Khedda, Laurent Roth, Benyamina Bahloul ; Production : Source Films, 68, rue de l&rsquo;Est,92100 Boulogne.Tel : 01 41 10 41 30 ; Fax : 01 41 10 80 21.Courriel: source@source-films.com .<br \/>\nPrix du public aux Journ\u00e9es cin\u00e9matographiques de Carthage (2010), Prix du meilleur sc\u00e9nario (A.Bahloul) et de la meilleure interpr\u00e9tation f\u00e9minine (Samia M\u00e9ziane) au FESPACO 2011, Prix Unicef et Prix Signis, au FESPACO 2011, Ecran d&rsquo;or 2011 aux Ecrans noirs de Yaound\u00e9, Prix du meilleur long m\u00e9trage au festival Vues d&rsquo;Afrique de Montr\u00e9al 2011, Prim\u00e9 aux festivals de Namur et d&rsquo;Angoul\u00eame.<\/p>\n<h4 style=\"text-align: justify;\"><span style=\"color: #ff0000;\">Synopsis<\/span><\/h4>\n<p style=\"text-align: justify;\">La veuve d&rsquo;un h\u00e9ros de la guerre, m\u00e8re de six enfants, a re\u00e7u d&rsquo;un Fran\u00e7ais quittant l&rsquo;Alg\u00e9rie quelques mois apr\u00e8s l&rsquo;ind\u00e9pendance, une grande maison en centre ville \u00e0 Sa\u00efda. Un haut fonctionnaire veut l&rsquo;en d\u00e9loger pour y habiter. Apr\u00e8s avoir perdu l&rsquo;espoir de regagner son bien par le biais des autorit\u00e9s locales, soutenue par son fr\u00e8re, modeste employ\u00e9, et anim\u00e9e d&rsquo;une farouche d\u00e9termination, elle est d\u00e9cid\u00e9e \u00e0 braver tous les obstacles pour obtenir justice. Elle part avec un de ses fils jusqu&rsquo;\u00e0 la capitale pour y rencontrer le Pr\u00e9sident de la R\u00e9publique.<br \/>\nAbdelkrim Bahloul choisit de revisiter un pan oubli\u00e9 de l&rsquo;histoire de l&rsquo;Alg\u00e9rie en \u00e9voquant le sort r\u00e9serv\u00e9 aux familles de \u00ab chahid\u00bb (martyrs de la guerre de lib\u00e9ration) sans ressources , trop vite oubli\u00e9es dans la liesse qui a suivi la proclamation de l&rsquo;ind\u00e9pendance et dans la mise en place d&rsquo;une nouvelle soci\u00e9t\u00e9.<\/p>\n<h4 style=\"text-align: justify;\"><span style=\"color: #ff0000;\">Le r\u00e9alisateur<\/span><\/h4>\n<p style=\"text-align: justify;\">Abdelkrim Bahloul a suivi les cours du Conservatoire national d&rsquo;Art dramatique d&rsquo;Alger, puis de celui de Paris. Titulaire d&rsquo;une licence de Lettres Modernes en 1973, il fait ses \u00e9tudes de cin\u00e9ma \u00e0 l&rsquo;IDHEC. Apr\u00e8s avoir \u00e9t\u00e9 op\u00e9rateur de prise de vues puis assistant r\u00e9alisateur \u00e0 A2 et TF1, il r\u00e9alise en 1984 son premier long m\u00e9trage pr\u00e9sent\u00e9 \u00e0 Cannes, \u00ab Le th\u00e9 \u00e0 la menthe\u00bb. Suivront \u00abUn vampire au Paradis\u00bb(1991), \u00abLes soeurs Hamlet\u00bb(1996), \u00abLa nuit du destin\u00bb(1997) et \u00abLe soleil assassin\u00e9\u00bb(2003).Toutes ces oeuvres ont \u00e9t\u00e9 prim\u00e9es dans diff\u00e9rents festivals (Chamrousse, Valencia, Montr\u00e9al, Johannesburg).<\/p>\n","protected":false},"excerpt":{"rendered":"<p>De Abdelkrim BAHLOUL &#8211; 97 min &#8211; Alg\u00e9rie &#8211; 2010 Fiction &#8211; couleur &#8211; 35 mm &#8211; version originale en arabe et fran\u00e7ais (sous-titr\u00e9e en fran\u00e7ais) Sc\u00e9nario : Abdelkrim Bahloul [&hellip;]<\/p>\n","protected":false},"author":1,"featured_media":0,"parent":26,"menu_order":0,"comment_status":"closed","ping_status":"closed","template":"","meta":{"footnotes":""},"class_list":["post-358","page","type-page","status-publish","hentry"],"jetpack_sharing_enabled":true,"jetpack_shortlink":"https:\/\/wp.me\/P7C6tF-5M","jetpack-related-posts":[{"id":535,"url":"https:\/\/asurb.com\/asurb3\/?page_id=535","url_meta":{"origin":358,"position":0},"title":"Programme 2010","author":"webmaster","date":"6 juin 2016","format":false,"excerpt":"Sommaire \u2022 S\u00e9ances ouvertes au public \u2022 S\u00e9ances scolaires \u2022 Partenaires \u2022 Membres du comit\u00e9 de parrainage \u2022 Remerciements \u2022 Pour se rendre sur les lieux \u2022 Les s\u00e9ances ouvertes au public Samedi 13 novembre Cin\u00e9ma La Pl\u00e9iade - 94230 Cachan 18h00 - L\u2019ABSENCE Long-m\u00e9trage de Mama KE\u00cfTA - 81\u2026","rel":"","context":"Article similaire","block_context":{"text":"Article similaire","link":""},"img":{"alt_text":"","src":"https:\/\/i0.wp.com\/asurb.com\/AsurB\/D_Images\/D_Gif_bl\/Blanc120.gif?resize=350%2C200&ssl=1","width":350,"height":200},"classes":[]},{"id":513,"url":"https:\/\/asurb.com\/asurb3\/?page_id=513","url_meta":{"origin":358,"position":1},"title":"Programme 2009","author":"webmaster","date":"6 juin 2016","format":false,"excerpt":"Sommaire \u2022 S\u00e9ances ouvertes au public \u2022 S\u00e9ances r\u00e9serv\u00e9es aux scolaires \u2022 Membres du comit\u00e9 de parrainage \u2022 Remerciements \u2022 Pour se rendre sur les lieux \u2022 Les s\u00e9ances ouvertes au public Dimanche 15 novembre Soir\u00e9e Les pionniers du cin\u00e9ma nig\u00e9rien MJC Louise Michel - 94260 Fresnes 18h30 - BON\u2026","rel":"","context":"Article similaire","block_context":{"text":"Article similaire","link":""},"img":{"alt_text":"","src":"https:\/\/i0.wp.com\/asurb.com\/AsurB\/D_Images\/D_Gif_bl\/Blanc120.gif?resize=350%2C200&ssl=1","width":350,"height":200},"classes":[]},{"id":115,"url":"https:\/\/asurb.com\/asurb3\/?page_id=115","url_meta":{"origin":358,"position":2},"title":"Festival 2011","author":"webmaster","date":"3 juin 2016","format":false,"excerpt":"Du 12 au 26 novembre 2011, l'association Afrique sur Bi\u00e8vre organise la 5\u00e8me \u00e9dition du CINE REGARDS AFRICAINS \u2013 Films en Festival Dans six salles \u2022 Cin\u00e9ma la Pl\u00e9iade - 94230 Cachan \u2022 Espace Culturel Andr\u00e9 Malraux - 94270 Le Kremlin-Bic\u00eatre \u2022 Cin\u00e9ma la Tournelle - 94240 L'Hay Les Roses\u2026","rel":"","context":"Article similaire","block_context":{"text":"Article similaire","link":""},"img":{"alt_text":"","src":"","width":0,"height":0},"classes":[]},{"id":334,"url":"https:\/\/asurb.com\/asurb3\/?page_id=334","url_meta":{"origin":358,"position":3},"title":"Le poisson noy\u00e9","author":"webmaster","date":"5 juin 2016","format":false,"excerpt":"De Malik AMARA - 18 min - Tunisie - 2008 Fiction - couleur - 35mm - version originale en arabe sous-titr\u00e9e en Fran\u00e7ais Sc\u00e9nario : Malik Amara ; Images : Nabil Saidi ; Montage : Penda Hourgambe ; Son : Karim Guerima ; D\u00e9cor : Axelle Amara ; Interpr\u00e9tation :\u2026","rel":"","context":"Article similaire","block_context":{"text":"Article similaire","link":""},"img":{"alt_text":"Malick_Amara_Fiche","src":"https:\/\/i0.wp.com\/asurb.com\/asurb3\/wp-content\/uploads\/2016\/06\/Malick_Amara_Fiche.jpg?resize=350%2C200&ssl=1","width":350,"height":200},"classes":[]},{"id":241,"url":"https:\/\/asurb.com\/asurb3\/?page_id=241","url_meta":{"origin":358,"position":4},"title":"Ils se sont tus","author":"webmaster","date":"4 juin 2016","format":false,"excerpt":"De Khaled BENA\u00cfSSA - 17 min - Alg\u00e9rie - 2009 Fiction - couleur - 35mm - version arabe sous-titr\u00e9e en fran\u00e7ais Sc\u00e9nario : Khaled Bena\u00efssa ; Image : Mohammed Soudani ; Montage : Malik Benyounes ; Musique : Mourad Guechoud ; Son : Hamid Osmani ; D\u00e9cor : Adel Kasser\u2026","rel":"","context":"Article similaire","block_context":{"text":"Article similaire","link":""},"img":{"alt_text":"Ilssesonttus_Fiche2010","src":"https:\/\/i0.wp.com\/asurb.com\/asurb3\/wp-content\/uploads\/2016\/06\/Ilssesonttus_Fiche2010.jpg?resize=350%2C200&ssl=1","width":350,"height":200},"classes":[]},{"id":477,"url":"https:\/\/asurb.com\/asurb3\/?page_id=477","url_meta":{"origin":358,"position":5},"title":"Un taxi pour Aouzou","author":"webmaster","date":"5 juin 2016","format":false,"excerpt":"De Issa Serge COELO \u2013 22 min \u2013 France\/Tchad \u2013 1995 \u2013 VOST Fiction \u2013 couleur \u2013 35 mm \u2013 version originale en arabe sous-titr\u00e9e en fran\u00e7ais Sc\u00e9nario : Issa Serge Coelo, Pierre Guillaume ; Image : Pascal Poucet ; Montage : Agn\u00e8s Bruckert, St\u00e9phanie Mahet ; Son : St\u00e9phan\u2026","rel":"","context":"Article similaire","block_context":{"text":"Article similaire","link":""},"img":{"alt_text":"TaxiAouzou2_fiche","src":"https:\/\/i0.wp.com\/asurb.com\/asurb3\/wp-content\/uploads\/2016\/06\/TaxiAouzou2_fiche.jpg?resize=350%2C200&ssl=1","width":350,"height":200},"classes":[]}],"_links":{"self":[{"href":"https:\/\/asurb.com\/asurb3\/index.php?rest_route=\/wp\/v2\/pages\/358","targetHints":{"allow":["GET"]}}],"collection":[{"href":"https:\/\/asurb.com\/asurb3\/index.php?rest_route=\/wp\/v2\/pages"}],"about":[{"href":"https:\/\/asurb.com\/asurb3\/index.php?rest_route=\/wp\/v2\/types\/page"}],"author":[{"embeddable":true,"href":"https:\/\/asurb.com\/asurb3\/index.php?rest_route=\/wp\/v2\/users\/1"}],"replies":[{"embeddable":true,"href":"https:\/\/asurb.com\/asurb3\/index.php?rest_route=%2Fwp%2Fv2%2Fcomments&post=358"}],"version-history":[{"count":1,"href":"https:\/\/asurb.com\/asurb3\/index.php?rest_route=\/wp\/v2\/pages\/358\/revisions"}],"predecessor-version":[{"id":360,"href":"https:\/\/asurb.com\/asurb3\/index.php?rest_route=\/wp\/v2\/pages\/358\/revisions\/360"}],"up":[{"embeddable":true,"href":"https:\/\/asurb.com\/asurb3\/index.php?rest_route=\/wp\/v2\/pages\/26"}],"wp:attachment":[{"href":"https:\/\/asurb.com\/asurb3\/index.php?rest_route=%2Fwp%2Fv2%2Fmedia&parent=358"}],"curies":[{"name":"wp","href":"https:\/\/api.w.org\/{rel}","templated":true}]}}