{"id":3900,"date":"2023-11-24T16:44:38","date_gmt":"2023-11-24T15:44:38","guid":{"rendered":"https:\/\/asurb.com\/asurb3\/?page_id=3900"},"modified":"2023-11-24T16:45:24","modified_gmt":"2023-11-24T15:45:24","slug":"jury-des-longs-metrages-2023","status":"publish","type":"page","link":"https:\/\/asurb.com\/asurb3\/?page_id=3900","title":{"rendered":"Jury des longs-m\u00e9trages 2023"},"content":{"rendered":"\n<p>Composition du jury qui attribue le prix \u00e0 un des longs-m\u00e9trages projet\u00e9s pendant le festival 2023 :<\/p>\n<ul>\n<li>Alassane DIAGO , r\u00e9alisateur<\/li>\n<li>Th\u00e9r\u00e8se-Marie DEFFONTAINES, journaliste, sp\u00e9cialiste du cin\u00e9ma africain<\/li>\n<li>Marie-Pomme CARTERET, monteuse<\/li>\n<li>Beno\u00eet de CHAUMONT, cin\u00e9ma La Tournelle &#8211; L&rsquo;Ha\u00ff les Roses)<\/li>\n<li>S\u00e9bastien LE VAILLANT, cin\u00e9ma Jean Vilar &#8211; Arcueil<br \/><br \/><img data-recalc-dims=\"1\" loading=\"lazy\" decoding=\"async\" data-attachment-id=\"3899\" data-permalink=\"https:\/\/asurb.com\/asurb3\/?attachment_id=3899\" data-orig-file=\"https:\/\/i0.wp.com\/asurb.com\/asurb3\/wp-content\/uploads\/2023\/11\/Diapo-Jury-LM-2023-VF.jpg?fit=1224%2C918&amp;ssl=1\" data-orig-size=\"1224,918\" data-comments-opened=\"1\" data-image-meta=\"{&quot;aperture&quot;:&quot;0&quot;,&quot;credit&quot;:&quot;&quot;,&quot;camera&quot;:&quot;&quot;,&quot;caption&quot;:&quot;&quot;,&quot;created_timestamp&quot;:&quot;0&quot;,&quot;copyright&quot;:&quot;&quot;,&quot;focal_length&quot;:&quot;0&quot;,&quot;iso&quot;:&quot;0&quot;,&quot;shutter_speed&quot;:&quot;0&quot;,&quot;title&quot;:&quot;&quot;,&quot;orientation&quot;:&quot;0&quot;}\" data-image-title=\"Diapo Jury LM 2023 VF\" data-image-description=\"\" data-image-caption=\"\" data-large-file=\"https:\/\/i0.wp.com\/asurb.com\/asurb3\/wp-content\/uploads\/2023\/11\/Diapo-Jury-LM-2023-VF.jpg?fit=900%2C675&amp;ssl=1\" class=\" wp-image-3899 aligncenter\" src=\"https:\/\/i0.wp.com\/asurb.com\/asurb3\/wp-content\/uploads\/2023\/11\/Diapo-Jury-LM-2023-VF.jpg?resize=404%2C303&#038;ssl=1\" alt=\"\" width=\"404\" height=\"303\" srcset=\"https:\/\/i0.wp.com\/asurb.com\/asurb3\/wp-content\/uploads\/2023\/11\/Diapo-Jury-LM-2023-VF.jpg?resize=300%2C225&amp;ssl=1 300w, https:\/\/i0.wp.com\/asurb.com\/asurb3\/wp-content\/uploads\/2023\/11\/Diapo-Jury-LM-2023-VF.jpg?resize=1024%2C768&amp;ssl=1 1024w, https:\/\/i0.wp.com\/asurb.com\/asurb3\/wp-content\/uploads\/2023\/11\/Diapo-Jury-LM-2023-VF.jpg?resize=100%2C75&amp;ssl=1 100w, https:\/\/i0.wp.com\/asurb.com\/asurb3\/wp-content\/uploads\/2023\/11\/Diapo-Jury-LM-2023-VF.jpg?resize=600%2C450&amp;ssl=1 600w, https:\/\/i0.wp.com\/asurb.com\/asurb3\/wp-content\/uploads\/2023\/11\/Diapo-Jury-LM-2023-VF.jpg?w=1224&amp;ssl=1 1224w\" sizes=\"auto, (max-width: 404px) 100vw, 404px\" \/><\/li>\n<\/ul>\n","protected":false},"excerpt":{"rendered":"<p>Composition du jury qui attribue le prix \u00e0 un des longs-m\u00e9trages projet\u00e9s pendant le festival 2023 : Alassane DIAGO , r\u00e9alisateur Th\u00e9r\u00e8se-Marie DEFFONTAINES, journaliste, sp\u00e9cialiste du cin\u00e9ma africain Marie-Pomme CARTERET, [&hellip;]<\/p>\n","protected":false},"author":1,"featured_media":0,"parent":0,"menu_order":3,"comment_status":"closed","ping_status":"closed","template":"","meta":{"footnotes":""},"class_list":["post-3900","page","type-page","status-publish","hentry"],"jetpack_sharing_enabled":true,"jetpack_shortlink":"https:\/\/wp.me\/P7C6tF-10U","jetpack-related-posts":[{"id":4837,"url":"https:\/\/asurb.com\/asurb3\/?page_id=4837","url_meta":{"origin":3900,"position":0},"title":"Composition du jury pour le Prix des longs m\u00e9trages 2025","author":"webmaster","date":"14 novembre 2025","format":false,"excerpt":"Yolande Jos\u00e8phe (r\u00e9alisatrice) Marc Berman (com\u00e9dien) Bruno Henry (com\u00e9dien) Olivier Lorelle (sc\u00e9nariste)Pr\u00e9sident du jury Benoit de Chaumont (Cin\u00e9ma La Tournelle L'Hay les roses) Romane Camo (Cin\u00e9ma La Pl\u00e9iade Cachan) Thierry Vannenieuwembrouck (m\u00e9diath\u00e8que de Chevilly Larue)","rel":"","context":"Article similaire","block_context":{"text":"Article similaire","link":""},"img":{"alt_text":"","src":"https:\/\/i0.wp.com\/asurb.com\/asurb3\/wp-content\/uploads\/2025\/11\/Yolande-Josephe-T-284x300.jpg?resize=350%2C200&ssl=1","width":350,"height":200},"classes":[]},{"id":4338,"url":"https:\/\/asurb.com\/asurb3\/?page_id=4338","url_meta":{"origin":3900,"position":1},"title":"Jury du concours des longs m\u00e9trages 2024","author":"webmaster","date":"19 novembre 2024","format":false,"excerpt":"","rel":"","context":"Article similaire","block_context":{"text":"Article similaire","link":""},"img":{"alt_text":"","src":"https:\/\/i0.wp.com\/asurb.com\/asurb3\/wp-content\/uploads\/2024\/11\/Diapo-Jury-LM-2024-300x225.jpg?resize=350%2C200&ssl=1","width":350,"height":200},"classes":[]},{"id":3548,"url":"https:\/\/asurb.com\/asurb3\/?page_id=3548","url_meta":{"origin":3900,"position":2},"title":"Jury du prix pour les longs m\u00e9trages projet\u00e9s pendant le festival 2022","author":"webmaster","date":"11 d\u00e9cembre 2022","format":false,"excerpt":"","rel":"","context":"Article similaire","block_context":{"text":"Article similaire","link":""},"img":{"alt_text":"","src":"https:\/\/i0.wp.com\/asurb.com\/asurb3\/wp-content\/uploads\/2022\/12\/Diapo-Jury-LM-2022-V2-1-300x225.jpg?resize=350%2C200&ssl=1","width":350,"height":200},"classes":[]},{"id":5018,"url":"https:\/\/asurb.com\/asurb3\/?page_id=5018","url_meta":{"origin":3900,"position":3},"title":"Festival 2025","author":"webmaster","date":"14 janvier 2026","format":false,"excerpt":"La 18\u00e8me \u00e9dition du Festival CIN\u00c9 REGARDS AFRICAINS s'est tenue du vendredi 21 au dimanche 30 novembre 2025, dans les villes d' Antony, Arcueil, Cachan, Fresnes, l'Ha\u00ff-les-Roses et Villejuif. Cette manifestation est organis\u00e9e par l'association Afrique sur Bi\u00e8vre. Au programme : des courts-m\u00e9trages et des longs-m\u00e9trages de r\u00e9alisateurs africains, suivis\u2026","rel":"","context":"Article similaire","block_context":{"text":"Article similaire","link":""},"img":{"alt_text":"","src":"","width":0,"height":0},"classes":[]},{"id":254,"url":"https:\/\/asurb.com\/asurb3\/?page_id=254","url_meta":{"origin":3900,"position":4},"title":"Khouya ( Mon fr\u00e8re )","author":"webmaster","date":"4 juin 2016","format":false,"excerpt":"Alg\u00e9rie - 2010 - fiction - 16 min - couleur - VO arabe STFR Prix du Jury Cin\u00e9ma et Jeunesse au Festival de Locarno 2010, Prix des lyc\u00e9ens au Festival Cin\u00e9Sud de Saint Georges de Didonne 2012 ; s\u00e9lectionn\u00e9 en 2011 au festival de courts-m\u00e9trages de Clermont-Ferrand et au FESPACO\u2026","rel":"","context":"Article similaire","block_context":{"text":"Article similaire","link":""},"img":{"alt_text":"KHOUYA_1_Fiche","src":"https:\/\/i0.wp.com\/asurb.com\/asurb3\/wp-content\/uploads\/2016\/06\/KHOUYA_1_Fiche.jpg?resize=350%2C200&ssl=1","width":350,"height":200},"classes":[]},{"id":110,"url":"https:\/\/asurb.com\/asurb3\/?page_id=110","url_meta":{"origin":3900,"position":5},"title":"Festival 2009","author":"webmaster","date":"3 juin 2016","format":false,"excerpt":"Du 15 au 28 novembre 2009, l'association Afrique sur Bi\u00e8vre a organis\u00e9 la 3\u00e8me \u00e9dition du CINE REGARDS AFRICAINS \u2013 Films en Festival Dans quatre salles Cin\u00e9ma la Pl\u00e9iade - 94230 CACHAN Espace municipal Jean Vilar - 94110 ARCUEIL MJC de Fresnes - 94260 FRESNES Cin\u00e9ma la Tournelle - 94240\u2026","rel":"","context":"Article similaire","block_context":{"text":"Article similaire","link":""},"img":{"alt_text":"","src":"","width":0,"height":0},"classes":[]}],"_links":{"self":[{"href":"https:\/\/asurb.com\/asurb3\/index.php?rest_route=\/wp\/v2\/pages\/3900","targetHints":{"allow":["GET"]}}],"collection":[{"href":"https:\/\/asurb.com\/asurb3\/index.php?rest_route=\/wp\/v2\/pages"}],"about":[{"href":"https:\/\/asurb.com\/asurb3\/index.php?rest_route=\/wp\/v2\/types\/page"}],"author":[{"embeddable":true,"href":"https:\/\/asurb.com\/asurb3\/index.php?rest_route=\/wp\/v2\/users\/1"}],"replies":[{"embeddable":true,"href":"https:\/\/asurb.com\/asurb3\/index.php?rest_route=%2Fwp%2Fv2%2Fcomments&post=3900"}],"version-history":[{"count":2,"href":"https:\/\/asurb.com\/asurb3\/index.php?rest_route=\/wp\/v2\/pages\/3900\/revisions"}],"predecessor-version":[{"id":4019,"href":"https:\/\/asurb.com\/asurb3\/index.php?rest_route=\/wp\/v2\/pages\/3900\/revisions\/4019"}],"wp:attachment":[{"href":"https:\/\/asurb.com\/asurb3\/index.php?rest_route=%2Fwp%2Fv2%2Fmedia&parent=3900"}],"curies":[{"name":"wp","href":"https:\/\/api.w.org\/{rel}","templated":true}]}}