{"id":3949,"date":"2023-12-07T18:53:44","date_gmt":"2023-12-07T17:53:44","guid":{"rendered":"https:\/\/asurb.com\/asurb3\/?page_id=3949"},"modified":"2023-12-07T18:53:44","modified_gmt":"2023-12-07T17:53:44","slug":"ashkal-4","status":"publish","type":"page","link":"https:\/\/asurb.com\/asurb3\/?page_id=3949","title":{"rendered":"Regarde les \u00e9toiles (Simin Zetwal)"},"content":{"rendered":"\n<p>De David CONSTANTIN &#8211; Ile Maurice \u2013 2022 \u2013 90 min \u2013 Fiction \u2013 Couleur \u2013 VO anglais\/cr\u00e9ole STF<br \/>Sc\u00e9nario : David Constantin \u2013 Image : Azim Moolan \u2013 Montage \u2013 Nadia Ben Rachid<br \/>Musique : Boogz Brown \u2013 Interpr\u00e9tation : Edeen Bhugeloo, Sharonne Gah Roussety, J\u00e9rome Boulle &#8211;<br \/>Production\u00a0: Cam\u00e9l\u00e9on Productions Maurice, Lithops films La R\u00e9union<br \/>Distribution\u00a0: Sudu\u00a0 Connexion \u2013 <a href=\"mailto:contact@sudu.film\">contact@sudu.film<\/a> \u2013 06 78 02 04 94<\/p>\n<p>Nomin\u00e9 Tanit d&rsquo;Or, Prix du meilleur montage aux Journ\u00e9es Cin\u00e9matographiques de Carthage 2022<\/p>\n<p><strong><span style=\"color: #ff0000;\">Synopsis<\/span> <br \/><\/strong><\/p>\n<p>Dans une cit\u00e9 ouvri\u00e8re de Maurice, le vieux Bolom, us\u00e9, alcoolique a disparu \u00e0 la suite d\u2019une dispute avec son fils Ronaldo. Celui-ci part \u00e0 sa recherche, il veut lui faire signer le document objet de leur discorde, l&rsquo;acte de vente d&rsquo;un lopin de terre, vente qui lui permettrait de r\u00e9aliser son r\u00eave de quitter la modeste cit\u00e9 ouvri\u00e8re de Rivi\u00e8re Noire o\u00f9 il vit avec son p\u00e8re.<\/p>\n<p>\u00a0Il croise la route d\u2019Ajeya, une ouvri\u00e8re immigr\u00e9e indienne qui fuit l&rsquo;atelier de textile o\u00f9 elle \u00e9tait exploit\u00e9e, avec l&rsquo;espoir de rentrer dans son pays. Lui se r\u00eave une vie de golden boy, elle fuit sa condition d\u2019esclave moderne et redoute d\u2019\u00eatre rattrap\u00e9e par son patron. Ils n\u2019ont rien en commun et leur premier contact est \u00e9lectrique mais Ronaldo et Ajeya se retrouvent li\u00e9s : elle a besoin de lui pour fuir le quartier, il a besoin d\u2019elle pour retrouver Bolom. Road movie atypique, leur travers\u00e9e nocturne de l\u2019\u00eele loin de la carte postale touristique, prend une dimension nouvelle, entre qu\u00eate mystique et envie de libert\u00e9, qui finira par les rapprocher.<\/p>\n<p>Dans ce film David Constantin m\u00eale critique sociale, surnaturel et onirisme.<\/p>\n<p><span style=\"color: #ff0000;\"><strong>\u00a0<\/strong><strong>Le r\u00e9alisateur <\/strong><\/span><\/p>\n<p>David Constantin, r\u00e9alisateur et artiste plasticien, s&rsquo;engage depuis de longues ann\u00e9es, \u00e0 travers ses films et ses projets, \u00e0 donner une image de l&rsquo;Ile Maurice bien \u00e9loign\u00e9e de celle des prospectus touristiques et \u00e0 d\u00e9velopper un cin\u00e9ma ancr\u00e9 dans une identit\u00e9 indo-oc\u00e9anique singuli\u00e8re.<\/p>\n<p>Apr\u00e8s des \u00e9tudes \u00e0 l\u2019Ecole Nationale Sup\u00e9rieure d\u2019Audiovisuel (ENSAV, France), il cr\u00e9e en 2001 Cam\u00e9l\u00e9on Production qui produit depuis tous ses films ainsi que de nombreux courts-m\u00e9trages de jeunes r\u00e9alisateurs mauriciens. Les films de David Constantin parlent des mutations profondes de nos soci\u00e9t\u00e9s modernes et de leur impact sur les relations humaines. Il est le fondateur de l\u2019Association Porteurs d\u2019Images qui organise chaque ann\u00e9e le Festival International du court m\u00e9trage de Maurice.<\/p>\n","protected":false},"excerpt":{"rendered":"<p>De David CONSTANTIN &#8211; Ile Maurice \u2013 2022 \u2013 90 min \u2013 Fiction \u2013 Couleur \u2013 VO anglais\/cr\u00e9ole STFSc\u00e9nario : David Constantin \u2013 Image : Azim Moolan \u2013 Montage \u2013 [&hellip;]<\/p>\n","protected":false},"author":1,"featured_media":0,"parent":0,"menu_order":0,"comment_status":"closed","ping_status":"closed","template":"","meta":{"footnotes":""},"class_list":["post-3949","page","type-page","status-publish","hentry"],"jetpack_sharing_enabled":true,"jetpack_shortlink":"https:\/\/wp.me\/P7C6tF-11H","jetpack-related-posts":[{"id":4571,"url":"https:\/\/asurb.com\/asurb3\/?page_id=4571","url_meta":{"origin":3949,"position":0},"title":"Pie dan lo","author":"webmaster","date":"6 septembre 2025","format":false,"excerpt":"De KIM YIP TONG \u2013 France, Ile Maurice \u2013 2024 \u2013 14 min \u2013 animation \u2013 couleur- VO cr\u00e9ole mauricien STFR Fiche technique Ecriture\u00a0 et image : Kim Yip Tong.Son :\u00a0 Pierre Georges, Isseyen Sannassy Pily \u2013 Montage : Kim Yip Tong \u2013 Animation : Kim Yip Tong, P\u00e9n\u00e9lope Camus,\u2026","rel":"","context":"Article similaire","block_context":{"text":"Article similaire","link":""},"img":{"alt_text":"","src":"https:\/\/i0.wp.com\/asurb.com\/asurb3\/wp-content\/uploads\/2025\/10\/pie-dan-lo-212x300.jpg?resize=350%2C200&ssl=1","width":350,"height":200},"classes":[]},{"id":248,"url":"https:\/\/asurb.com\/asurb3\/?page_id=248","url_meta":{"origin":3949,"position":1},"title":"Keeper","author":"webmaster","date":"4 juin 2016","format":false,"excerpt":"Ile Maurice - 2012 - 26 min - fiction - couleur - VO cr\u00e9ole mauricien STF R\u00e9alisation : De Wassim SOOKIA ; Sc\u00e9nario : Wassim SOOKIA ; Image : Stvsky Steve THATHIAH ; Son : Pierre GERVAL ; Musique : Alexander PIGEOT ; Montage : Vivek BEERGUNNOT ; Interpr\u00e9tation :\u2026","rel":"","context":"Article similaire","block_context":{"text":"Article similaire","link":""},"img":{"alt_text":"KEEPER_fiche","src":"https:\/\/i0.wp.com\/asurb.com\/asurb3\/wp-content\/uploads\/2016\/06\/KEEPER_fiche.jpg?resize=350%2C200&ssl=1","width":350,"height":200},"classes":[]},{"id":466,"url":"https:\/\/asurb.com\/asurb3\/?page_id=466","url_meta":{"origin":3949,"position":2},"title":"U-Carmen","author":"webmaster","date":"5 juin 2016","format":false,"excerpt":"Afrique du Sud - 2005 - fiction - 20 min - couleur - VO parl\u00e9e et chant\u00e9e en xhosa STFR Ours d\u2019Or au Festival de Berlin en 2005 ; s\u00e9lectionn\u00e9 au FESPACO de Ouagadougou en 2007. Com\u00e9die musicale : adaptation de l\u2019op\u00e9ra \u00e9ponyme de Georges Bizet R\u00e9alisation : Mark Dornford-May\u2026","rel":"","context":"Article similaire","block_context":{"text":"Article similaire","link":""},"img":{"alt_text":"U-CARMEN_2_Fiche","src":"https:\/\/i0.wp.com\/asurb.com\/asurb3\/wp-content\/uploads\/2016\/06\/U-CARMEN_2_Fiche.jpg?resize=350%2C200&ssl=1","width":350,"height":200},"classes":[]},{"id":229,"url":"https:\/\/asurb.com\/asurb3\/?page_id=229","url_meta":{"origin":3949,"position":3},"title":"Garagouz ( Marionettes )","author":"webmaster","date":"4 juin 2016","format":false,"excerpt":"Alg\u00e9rie - 2010 - fiction - 22 min - couleur - VOSTFR Nombreux prix dans plusieurs festivals internationaux dont le Poulain d\u2019or du court -m\u00e9trage au FESPACO (Festival Panafricain du Cin\u00e9ma de Ouagadougou) 2011 R\u00e9alisation : Abdenour Zahzah Sc\u00e9nario : Abdenour Zahzah Montage : Franssou Prenant Image : Sofian El\u2026","rel":"","context":"Article similaire","block_context":{"text":"Article similaire","link":""},"img":{"alt_text":"GARAGOUZ_1_Fiche","src":"https:\/\/i0.wp.com\/asurb.com\/asurb3\/wp-content\/uploads\/2016\/06\/GARAGOUZ_1_Fiche.jpg?resize=350%2C200&ssl=1","width":350,"height":200},"classes":[]},{"id":294,"url":"https:\/\/asurb.com\/asurb3\/?page_id=294","url_meta":{"origin":3949,"position":4},"title":"La photographie","author":"webmaster","date":"4 juin 2016","format":false,"excerpt":"Madagascar - 2012 - 18 min - fiction - couleur - VOSTF R\u00e9alisation : David Randriamanana ; Sc\u00e9nario : David Randriamanana ; Montage : Aina Rasamoelina ; Son : Patrick Andrianarifara, Tojo Anriantahina ; Musique : Baruona, APM Music, LLC ; Interpr\u00e9tation : Jeannette Raharimanya, Angelina Razafimahaleo ; Production\/Distribution :\u2026","rel":"","context":"Article similaire","block_context":{"text":"Article similaire","link":""},"img":{"alt_text":"laphotographie1_fiche","src":"https:\/\/i0.wp.com\/asurb.com\/asurb3\/wp-content\/uploads\/2016\/06\/laphotographie1_fiche.jpg?resize=350%2C200&ssl=1","width":350,"height":200},"classes":[]},{"id":1043,"url":"https:\/\/asurb.com\/asurb3\/?page_id=1043","url_meta":{"origin":3949,"position":5},"title":"D\u2019une pierre deux coups","author":"webmaster","date":"18 octobre 2016","format":false,"excerpt":"De Fejria DELIBA \u2013 France\/Alg\u00e9rie - 2016 De Fejria DELIBA \u2013 France\/Alg\u00e9rie - 2016 - 1h23 \u2013 fiction \u2013 couleur \u2013 VO fran\u00e7ais. Sc\u00e9nario et dialogues\u00a0: Fejria.Deliba \u2013 Image\u00a0: H\u00e9l\u00e8ne Louvard \u2013 Son\u00a0: R\u00e9gis Muller \u2013 Musique\u00a0: Youssef Boukella et Luis Saldanha \u2013 Montage\u00a0:Lilian Corbeille, Katharina Wartena, Marie Vermillard \u2013\u2026","rel":"","context":"Article similaire","block_context":{"text":"Article similaire","link":""},"img":{"alt_text":"pierre-deux-coup-95","src":"https:\/\/i0.wp.com\/asurb.com\/asurb3\/wp-content\/uploads\/2016\/10\/pierre-deux-coup-95-300x169.jpg?resize=350%2C200&ssl=1","width":350,"height":200},"classes":[]}],"_links":{"self":[{"href":"https:\/\/asurb.com\/asurb3\/index.php?rest_route=\/wp\/v2\/pages\/3949","targetHints":{"allow":["GET"]}}],"collection":[{"href":"https:\/\/asurb.com\/asurb3\/index.php?rest_route=\/wp\/v2\/pages"}],"about":[{"href":"https:\/\/asurb.com\/asurb3\/index.php?rest_route=\/wp\/v2\/types\/page"}],"author":[{"embeddable":true,"href":"https:\/\/asurb.com\/asurb3\/index.php?rest_route=\/wp\/v2\/users\/1"}],"replies":[{"embeddable":true,"href":"https:\/\/asurb.com\/asurb3\/index.php?rest_route=%2Fwp%2Fv2%2Fcomments&post=3949"}],"version-history":[{"count":1,"href":"https:\/\/asurb.com\/asurb3\/index.php?rest_route=\/wp\/v2\/pages\/3949\/revisions"}],"predecessor-version":[{"id":3950,"href":"https:\/\/asurb.com\/asurb3\/index.php?rest_route=\/wp\/v2\/pages\/3949\/revisions\/3950"}],"wp:attachment":[{"href":"https:\/\/asurb.com\/asurb3\/index.php?rest_route=%2Fwp%2Fv2%2Fmedia&parent=3949"}],"curies":[{"name":"wp","href":"https:\/\/api.w.org\/{rel}","templated":true}]}}