{"id":395,"date":"2016-06-05T15:59:06","date_gmt":"2016-06-05T13:59:06","guid":{"rendered":"http:\/\/www.test.asurb.com\/?page_id=395"},"modified":"2016-06-28T18:29:36","modified_gmt":"2016-06-28T16:29:36","slug":"le-grand-kilapi","status":"publish","type":"page","link":"https:\/\/asurb.com\/asurb3\/?page_id=395","title":{"rendered":"Le grand Kilapy"},"content":{"rendered":"<p style=\"text-align: justify;\"><a href=\"https:\/\/i0.wp.com\/asurb.com\/asurb3\/wp-content\/uploads\/2016\/06\/Kilapy1_fiche.jpg?ssl=1\"><img data-recalc-dims=\"1\" loading=\"lazy\" decoding=\"async\" data-attachment-id=\"396\" data-permalink=\"https:\/\/asurb.com\/asurb3\/?attachment_id=396\" data-orig-file=\"https:\/\/i0.wp.com\/asurb.com\/asurb3\/wp-content\/uploads\/2016\/06\/Kilapy1_fiche.jpg?fit=245%2C138&amp;ssl=1\" data-orig-size=\"245,138\" data-comments-opened=\"1\" data-image-meta=\"{&quot;aperture&quot;:&quot;0&quot;,&quot;credit&quot;:&quot;&quot;,&quot;camera&quot;:&quot;&quot;,&quot;caption&quot;:&quot;&quot;,&quot;created_timestamp&quot;:&quot;0&quot;,&quot;copyright&quot;:&quot;&quot;,&quot;focal_length&quot;:&quot;0&quot;,&quot;iso&quot;:&quot;0&quot;,&quot;shutter_speed&quot;:&quot;0&quot;,&quot;title&quot;:&quot;&quot;,&quot;orientation&quot;:&quot;0&quot;}\" data-image-title=\"Kilapy1_fiche\" data-image-description=\"\" data-image-caption=\"\" data-large-file=\"https:\/\/i0.wp.com\/asurb.com\/asurb3\/wp-content\/uploads\/2016\/06\/Kilapy1_fiche.jpg?fit=245%2C138&amp;ssl=1\" class=\"size-full wp-image-396 alignnone\" src=\"https:\/\/i0.wp.com\/asurb.com\/asurb3\/wp-content\/uploads\/2016\/06\/Kilapy1_fiche.jpg?resize=245%2C138&#038;ssl=1\" alt=\"Kilapy1_fiche\" width=\"245\" height=\"138\" \/><\/a><\/p>\n<p style=\"text-align: justify;\"><strong>Angola &#8211; 2010 &#8211; 100 min &#8211; fiction &#8211; couleur &#8211; VO portugais STF &#8211; Format DCP<\/strong><br \/>\n(titre original : O Grande Kilapy)<\/p>\n<p style=\"text-align: justify;\">R\u00e9alisation : Z\u00e9z\u00e9 GAMBOA ; Sc\u00e9nario : Luis Alvar\u00e3ez, Luis Carlos Patraquim ; Image : Mario Masini ; Montage : Pascal Latil ; Musique : David Linx, Diederik Wissels ; Son : Hugo Leit\u00e3o ; D\u00e9cors Costumes : Jo\u00e3o Torres ; Interpr\u00e9tation : L\u00e1zaro Ramos, Pedro Hossi, Jo\u00e3o Lagarto, Adriana Rabelo, Patr\u00edcia Bull, Hermila Guedes, S\u00edlvia Rizzo, S\u00e3o Jos\u00e9 Correia, Pedro Carraca, Alberto Magassela, Jos\u00e9 Pedro Gomes ; Production David &amp; Golias (producteur Fernando Vendrell) ; Distribution David &amp; Golias, Fernando Vendrell, Largo Adelino Amaro da Costa, 8, 3\u00ba Dt\u00ba 1100-006 Lisbon, Portugal, tel. +351 21- 888 2028, fax +351 21- 888 2046.<\/p>\n<h4 style=\"text-align: justify;\"><span style=\"color: #ff0000;\">Synopsis<\/span><\/h4>\n<p style=\"text-align: justify;\">Fond\u00e9 sur des faits r\u00e9els, le film raconte la vie d\u2019un jeune Angolais sympathisant de la guerre d\u2019ind\u00e9pendance dans les derni\u00e8res ann\u00e9es de la colonisation portugaise (1960-1974), \u00e0 Lisbonne d\u2019abord o\u00f9 il suit de loin des \u00e9tudes, puis en Angola o\u00f9 il est expuls\u00e9 apr\u00e8s avoir aid\u00e9 un ami portugais \u00e0 s\u2019\u00e9chapper de l\u2019arm\u00e9e. Gr\u00e2ce \u00e0 une \u00e9norme escroquerie (Grande Kilapy) de la banque centrale o\u00f9 il travaille, il m\u00e8ne une vie fastueuse o\u00f9 l\u2019argent coule \u00e0 flots et collectionne les conqu\u00eates f\u00e9minines tout en continuant \u00e0 soutenir ses amis de la guerre de lib\u00e9ration. Au moment de l\u2019ind\u00e9pendance il est consid\u00e9r\u00e9 comme un v\u00e9ritable h\u00e9ros. \u00c0 travers ce r\u00e9cit men\u00e9 avec humour des frasques d\u2019un jeune dandy aux sympathies r\u00e9volutionnaires, le film \u00ab pr\u00e9sente une lecture contemporaine sur la complexit\u00e9 du processus colonial, ses contradictions, sa d\u00e9cadence, mais aussi sur certains gestes et attitudes qui marquent encore la soci\u00e9t\u00e9 angolaise actuelle \u00bb Africultures, (fiche Le Grand Kilapy ).<\/p>\n<h4 style=\"text-align: justify;\"><span style=\"color: #ff0000;\">Le r\u00e9alisateur<\/span><\/h4>\n<p style=\"text-align: justify;\">Z\u00e9z\u00e9 Gamboa, n\u00e9 \u00e0 Luanda (Angola) en 1955, a longtemps travaill\u00e9 pour la t\u00e9l\u00e9vision angolaise. Depuis 1981, date de son premier film \u00ab Mopiopio \u00bb, moyen m\u00e9trage, il a r\u00e9alis\u00e9 plusieurs documentaires consacr\u00e9s \u00e0 l\u2019histoire de l\u2019Angola \u00ab Breath of Angola \u00bb (1991), \u00ab Dissidence \u00bb (1998), \u00ab Burned by Blue \u00bb (1999) et \u00ab O Desassossego de Pessoa \u00bb (1999) . Son premier film de fiction, O Her\u00f3i, (Un H\u00e9ros, film projet\u00e9 lors de l\u2019\u00e9dition 2010 de Cin\u00e9 Regards Africains) a obtenu le Prix de la premi\u00e8re oeuvre cin\u00e9matographique aux Journ\u00e9es Cin\u00e9matographiques de Carthage en 2004 et le Grand Prix au Sundance Film Festival de 2005.<\/p>\n","protected":false},"excerpt":{"rendered":"<p>Angola &#8211; 2010 &#8211; 100 min &#8211; fiction &#8211; couleur &#8211; VO portugais STF &#8211; Format DCP (titre original : O Grande Kilapy) R\u00e9alisation : Z\u00e9z\u00e9 GAMBOA ; Sc\u00e9nario : [&hellip;]<\/p>\n","protected":false},"author":1,"featured_media":0,"parent":26,"menu_order":0,"comment_status":"closed","ping_status":"closed","template":"","meta":{"footnotes":""},"class_list":["post-395","page","type-page","status-publish","hentry"],"jetpack_sharing_enabled":true,"jetpack_shortlink":"https:\/\/wp.me\/P7C6tF-6n","jetpack-related-posts":[{"id":469,"url":"https:\/\/asurb.com\/asurb3\/?page_id=469","url_meta":{"origin":395,"position":0},"title":"Un h\u00e9ros","author":"webmaster","date":"5 juin 2016","format":false,"excerpt":"De Z\u00e9z\u00e9 GAMBOA - 97 min - Angola - 2004 Fiction - couleur - 35mm - version originale en portugais sous-titr\u00e9 en fran\u00e7ais Sc\u00e9nario : Carla Batista, Pierre-Marie Goulet ; Images : Mario Masini ; Montage : Anna Ruiz ; Musique : David Linx et Diederik Wissels ; Son :\u2026","rel":"","context":"Article similaire","block_context":{"text":"Article similaire","link":""},"img":{"alt_text":"Hero_Fiche","src":"https:\/\/i0.wp.com\/asurb.com\/asurb3\/wp-content\/uploads\/2016\/06\/Hero_Fiche.jpg?resize=350%2C200&ssl=1","width":350,"height":200},"classes":[]},{"id":669,"url":"https:\/\/asurb.com\/asurb3\/?page_id=669","url_meta":{"origin":395,"position":1},"title":"Granma nineteen and the soviet&rsquo;s secret (Grand-m\u00e8re dix-neuf et le secret du sovi\u00e9tique)","author":"webmaster","date":"14 juin 2016","format":false,"excerpt":"'sDe Jo\u00e3o Ribeiro \u2013 Mozambique\/Portugal \u2013 2020 - 94 min \u2013 fiction \u2013 couleur \u2013 VO portugais STF S\u00e9lectionn\u00e9 en 2021 pour le Festival du film africain de Luxor et le festival des cin\u00e9mas d\u2019Afrique du pays d\u2019Apt. Sc\u00e9nario\u00a0: Jo\u00e3o Nunes \u2013 Image\u00a0: Jos\u00e9 Ant\u00f3nio Loureiro \u2013 Interpr\u00e9tation\u00a0: Keanu dos\u2026","rel":"","context":"Article similaire","block_context":{"text":"Article similaire","link":""},"img":{"alt_text":"","src":"","width":0,"height":0},"classes":[]},{"id":2573,"url":"https:\/\/asurb.com\/asurb3\/?page_id=2573","url_meta":{"origin":395,"position":2},"title":"Mabata Bata","author":"webmaster","date":"8 octobre 2019","format":false,"excerpt":"Mabata Bata de Sol de Carvalho \u2013 Mozambique \u2013 2017 - 74 min \u2013 Fiction \u2013 VOSTF \u00a0Prix de la meilleure image et du meilleur montage au FESPACO 2019 Sc\u00e9nario : Sol de Carvalho, Jos\u00e9 Magro - Image : Jorge Quintela - Montage : Andr\u00e9 Guiomar - Son : Dinis\u2026","rel":"","context":"Article similaire","block_context":{"text":"Article similaire","link":""},"img":{"alt_text":"","src":"","width":0,"height":0},"classes":[]},{"id":294,"url":"https:\/\/asurb.com\/asurb3\/?page_id=294","url_meta":{"origin":395,"position":3},"title":"La photographie","author":"webmaster","date":"4 juin 2016","format":false,"excerpt":"Madagascar - 2012 - 18 min - fiction - couleur - VOSTF R\u00e9alisation : David Randriamanana ; Sc\u00e9nario : David Randriamanana ; Montage : Aina Rasamoelina ; Son : Patrick Andrianarifara, Tojo Anriantahina ; Musique : Baruona, APM Music, LLC ; Interpr\u00e9tation : Jeannette Raharimanya, Angelina Razafimahaleo ; Production\/Distribution :\u2026","rel":"","context":"Article similaire","block_context":{"text":"Article similaire","link":""},"img":{"alt_text":"laphotographie1_fiche","src":"https:\/\/i0.wp.com\/asurb.com\/asurb3\/wp-content\/uploads\/2016\/06\/laphotographie1_fiche.jpg?resize=350%2C200&ssl=1","width":350,"height":200},"classes":[]},{"id":3949,"url":"https:\/\/asurb.com\/asurb3\/?page_id=3949","url_meta":{"origin":395,"position":4},"title":"Regarde les \u00e9toiles (Simin Zetwal)","author":"webmaster","date":"7 d\u00e9cembre 2023","format":false,"excerpt":"De David CONSTANTIN - Ile Maurice \u2013 2022 \u2013 90 min \u2013 Fiction \u2013 Couleur \u2013 VO anglais\/cr\u00e9ole STFSc\u00e9nario : David Constantin \u2013 Image : Azim Moolan \u2013 Montage \u2013 Nadia Ben RachidMusique : Boogz Brown \u2013 Interpr\u00e9tation : Edeen Bhugeloo, Sharonne Gah Roussety, J\u00e9rome Boulle -Production\u00a0: Cam\u00e9l\u00e9on Productions Maurice,\u2026","rel":"","context":"Article similaire","block_context":{"text":"Article similaire","link":""},"img":{"alt_text":"","src":"","width":0,"height":0},"classes":[]},{"id":2613,"url":"https:\/\/asurb.com\/asurb3\/?page_id=2613","url_meta":{"origin":395,"position":5},"title":"Ferraille","author":"webmaster","date":"9 octobre 2019","format":false,"excerpt":"FERRAILLE de Karima GUENNOUNI - Maroc \u2013 2017 \u2013 17 min \u2013 fiction \u2013 couleur \u2013 VO sous-titr\u00e9e en fran\u00e7ais. Synopsis\u00a0 Afin d\u2019assouvir le v\u0153u de son fr\u00e8re autiste qui r\u00eave de voir la mer, Sarah, en parall\u00e8le \u00e0 ses \u00e9tudes, travaille chez un garagiste o\u00f9 elle r\u00e9pare sa vieille\u2026","rel":"","context":"Article similaire","block_context":{"text":"Article similaire","link":""},"img":{"alt_text":"","src":"","width":0,"height":0},"classes":[]}],"_links":{"self":[{"href":"https:\/\/asurb.com\/asurb3\/index.php?rest_route=\/wp\/v2\/pages\/395","targetHints":{"allow":["GET"]}}],"collection":[{"href":"https:\/\/asurb.com\/asurb3\/index.php?rest_route=\/wp\/v2\/pages"}],"about":[{"href":"https:\/\/asurb.com\/asurb3\/index.php?rest_route=\/wp\/v2\/types\/page"}],"author":[{"embeddable":true,"href":"https:\/\/asurb.com\/asurb3\/index.php?rest_route=\/wp\/v2\/users\/1"}],"replies":[{"embeddable":true,"href":"https:\/\/asurb.com\/asurb3\/index.php?rest_route=%2Fwp%2Fv2%2Fcomments&post=395"}],"version-history":[{"count":2,"href":"https:\/\/asurb.com\/asurb3\/index.php?rest_route=\/wp\/v2\/pages\/395\/revisions"}],"predecessor-version":[{"id":823,"href":"https:\/\/asurb.com\/asurb3\/index.php?rest_route=\/wp\/v2\/pages\/395\/revisions\/823"}],"up":[{"embeddable":true,"href":"https:\/\/asurb.com\/asurb3\/index.php?rest_route=\/wp\/v2\/pages\/26"}],"wp:attachment":[{"href":"https:\/\/asurb.com\/asurb3\/index.php?rest_route=%2Fwp%2Fv2%2Fmedia&parent=395"}],"curies":[{"name":"wp","href":"https:\/\/api.w.org\/{rel}","templated":true}]}}

<p style="text-align: justify;"><a href="https://i0.wp.com/asurb.com/asurb3/wp-content/uploads/2016/06/Kilapy1_fiche.jpg?ssl=1"><img data-recalc-dims="1" loading="lazy" decoding="async" data-attachment-id="396" data-permalink="https://asurb.com/asurb3/?attachment_id=396" data-orig-file="https://i0.wp.com/asurb.com/asurb3/wp-content/uploads/2016/06/Kilapy1_fiche.jpg?fit=245%2C138&amp;ssl=1" data-orig-size="245,138" data-comments-opened="1" data-image-meta="{&quot;aperture&quot;:&quot;0&quot;,&quot;credit&quot;:&quot;&quot;,&quot;camera&quot;:&quot;&quot;,&quot;caption&quot;:&quot;&quot;,&quot;created_timestamp&quot;:&quot;0&quot;,&quot;copyright&quot;:&quot;&quot;,&quot;focal_length&quot;:&quot;0&quot;,&quot;iso&quot;:&quot;0&quot;,&quot;shutter_speed&quot;:&quot;0&quot;,&quot;title&quot;:&quot;&quot;,&quot;orientation&quot;:&quot;0&quot;}" data-image-title="Kilapy1_fiche" data-image-description="" data-image-caption="" data-large-file="https://i0.wp.com/asurb.com/asurb3/wp-content/uploads/2016/06/Kilapy1_fiche.jpg?fit=245%2C138&amp;ssl=1" class="size-full wp-image-396 alignnone" src="https://i0.wp.com/asurb.com/asurb3/wp-content/uploads/2016/06/Kilapy1_fiche.jpg?resize=245%2C138&#038;ssl=1" alt="Kilapy1_fiche" width="245" height="138" /></a></p>
<p style="text-align: justify;"><strong>Angola &#8211; 2010 &#8211; 100 min &#8211; fiction &#8211; couleur &#8211; VO portugais STF &#8211; Format DCP</strong><br />
(titre original : O Grande Kilapy)</p>
<p style="text-align: justify;">Réalisation : Zézé GAMBOA ; Scénario : Luis Alvarãez, Luis Carlos Patraquim ; Image : Mario Masini ; Montage : Pascal Latil ; Musique : David Linx, Diederik Wissels ; Son : Hugo Leitão ; Décors Costumes : João Torres ; Interprétation : Lázaro Ramos, Pedro Hossi, João Lagarto, Adriana Rabelo, Patrícia Bull, Hermila Guedes, Sílvia Rizzo, São José Correia, Pedro Carraca, Alberto Magassela, José Pedro Gomes ; Production David &amp; Golias (producteur Fernando Vendrell) ; Distribution David &amp; Golias, Fernando Vendrell, Largo Adelino Amaro da Costa, 8, 3º Dtº 1100-006 Lisbon, Portugal, tel. +351 21- 888 2028, fax +351 21- 888 2046.</p>
<h4 style="text-align: justify;"><span style="color: #ff0000;">Synopsis</span></h4>
<p style="text-align: justify;">Fondé sur des faits réels, le film raconte la vie d’un jeune Angolais sympathisant de la guerre d’indépendance dans les dernières années de la colonisation portugaise (1960-1974), à Lisbonne d’abord où il suit de loin des études, puis en Angola où il est expulsé après avoir aidé un ami portugais à s’échapper de l’armée. Grâce à une énorme escroquerie (Grande Kilapy) de la banque centrale où il travaille, il mène une vie fastueuse où l’argent coule à flots et collectionne les conquêtes féminines tout en continuant à soutenir ses amis de la guerre de libération. Au moment de l’indépendance il est considéré comme un véritable héros. À travers ce récit mené avec humour des frasques d’un jeune dandy aux sympathies révolutionnaires, le film « présente une lecture contemporaine sur la complexité du processus colonial, ses contradictions, sa décadence, mais aussi sur certains gestes et attitudes qui marquent encore la société angolaise actuelle » Africultures, (fiche Le Grand Kilapy ).</p>
<h4 style="text-align: justify;"><span style="color: #ff0000;">Le réalisateur</span></h4>
<p style="text-align: justify;">Zézé Gamboa, né à Luanda (Angola) en 1955, a longtemps travaillé pour la télévision angolaise. Depuis 1981, date de son premier film « Mopiopio », moyen métrage, il a réalisé plusieurs documentaires consacrés à l’histoire de l’Angola « Breath of Angola » (1991), « Dissidence » (1998), « Burned by Blue » (1999) et « O Desassossego de Pessoa » (1999) . Son premier film de fiction, O Herói, (Un Héros, film projeté lors de l’édition 2010 de Ciné Regards Africains) a obtenu le Prix de la première oeuvre cinématographique aux Journées Cinématographiques de Carthage en 2004 et le Grand Prix au Sundance Film Festival de 2005.</p>

<p>Angola &#8211; 2010 &#8211; 100 min &#8211; fiction &#8211; couleur &#8211; VO portugais STF &#8211; Format DCP (titre original : O Grande Kilapy) Réalisation : Zézé GAMBOA ; Scénario : [&hellip;]</p>

Un héros

De Zézé GAMBOA - 97 min - Angola - 2004 Fiction - couleur - 35mm - version originale en portugais sous-titré en français Scénario : Carla Batista, Pierre-Marie Goulet ; Images : Mario Masini ; Montage : Anna Ruiz ; Musique : David Linx et Diederik Wissels ; Son :…

Granma nineteen and the soviet&rsquo;s secret (Grand-mère dix-neuf et le secret du soviétique)

'sDe João Ribeiro – Mozambique/Portugal – 2020 - 94 min – fiction – couleur – VO portugais STF Sélectionné en 2021 pour le Festival du film africain de Luxor et le festival des cinémas d’Afrique du pays d’Apt. Scénario : João Nunes – Image : José António Loureiro – Interprétation : Keanu dos…

Mabata Bata de Sol de Carvalho – Mozambique – 2017 - 74 min – Fiction – VOSTF  Prix de la meilleure image et du meilleur montage au FESPACO 2019 Scénario : Sol de Carvalho, José Magro - Image : Jorge Quintela - Montage : André Guiomar - Son : Dinis…

Madagascar - 2012 - 18 min - fiction - couleur - VOSTF Réalisation : David Randriamanana ; Scénario : David Randriamanana ; Montage : Aina Rasamoelina ; Son : Patrick Andrianarifara, Tojo Anriantahina ; Musique : Baruona, APM Music, LLC ; Interprétation : Jeannette Raharimanya, Angelina Razafimahaleo ; Production/Distribution :…

Regarde les étoiles (Simin Zetwal)

7 décembre 2023

De David CONSTANTIN - Ile Maurice – 2022 – 90 min – Fiction – Couleur – VO anglais/créole STFScénario : David Constantin – Image : Azim Moolan – Montage – Nadia Ben RachidMusique : Boogz Brown – Interprétation : Edeen Bhugeloo, Sharonne Gah Roussety, Jérome Boulle -Production : Caméléon Productions Maurice,…

FERRAILLE de Karima GUENNOUNI - Maroc – 2017 – 17 min – fiction – couleur – VO sous-titrée en français. Synopsis  Afin d’assouvir le vœu de son frère autiste qui rêve de voir la mer, Sarah, en parallèle à ses études, travaille chez un garagiste où elle répare sa vieille…
