{"id":4283,"date":"2024-10-30T18:08:29","date_gmt":"2024-10-30T17:08:29","guid":{"rendered":"https:\/\/asurb.com\/asurb3\/?page_id=4283"},"modified":"2024-10-30T18:08:29","modified_gmt":"2024-10-30T17:08:29","slug":"villa-madjo","status":"publish","type":"page","link":"https:\/\/asurb.com\/asurb3\/?page_id=4283","title":{"rendered":"Villa Madjo"},"content":{"rendered":"<p>De Elen Sylla Grollimund \u00a0&#8211; C\u00f4te d\u2019Ivoire &#8211; 2023 &#8211; 13 min &#8211; animation &#8211; VO fran\u00e7ais. <img data-recalc-dims=\"1\" loading=\"lazy\" decoding=\"async\" data-attachment-id=\"4289\" data-permalink=\"https:\/\/asurb.com\/asurb3\/?attachment_id=4289\" data-orig-file=\"https:\/\/i0.wp.com\/asurb.com\/asurb3\/wp-content\/uploads\/2024\/10\/villa_madjo.jpg?fit=300%2C424&amp;ssl=1\" data-orig-size=\"300,424\" data-comments-opened=\"1\" data-image-meta=\"{&quot;aperture&quot;:&quot;0&quot;,&quot;credit&quot;:&quot;&quot;,&quot;camera&quot;:&quot;&quot;,&quot;caption&quot;:&quot;&quot;,&quot;created_timestamp&quot;:&quot;0&quot;,&quot;copyright&quot;:&quot;&quot;,&quot;focal_length&quot;:&quot;0&quot;,&quot;iso&quot;:&quot;0&quot;,&quot;shutter_speed&quot;:&quot;0&quot;,&quot;title&quot;:&quot;&quot;,&quot;orientation&quot;:&quot;0&quot;}\" data-image-title=\"villa_madjo\" data-image-description=\"\" data-image-caption=\"\" data-large-file=\"https:\/\/i0.wp.com\/asurb.com\/asurb3\/wp-content\/uploads\/2024\/10\/villa_madjo.jpg?fit=300%2C424&amp;ssl=1\" class=\" wp-image-4289 alignright\" src=\"https:\/\/i0.wp.com\/asurb.com\/asurb3\/wp-content\/uploads\/2024\/10\/villa_madjo.jpg?resize=189%2C267&#038;ssl=1\" alt=\"\" width=\"189\" height=\"267\" srcset=\"https:\/\/i0.wp.com\/asurb.com\/asurb3\/wp-content\/uploads\/2024\/10\/villa_madjo.jpg?resize=212%2C300&amp;ssl=1 212w, https:\/\/i0.wp.com\/asurb.com\/asurb3\/wp-content\/uploads\/2024\/10\/villa_madjo.jpg?resize=100%2C141&amp;ssl=1 100w, https:\/\/i0.wp.com\/asurb.com\/asurb3\/wp-content\/uploads\/2024\/10\/villa_madjo.jpg?w=300&amp;ssl=1 300w\" sizes=\"auto, (max-width: 189px) 100vw, 189px\" \/><\/p>\n<p>Accompagnement \u00e9criture : Ellen Meiresonne &amp; D\u00e9borah Benarrosh &#8211; Montage : S\u00e9bastien Demeff &#8211; Enregistrement voice-off : S\u00e9bastien Demeffe &#8211; Mix : Thomas Ferrando &#8211; Production\u00a0 : \u2019Atelier Graphoui. avec le soutien d\u2019Africalia.<\/p>\n<h4 style=\"text-align: justify;\"><span style=\"color: #ff0000;\">Synopsis\u00a0<\/span><\/h4>\n<p>Partant du constat que son p\u00e8re, qui a la peau blanche, est n\u00e9 en Afrique, et que sa m\u00e8re, qui a la peau noire, est n\u00e9e en Europe, la r\u00e9alisatrice retrace l\u2019histoire complexe de sa famille, du colonialisme \u00e0 leur exp\u00e9rience de couple interracial en Europe entre les ann\u00e9es 1950 et 1970.<\/p>\n<h4 style=\"text-align: justify;\"><span style=\"color: #ff0000;\">La r\u00e9alisatrice<\/span><\/h4>\n<p>Elen Sylla Grollimund est photographe, vide\u0301aste et animatrice.<br \/>\nElle a e\u0301tudi\u00e9 la photographie a\u0300 la LABA a\u0300 Brescia (Italie) puis a travaill\u00e9 a\u0300 Paris comme photographe et vide\u0301aste pour divers.e.s artistes dans la musique.<br \/>\nElle de\u0301me\u0301nage a\u0300 Bruxelles et rejoint en 2019 l&rsquo;Atelier Graphoui, ou\u0300 elle anime plusieurs projets de films et d&rsquo;ateliers tels que <em>Mouvement d&rsquo;identite\u0301<\/em> (2019), <em>Et la lumie\u0300re fu\u0302t et autres illuminations <\/em>(2019), <em>Ceci n&rsquo;est pas une fiction <\/em>(2019), <em>Le Fil(M)agique<\/em> (2019), <em>7 jours sur 7<\/em> (Triennale de Louvain La Neuve, 2021).<\/p>\n<p><em>Villa Madjo<\/em> est son premier court me\u0301trage documentaire.<\/p>\n","protected":false},"excerpt":{"rendered":"<p>De Elen Sylla Grollimund \u00a0&#8211; C\u00f4te d\u2019Ivoire &#8211; 2023 &#8211; 13 min &#8211; animation &#8211; VO fran\u00e7ais. Accompagnement \u00e9criture : Ellen Meiresonne &amp; D\u00e9borah Benarrosh &#8211; Montage : S\u00e9bastien Demeff [&hellip;]<\/p>\n","protected":false},"author":1,"featured_media":0,"parent":26,"menu_order":0,"comment_status":"closed","ping_status":"closed","template":"","meta":{"footnotes":""},"class_list":["post-4283","page","type-page","status-publish","hentry"],"jetpack_sharing_enabled":true,"jetpack_shortlink":"https:\/\/wp.me\/P7C6tF-175","jetpack-related-posts":[{"id":2831,"url":"https:\/\/asurb.com\/asurb3\/?page_id=2831","url_meta":{"origin":4283,"position":0},"title":"Atlantique","author":"webmaster","date":"10 ao\u00fbt 2020","format":false,"excerpt":"ATLANTIQUE\u00a0 - De Mati DIOP \u2013 France, S\u00e9n\u00e9gal, Belgique - 2019 - 104 mn - fiction - couleur -VO Wolof, STF- Grand prix du Festival de Cannes 2019. Sce\u0301nario : Mati Diop, Olivier Demangel - Image : Claire Mathon - Montage : A\u00eal Dallier-VegaAntoine Donnet - Musique : Fatima Al\u2026","rel":"","context":"Article similaire","block_context":{"text":"Article similaire","link":""},"img":{"alt_text":"","src":"","width":0,"height":0},"classes":[]},{"id":2597,"url":"https:\/\/asurb.com\/asurb3\/?page_id=2597","url_meta":{"origin":4283,"position":1},"title":"Les past\u00e8ques du cheikh","author":"webmaster","date":"9 octobre 2019","format":false,"excerpt":"LES PASTEQUES DU CHEIKH\u00a0 de Kaouther BEN HANIA - Tunisie \/ France \u2013 2018 \u2013 Fiction - 23 min - VOSTF R\u00e9alisatrice : Kaouther Ben Hania - Sc\u00e9nario : Kaouther Ben Hania - Montage : R\u00e9mi Dumas. Production\u00a0: Tanit Films - 61, rue Piat - 75020 Paris - Tel.06 82\u2026","rel":"","context":"Article similaire","block_context":{"text":"Article similaire","link":""},"img":{"alt_text":"","src":"","width":0,"height":0},"classes":[]},{"id":2823,"url":"https:\/\/asurb.com\/asurb3\/?page_id=2823","url_meta":{"origin":4283,"position":2},"title":"Adam","author":"webmaster","date":"10 ao\u00fbt 2020","format":false,"excerpt":"ADAM\u00a0 de Maryam Touzani , Maroc - 2019 - 98 min - fiction - couleur - VO arabe - STF. Sce\u0301nario\u00a0: Maryam Touzani, avec la collaboration de Nabil Ayouch\u00a0 - Assistant r\u00e9alisateur\u00a0: Ali Tahiri - Image\u00a0: Virginie Surdej \u2013 Cadre Adil Ayoub - Montage\u00a0:Julie Naas - Son\u00a0: Nassim Mounabbih -\u2026","rel":"","context":"Article similaire","block_context":{"text":"Article similaire","link":""},"img":{"alt_text":"","src":"","width":0,"height":0},"classes":[]},{"id":719,"url":"https:\/\/asurb.com\/asurb3\/?page_id=719","url_meta":{"origin":4283,"position":3},"title":"Le challat de Tunis","author":"webmaster","date":"15 juin 2016","format":false,"excerpt":"De Kaouther BEN HANIA - 89 min -Tunisie - 2014 - Docu-fiction -Couleur - VO STF- DCP Sc\u00e9nario : Kaouther Ben Hania - Image : Sofian El Fani - Son : Moez Cheikh - Montage : Nadia Ben Rachid - Musique : Benjamin Violet, Si Lemhaf - Interpr\u00e9tation :Jallel Dridi,\u2026","rel":"","context":"Article similaire","block_context":{"text":"Article similaire","link":""},"img":{"alt_text":"","src":"","width":0,"height":0},"classes":[]},{"id":3008,"url":"https:\/\/asurb.com\/asurb3\/?page_id=3008","url_meta":{"origin":4283,"position":4},"title":"Al-Sit","author":"webmaster","date":"2 septembre 2021","format":false,"excerpt":"\u00a0De Susannah Mirghani -Soudan \u2013 2020 - 20 min \u2013 fiction - VOSTF Festival international du court-m\u00e9trage de Clermont-Ferrand 2021\u00a0: Prix CANAL+ \/ CINE \u00a0 Synopsis\u00a0 Dans un village du Soudan, Nafisa, une jeune fille de quinze ans, est amoureuse de Babiker. Mais ses parents ont arrang\u00e9 son mariage avec\u2026","rel":"","context":"Article similaire","block_context":{"text":"Article similaire","link":""},"img":{"alt_text":"","src":"","width":0,"height":0},"classes":[]},{"id":2847,"url":"https:\/\/asurb.com\/asurb3\/?page_id=2847","url_meta":{"origin":4283,"position":5},"title":"Rafiki","author":"webmaster","date":"12 ao\u00fbt 2020","format":false,"excerpt":"RAFIKI - De Wanuri KAHIU \u2013 Kenya \u2013 2018 - 82 min \u2013 fiction \u2013 couleur -VOSTF Sc\u00e9nario\u00a0: Jenna Cato Bass et Wanuri Kahiu \u00a0- Directeur de la photo\u00a0: Christopher Wessels - Montage\u00a0: Isabelle Dedieu et Ronelle Loots \u00a0\u2013 Interpr\u00e9tation\u00a0: Samantha Mugatsia, Sheila Munyiva, Jimmi Gathu, Nini Wacera, Dennis Musyoka\u2026","rel":"","context":"Article similaire","block_context":{"text":"Article similaire","link":""},"img":{"alt_text":"","src":"","width":0,"height":0},"classes":[]}],"_links":{"self":[{"href":"https:\/\/asurb.com\/asurb3\/index.php?rest_route=\/wp\/v2\/pages\/4283","targetHints":{"allow":["GET"]}}],"collection":[{"href":"https:\/\/asurb.com\/asurb3\/index.php?rest_route=\/wp\/v2\/pages"}],"about":[{"href":"https:\/\/asurb.com\/asurb3\/index.php?rest_route=\/wp\/v2\/types\/page"}],"author":[{"embeddable":true,"href":"https:\/\/asurb.com\/asurb3\/index.php?rest_route=\/wp\/v2\/users\/1"}],"replies":[{"embeddable":true,"href":"https:\/\/asurb.com\/asurb3\/index.php?rest_route=%2Fwp%2Fv2%2Fcomments&post=4283"}],"version-history":[{"count":2,"href":"https:\/\/asurb.com\/asurb3\/index.php?rest_route=\/wp\/v2\/pages\/4283\/revisions"}],"predecessor-version":[{"id":4297,"href":"https:\/\/asurb.com\/asurb3\/index.php?rest_route=\/wp\/v2\/pages\/4283\/revisions\/4297"}],"up":[{"embeddable":true,"href":"https:\/\/asurb.com\/asurb3\/index.php?rest_route=\/wp\/v2\/pages\/26"}],"wp:attachment":[{"href":"https:\/\/asurb.com\/asurb3\/index.php?rest_route=%2Fwp%2Fv2%2Fmedia&parent=4283"}],"curies":[{"name":"wp","href":"https:\/\/api.w.org\/{rel}","templated":true}]}}

<p>De Elen Sylla Grollimund  &#8211; Côte d’Ivoire &#8211; 2023 &#8211; 13 min &#8211; animation &#8211; VO français. <img data-recalc-dims="1" loading="lazy" decoding="async" data-attachment-id="4289" data-permalink="https://asurb.com/asurb3/?attachment_id=4289" data-orig-file="https://i0.wp.com/asurb.com/asurb3/wp-content/uploads/2024/10/villa_madjo.jpg?fit=300%2C424&amp;ssl=1" data-orig-size="300,424" data-comments-opened="1" data-image-meta="{&quot;aperture&quot;:&quot;0&quot;,&quot;credit&quot;:&quot;&quot;,&quot;camera&quot;:&quot;&quot;,&quot;caption&quot;:&quot;&quot;,&quot;created_timestamp&quot;:&quot;0&quot;,&quot;copyright&quot;:&quot;&quot;,&quot;focal_length&quot;:&quot;0&quot;,&quot;iso&quot;:&quot;0&quot;,&quot;shutter_speed&quot;:&quot;0&quot;,&quot;title&quot;:&quot;&quot;,&quot;orientation&quot;:&quot;0&quot;}" data-image-title="villa_madjo" data-image-description="" data-image-caption="" data-large-file="https://i0.wp.com/asurb.com/asurb3/wp-content/uploads/2024/10/villa_madjo.jpg?fit=300%2C424&amp;ssl=1" class=" wp-image-4289 alignright" src="https://i0.wp.com/asurb.com/asurb3/wp-content/uploads/2024/10/villa_madjo.jpg?resize=189%2C267&#038;ssl=1" alt="" width="189" height="267" srcset="https://i0.wp.com/asurb.com/asurb3/wp-content/uploads/2024/10/villa_madjo.jpg?resize=212%2C300&amp;ssl=1 212w, https://i0.wp.com/asurb.com/asurb3/wp-content/uploads/2024/10/villa_madjo.jpg?resize=100%2C141&amp;ssl=1 100w, https://i0.wp.com/asurb.com/asurb3/wp-content/uploads/2024/10/villa_madjo.jpg?w=300&amp;ssl=1 300w" sizes="auto, (max-width: 189px) 100vw, 189px" /></p>
<p>Accompagnement écriture : Ellen Meiresonne &amp; Déborah Benarrosh &#8211; Montage : Sébastien Demeff &#8211; Enregistrement voice-off : Sébastien Demeffe &#8211; Mix : Thomas Ferrando &#8211; Production  : ’Atelier Graphoui. avec le soutien d’Africalia.</p>
<h4 style="text-align: justify;"><span style="color: #ff0000;">Synopsis </span></h4>
<p>Partant du constat que son père, qui a la peau blanche, est né en Afrique, et que sa mère, qui a la peau noire, est née en Europe, la réalisatrice retrace l’histoire complexe de sa famille, du colonialisme à leur expérience de couple interracial en Europe entre les années 1950 et 1970.</p>
<h4 style="text-align: justify;"><span style="color: #ff0000;">La réalisatrice</span></h4>
<p>Elen Sylla Grollimund est photographe, vidéaste et animatrice.<br />
Elle a étudié la photographie à la LABA à Brescia (Italie) puis a travaillé à Paris comme photographe et vidéaste pour divers.e.s artistes dans la musique.<br />
Elle déménage à Bruxelles et rejoint en 2019 l&rsquo;Atelier Graphoui, où elle anime plusieurs projets de films et d&rsquo;ateliers tels que <em>Mouvement d&rsquo;identité</em> (2019), <em>Et la lumière fût et autres illuminations </em>(2019), <em>Ceci n&rsquo;est pas une fiction </em>(2019), <em>Le Fil(M)agique</em> (2019), <em>7 jours sur 7</em> (Triennale de Louvain La Neuve, 2021).</p>
<p><em>Villa Madjo</em> est son premier court métrage documentaire.</p>

<p>De Elen Sylla Grollimund  &#8211; Côte d’Ivoire &#8211; 2023 &#8211; 13 min &#8211; animation &#8211; VO français. Accompagnement écriture : Ellen Meiresonne &amp; Déborah Benarrosh &#8211; Montage : Sébastien Demeff [&hellip;]</p>

10 août 2020

ATLANTIQUE  - De Mati DIOP – France, Sénégal, Belgique - 2019 - 104 mn - fiction - couleur -VO Wolof, STF- Grand prix du Festival de Cannes 2019. Scénario : Mati Diop, Olivier Demangel - Image : Claire Mathon - Montage : Aêl Dallier-VegaAntoine Donnet - Musique : Fatima Al…

Les pastèques du cheikh

LES PASTEQUES DU CHEIKH  de Kaouther BEN HANIA - Tunisie / France – 2018 – Fiction - 23 min - VOSTF Réalisatrice : Kaouther Ben Hania - Scénario : Kaouther Ben Hania - Montage : Rémi Dumas. Production : Tanit Films - 61, rue Piat - 75020 Paris - Tel.06 82…

ADAM  de Maryam Touzani , Maroc - 2019 - 98 min - fiction - couleur - VO arabe - STF. Scénario : Maryam Touzani, avec la collaboration de Nabil Ayouch  - Assistant réalisateur : Ali Tahiri - Image : Virginie Surdej – Cadre Adil Ayoub - Montage :Julie Naas - Son : Nassim Mounabbih -…

De Kaouther BEN HANIA - 89 min -Tunisie - 2014 - Docu-fiction -Couleur - VO STF- DCP Scénario : Kaouther Ben Hania - Image : Sofian El Fani - Son : Moez Cheikh - Montage : Nadia Ben Rachid - Musique : Benjamin Violet, Si Lemhaf - Interprétation :Jallel Dridi,…

De Susannah Mirghani -Soudan – 2020 - 20 min – fiction - VOSTF Festival international du court-métrage de Clermont-Ferrand 2021 : Prix CANAL+ / CINE   Synopsis  Dans un village du Soudan, Nafisa, une jeune fille de quinze ans, est amoureuse de Babiker. Mais ses parents ont arrangé son mariage avec…

12 août 2020

RAFIKI - De Wanuri KAHIU – Kenya – 2018 - 82 min – fiction – couleur -VOSTF Scénario : Jenna Cato Bass et Wanuri Kahiu  - Directeur de la photo : Christopher Wessels - Montage : Isabelle Dedieu et Ronelle Loots  – Interprétation : Samantha Mugatsia, Sheila Munyiva, Jimmi Gathu, Nini Wacera, Dennis Musyoka…
