{"id":443,"date":"2016-06-05T19:07:57","date_gmt":"2016-06-05T17:07:57","guid":{"rendered":"http:\/\/www.test.asurb.com\/?page_id=443"},"modified":"2016-06-05T19:07:57","modified_gmt":"2016-06-05T17:07:57","slug":"taafe-fanga-pouvoir-de-pagne","status":"publish","type":"page","link":"https:\/\/asurb.com\/asurb3\/?page_id=443","title":{"rendered":"Taaf\u00e9 Fanga ( Pouvoir de pagne )"},"content":{"rendered":"<p style=\"text-align: justify;\"><a href=\"https:\/\/i0.wp.com\/asurb.com\/asurb3\/wp-content\/uploads\/2016\/06\/Taafe_Fanga_Fiche.jpg?ssl=1\"><img data-recalc-dims=\"1\" loading=\"lazy\" decoding=\"async\" data-attachment-id=\"444\" data-permalink=\"https:\/\/asurb.com\/asurb3\/?attachment_id=444\" data-orig-file=\"https:\/\/i0.wp.com\/asurb.com\/asurb3\/wp-content\/uploads\/2016\/06\/Taafe_Fanga_Fiche.jpg?fit=250%2C138&amp;ssl=1\" data-orig-size=\"250,138\" data-comments-opened=\"1\" data-image-meta=\"{&quot;aperture&quot;:&quot;0&quot;,&quot;credit&quot;:&quot;&quot;,&quot;camera&quot;:&quot;&quot;,&quot;caption&quot;:&quot;&quot;,&quot;created_timestamp&quot;:&quot;0&quot;,&quot;copyright&quot;:&quot;&quot;,&quot;focal_length&quot;:&quot;0&quot;,&quot;iso&quot;:&quot;0&quot;,&quot;shutter_speed&quot;:&quot;0&quot;,&quot;title&quot;:&quot;&quot;,&quot;orientation&quot;:&quot;0&quot;}\" data-image-title=\"Taafe_Fanga_Fiche\" data-image-description=\"\" data-image-caption=\"\" data-large-file=\"https:\/\/i0.wp.com\/asurb.com\/asurb3\/wp-content\/uploads\/2016\/06\/Taafe_Fanga_Fiche.jpg?fit=250%2C138&amp;ssl=1\" class=\"size-full wp-image-444 alignnone\" src=\"https:\/\/i0.wp.com\/asurb.com\/asurb3\/wp-content\/uploads\/2016\/06\/Taafe_Fanga_Fiche.jpg?resize=250%2C138&#038;ssl=1\" alt=\"Taafe_Fanga_Fiche\" width=\"250\" height=\"138\" \/><\/a><\/p>\n<p style=\"text-align: justify;\"><strong>De Adama DRABO &#8211; 103min &#8211; Mali &#8211; 1997<\/strong><\/p>\n<p style=\"text-align: justify;\">Fiction\u2013 Couleur \u2013 DVD \u2013 version originale en Bambara sous-titr\u00e9e en Fran\u00e7ais<br \/>\nSc\u00e9nario : Adama Drabo ; Image : Lionel Cousin ; Montage : Rose Evans Decraene ; Musique : Harouna Barry ; Son : Pierre Gauthier, Elvire Lerner ; D\u00e9cors : Cl\u00e9tili Demb\u00e9l\u00e9 ; Interpr\u00e9tation : Fanta Ber\u00e9t\u00e9, Baco Dagnon, Nana Diabat\u00e9, Sidiki Diabat\u00e9, H\u00e9l\u00e8ne Diarra, Ramata Drabo, Ibrahima S Koita, Michel Sangara, T\u00e9n\u00e9man Sanogo ; Production : Taar\u00e9 Films, CNPC Mali (BP E 4075 ; Bamako, Mali, tel : 223 20215913, fax : 223 20217762, courriel : cncm@sotelma.net.ml) ; Distribution : Taar\u00e9 Films, CNPC Mali (contact en France : Atriascop, Claude Le Gallou, 16, bd Jules-Ferry 75011 Paris . T\u00e9l. 33(1) 43 57 17 32. T\u00e9l\u00e9copie : 33 (1) 43 55 06 02).<br \/>\nPrix sp\u00e9cial du jury au FESPACO 1997, s\u00e9lectionn\u00e9 \u00e0 La Quinzaine des R\u00e9alisateurs au Festival de Cannes 1997.<\/p>\n<h4 style=\"text-align: justify;\"><span style=\"color: #ff0000;\">Synopsis<\/span><\/h4>\n<p style=\"text-align: justify;\">Dans une cour, la musique limpide de la \u00ab\u00a0cora\u00a0\u00bb du griot Dj\u00e9limady Kouyat\u00e9 invite \u00e0 la veill\u00e9e. Les hommes, les femmes et les enfants arrivent selon un ordre immuable et s&rsquo;installent chacun dans leur groupe. Une cr\u00e9ature de r\u00eave appara\u00eet et provoque le d\u00e9sordre en prenant place parmi les hommes. Offusqu\u00e9s, ils veulent chasser l&rsquo;insolente, mais c&rsquo;est sans compter sur la solidarit\u00e9 des femmes.<\/p>\n<p style=\"text-align: justify;\">Profitant de la d\u00e9couverte d&rsquo;un masque qui donne le pouvoir, les villageoises en pays Dogon renversent l&rsquo;ordre des choses et prennent la place r\u00e9serv\u00e9e habituellement aux hommes. Elles ne sont plus corv\u00e9ables : ni cuisine, ni ramassage du bois, ni lessive. Elles portent le pantalon et fument all\u00e8grement. En contrepartie, leurs maris se retrouvent dans leurs r\u00f4les, habill\u00e9s de pagne et, surtout, oblig\u00e9s de tout assurer de la garde des enfants \u00e0 la cuisine. Seule la petite Koumi reste \u00e0 sa place et assure le dialogue entre les deux clans.<\/p>\n<p style=\"text-align: justify;\">Tournant, avec les habitants, dans le paysage stup\u00e9fiant de la falaise de Bandiagara, Adama Drabo respecte les formes traditionnelles de la culture dogon, et invente leur transgression avec une totale empathie pour ce peuple exceptionnel.<\/p>\n<h4 style=\"text-align: justify;\"><span style=\"color: #ff0000;\">Le r\u00e9alisateur<\/span><\/h4>\n<p style=\"text-align: justify;\">Adama Drabo, cin\u00e9aste et dramaturge malien n\u00e9 en 1948 \u00e0 Bamako, s&rsquo;int\u00e9resse au cin\u00e9ma d\u00e8s son enfance, mais il lui faudra emprunter des chemins de traverse pour r\u00e9aliser son r\u00eave. A l&rsquo;heure de l&rsquo;ind\u00e9pendance du Mali (1960), le futur r\u00e9alisateur r\u00e9pond \u00e0 l&rsquo;appel du gouvernement en enseignant pendant dix ans dans les villages. Durant cette p\u00e9riode, il peint et d\u00e9veloppe ses talents de dramaturge en \u00e9crivant des pi\u00e8ces de th\u00e9\u00e2tre. Son entr\u00e9e au Centre national de production cin\u00e9matographique (CNPC) du Mali en 1979 lui permet enfin de devenir cin\u00e9aste. Il travaille avec le r\u00e9alisateur Cheick Oumar Sissoko comme assistant r\u00e9alisateur. En 1988, il tourne un moyen-m\u00e9trage, \u00ab Nieba . Et en 1991, il r\u00e9alise son premier long-m\u00e9trage \u00ab Ta Dona \u00bb qui sera pr\u00e9sent\u00e9 au Festival international du film de Locarno et prim\u00e9 au FESPACO 92. En 1997, Adama Drabo r\u00e9alise \u00ab Taaf\u00e9 Fanga \u00bb prim\u00e9 dans diff\u00e9rents festivals ( FESPACO, Festival de Cannes, Tokyo, Ouagadougou et Namur). R\u00e9alis\u00e9 en 2008, \u00ab Fantan Fanga \u00bb (Le pouvoir des pauvres) est son dernier film : Adama Drabo est d\u00e9c\u00e9d\u00e9 le 15 juillet 2009.<\/p>\n","protected":false},"excerpt":{"rendered":"<p>De Adama DRABO &#8211; 103min &#8211; Mali &#8211; 1997 Fiction\u2013 Couleur \u2013 DVD \u2013 version originale en Bambara sous-titr\u00e9e en Fran\u00e7ais Sc\u00e9nario : Adama Drabo ; Image : Lionel Cousin [&hellip;]<\/p>\n","protected":false},"author":1,"featured_media":0,"parent":26,"menu_order":0,"comment_status":"closed","ping_status":"closed","template":"","meta":{"footnotes":""},"class_list":["post-443","page","type-page","status-publish","hentry"],"jetpack_sharing_enabled":true,"jetpack_shortlink":"https:\/\/wp.me\/P7C6tF-79","jetpack-related-posts":[{"id":223,"url":"https:\/\/asurb.com\/asurb3\/?page_id=223","url_meta":{"origin":443,"position":0},"title":"Fantan fanga ( Le pouvoir des pauvres )","author":"webmaster","date":"4 juin 2016","format":false,"excerpt":"De Adama DRABO et Ladji DIAKITE - 88 min - Mali - 2008 Fiction - couleur - 35mm - version originale en bambara sous-titr\u00e9e en fran\u00e7ais Sc\u00e9nario : Adama Drabo ; Image : Mohamed Lamine Tour\u00e9, Abdramne Som\u00e9 ; Montage : Laure Budin ; Musique : Massamou Weie Diallo ;\u2026","rel":"","context":"Article similaire","block_context":{"text":"Article similaire","link":""},"img":{"alt_text":"Fantan_Fiche","src":"https:\/\/i0.wp.com\/asurb.com\/asurb3\/wp-content\/uploads\/2016\/06\/Fantan_Fiche.jpg?resize=350%2C200&ssl=1","width":350,"height":200},"classes":[]},{"id":513,"url":"https:\/\/asurb.com\/asurb3\/?page_id=513","url_meta":{"origin":443,"position":1},"title":"Programme 2009","author":"webmaster","date":"6 juin 2016","format":false,"excerpt":"Sommaire \u2022 S\u00e9ances ouvertes au public \u2022 S\u00e9ances r\u00e9serv\u00e9es aux scolaires \u2022 Membres du comit\u00e9 de parrainage \u2022 Remerciements \u2022 Pour se rendre sur les lieux \u2022 Les s\u00e9ances ouvertes au public Dimanche 15 novembre Soir\u00e9e Les pionniers du cin\u00e9ma nig\u00e9rien MJC Louise Michel - 94260 Fresnes 18h30 - BON\u2026","rel":"","context":"Article similaire","block_context":{"text":"Article similaire","link":""},"img":{"alt_text":"","src":"https:\/\/i0.wp.com\/asurb.com\/AsurB\/D_Images\/D_Gif_bl\/Blanc120.gif?resize=350%2C200&ssl=1","width":350,"height":200},"classes":[]},{"id":194,"url":"https:\/\/asurb.com\/asurb3\/?page_id=194","url_meta":{"origin":443,"position":2},"title":"Da Monzon, la conqu\u00eate de Samanyana","author":"webmaster","date":"4 juin 2016","format":false,"excerpt":"De Sidy Fassara DIABATE - 110 min - Mali - 2010 Fiction \u00e0 base historique - couleur - 35 mm - version originale en bambara sous-titr\u00e9e en fran\u00e7ais. Sc\u00e9nario : Sidy F. Diabat\u00e9, Ibrahim Tom ; Image : M.L.Tani, Abdoulaye Som\u00e9; Son : Bakary Sangare ; Montage : Seydou Kon\u00e9\u2026","rel":"","context":"Article similaire","block_context":{"text":"Article similaire","link":""},"img":{"alt_text":"DaMonzon_Fiche","src":"https:\/\/i0.wp.com\/asurb.com\/asurb3\/wp-content\/uploads\/2016\/06\/DaMonzon_Fiche.jpg?resize=350%2C200&ssl=1","width":350,"height":200},"classes":[]},{"id":276,"url":"https:\/\/asurb.com\/asurb3\/?page_id=276","url_meta":{"origin":443,"position":3},"title":"La femme porte l&rsquo;Afrique","author":"webmaster","date":"4 juin 2016","format":false,"excerpt":"De Idrissa DIABAT\u00c9 - 52 min - C\u00f4te d\u2019Ivoire - 2009 Documentaire - couleur - 35 mm - version originale sous-titr\u00e9e en fran\u00e7ais. Sc\u00e9nario : Idrissa Diabat\u00e9 ; Image : Tony Barraud ; Montage : Constance Ryder ; Musique : Toumani Diabat\u00e9 ; Production\/Distribution : DJA-COM (106 rue Ordener, 75018\u2026","rel":"","context":"Article similaire","block_context":{"text":"Article similaire","link":""},"img":{"alt_text":"Femme_Afrique_Fiche2010","src":"https:\/\/i0.wp.com\/asurb.com\/asurb3\/wp-content\/uploads\/2016\/06\/Femme_Afrique_Fiche2010.jpg?resize=350%2C200&ssl=1","width":350,"height":200},"classes":[]},{"id":226,"url":"https:\/\/asurb.com\/asurb3\/?page_id=226","url_meta":{"origin":443,"position":4},"title":"Faro la reine des eaux","author":"webmaster","date":"4 juin 2016","format":false,"excerpt":"De Salif TRAOR\u00c9 \u2013 96 min \u2013 Mali \u2013 2007 \u2013 VOSTF Fiction \u2013 couleur \u2013 35 mm \u2013 Version originale en bambara, sous titr\u00e9e en fran\u00e7ais Ce film a fait l\u2019ouverture du FESPACO*, a \u00e9t\u00e9 s\u00e9lectionn\u00e9 au festival de Berlin (section forum) et au festival de Toronto en 2007.\u2026","rel":"","context":"Article similaire","block_context":{"text":"Article similaire","link":""},"img":{"alt_text":"Faro_Fiche","src":"https:\/\/i0.wp.com\/asurb.com\/asurb3\/wp-content\/uploads\/2016\/06\/Faro_Fiche.jpg?resize=350%2C200&ssl=1","width":350,"height":200},"classes":[]},{"id":535,"url":"https:\/\/asurb.com\/asurb3\/?page_id=535","url_meta":{"origin":443,"position":5},"title":"Programme 2010","author":"webmaster","date":"6 juin 2016","format":false,"excerpt":"Sommaire \u2022 S\u00e9ances ouvertes au public \u2022 S\u00e9ances scolaires \u2022 Partenaires \u2022 Membres du comit\u00e9 de parrainage \u2022 Remerciements \u2022 Pour se rendre sur les lieux \u2022 Les s\u00e9ances ouvertes au public Samedi 13 novembre Cin\u00e9ma La Pl\u00e9iade - 94230 Cachan 18h00 - L\u2019ABSENCE Long-m\u00e9trage de Mama KE\u00cfTA - 81\u2026","rel":"","context":"Article similaire","block_context":{"text":"Article similaire","link":""},"img":{"alt_text":"","src":"https:\/\/i0.wp.com\/asurb.com\/AsurB\/D_Images\/D_Gif_bl\/Blanc120.gif?resize=350%2C200&ssl=1","width":350,"height":200},"classes":[]}],"_links":{"self":[{"href":"https:\/\/asurb.com\/asurb3\/index.php?rest_route=\/wp\/v2\/pages\/443","targetHints":{"allow":["GET"]}}],"collection":[{"href":"https:\/\/asurb.com\/asurb3\/index.php?rest_route=\/wp\/v2\/pages"}],"about":[{"href":"https:\/\/asurb.com\/asurb3\/index.php?rest_route=\/wp\/v2\/types\/page"}],"author":[{"embeddable":true,"href":"https:\/\/asurb.com\/asurb3\/index.php?rest_route=\/wp\/v2\/users\/1"}],"replies":[{"embeddable":true,"href":"https:\/\/asurb.com\/asurb3\/index.php?rest_route=%2Fwp%2Fv2%2Fcomments&post=443"}],"version-history":[{"count":1,"href":"https:\/\/asurb.com\/asurb3\/index.php?rest_route=\/wp\/v2\/pages\/443\/revisions"}],"predecessor-version":[{"id":445,"href":"https:\/\/asurb.com\/asurb3\/index.php?rest_route=\/wp\/v2\/pages\/443\/revisions\/445"}],"up":[{"embeddable":true,"href":"https:\/\/asurb.com\/asurb3\/index.php?rest_route=\/wp\/v2\/pages\/26"}],"wp:attachment":[{"href":"https:\/\/asurb.com\/asurb3\/index.php?rest_route=%2Fwp%2Fv2%2Fmedia&parent=443"}],"curies":[{"name":"wp","href":"https:\/\/api.w.org\/{rel}","templated":true}]}}

Taafé Fanga ( Pouvoir de pagne )

<p style="text-align: justify;"><a href="https://i0.wp.com/asurb.com/asurb3/wp-content/uploads/2016/06/Taafe_Fanga_Fiche.jpg?ssl=1"><img data-recalc-dims="1" loading="lazy" decoding="async" data-attachment-id="444" data-permalink="https://asurb.com/asurb3/?attachment_id=444" data-orig-file="https://i0.wp.com/asurb.com/asurb3/wp-content/uploads/2016/06/Taafe_Fanga_Fiche.jpg?fit=250%2C138&amp;ssl=1" data-orig-size="250,138" data-comments-opened="1" data-image-meta="{&quot;aperture&quot;:&quot;0&quot;,&quot;credit&quot;:&quot;&quot;,&quot;camera&quot;:&quot;&quot;,&quot;caption&quot;:&quot;&quot;,&quot;created_timestamp&quot;:&quot;0&quot;,&quot;copyright&quot;:&quot;&quot;,&quot;focal_length&quot;:&quot;0&quot;,&quot;iso&quot;:&quot;0&quot;,&quot;shutter_speed&quot;:&quot;0&quot;,&quot;title&quot;:&quot;&quot;,&quot;orientation&quot;:&quot;0&quot;}" data-image-title="Taafe_Fanga_Fiche" data-image-description="" data-image-caption="" data-large-file="https://i0.wp.com/asurb.com/asurb3/wp-content/uploads/2016/06/Taafe_Fanga_Fiche.jpg?fit=250%2C138&amp;ssl=1" class="size-full wp-image-444 alignnone" src="https://i0.wp.com/asurb.com/asurb3/wp-content/uploads/2016/06/Taafe_Fanga_Fiche.jpg?resize=250%2C138&#038;ssl=1" alt="Taafe_Fanga_Fiche" width="250" height="138" /></a></p>
<p style="text-align: justify;"><strong>De Adama DRABO &#8211; 103min &#8211; Mali &#8211; 1997</strong></p>
<p style="text-align: justify;">Fiction– Couleur – DVD – version originale en Bambara sous-titrée en Français<br />
Scénario : Adama Drabo ; Image : Lionel Cousin ; Montage : Rose Evans Decraene ; Musique : Harouna Barry ; Son : Pierre Gauthier, Elvire Lerner ; Décors : Clétili Dembélé ; Interprétation : Fanta Berété, Baco Dagnon, Nana Diabaté, Sidiki Diabaté, Hélène Diarra, Ramata Drabo, Ibrahima S Koita, Michel Sangara, Ténéman Sanogo ; Production : Taaré Films, CNPC Mali (BP E 4075 ; Bamako, Mali, tel : 223 20215913, fax : 223 20217762, courriel : cncm@sotelma.net.ml) ; Distribution : Taaré Films, CNPC Mali (contact en France : Atriascop, Claude Le Gallou, 16, bd Jules-Ferry 75011 Paris . Tél. 33(1) 43 57 17 32. Télécopie : 33 (1) 43 55 06 02).<br />
Prix spécial du jury au FESPACO 1997, sélectionné à La Quinzaine des Réalisateurs au Festival de Cannes 1997.</p>
<h4 style="text-align: justify;"><span style="color: #ff0000;">Synopsis</span></h4>
<p style="text-align: justify;">Dans une cour, la musique limpide de la « cora » du griot Djélimady Kouyaté invite à la veillée. Les hommes, les femmes et les enfants arrivent selon un ordre immuable et s&rsquo;installent chacun dans leur groupe. Une créature de rêve apparaît et provoque le désordre en prenant place parmi les hommes. Offusqués, ils veulent chasser l&rsquo;insolente, mais c&rsquo;est sans compter sur la solidarité des femmes.</p>
<p style="text-align: justify;">Profitant de la découverte d&rsquo;un masque qui donne le pouvoir, les villageoises en pays Dogon renversent l&rsquo;ordre des choses et prennent la place réservée habituellement aux hommes. Elles ne sont plus corvéables : ni cuisine, ni ramassage du bois, ni lessive. Elles portent le pantalon et fument allègrement. En contrepartie, leurs maris se retrouvent dans leurs rôles, habillés de pagne et, surtout, obligés de tout assurer de la garde des enfants à la cuisine. Seule la petite Koumi reste à sa place et assure le dialogue entre les deux clans.</p>
<p style="text-align: justify;">Tournant, avec les habitants, dans le paysage stupéfiant de la falaise de Bandiagara, Adama Drabo respecte les formes traditionnelles de la culture dogon, et invente leur transgression avec une totale empathie pour ce peuple exceptionnel.</p>
<h4 style="text-align: justify;"><span style="color: #ff0000;">Le réalisateur</span></h4>
<p style="text-align: justify;">Adama Drabo, cinéaste et dramaturge malien né en 1948 à Bamako, s&rsquo;intéresse au cinéma dès son enfance, mais il lui faudra emprunter des chemins de traverse pour réaliser son rêve. A l&rsquo;heure de l&rsquo;indépendance du Mali (1960), le futur réalisateur répond à l&rsquo;appel du gouvernement en enseignant pendant dix ans dans les villages. Durant cette période, il peint et développe ses talents de dramaturge en écrivant des pièces de théâtre. Son entrée au Centre national de production cinématographique (CNPC) du Mali en 1979 lui permet enfin de devenir cinéaste. Il travaille avec le réalisateur Cheick Oumar Sissoko comme assistant réalisateur. En 1988, il tourne un moyen-métrage, « Nieba . Et en 1991, il réalise son premier long-métrage « Ta Dona » qui sera présenté au Festival international du film de Locarno et primé au FESPACO 92. En 1997, Adama Drabo réalise « Taafé Fanga » primé dans différents festivals ( FESPACO, Festival de Cannes, Tokyo, Ouagadougou et Namur). Réalisé en 2008, « Fantan Fanga » (Le pouvoir des pauvres) est son dernier film : Adama Drabo est décédé le 15 juillet 2009.</p>

<p>De Adama DRABO &#8211; 103min &#8211; Mali &#8211; 1997 Fiction– Couleur – DVD – version originale en Bambara sous-titrée en Français Scénario : Adama Drabo ; Image : Lionel Cousin [&hellip;]</p>

De Adama DRABO et Ladji DIAKITE - 88 min - Mali - 2008 Fiction - couleur - 35mm - version originale en bambara sous-titrée en français Scénario : Adama Drabo ; Image : Mohamed Lamine Touré, Abdramne Somé ; Montage : Laure Budin ; Musique : Massamou Weie Diallo ;…

Sommaire • Séances ouvertes au public • Séances réservées aux scolaires • Membres du comité de parrainage • Remerciements • Pour se rendre sur les lieux • Les séances ouvertes au public Dimanche 15 novembre Soirée Les pionniers du cinéma nigérien MJC Louise Michel - 94260 Fresnes 18h30 - BON…

Da Monzon, la conquête de Samanyana

De Sidy Fassara DIABATE - 110 min - Mali - 2010 Fiction à base historique - couleur - 35 mm - version originale en bambara sous-titrée en français. Scénario : Sidy F. Diabaté, Ibrahim Tom ; Image : M.L.Tani, Abdoulaye Somé; Son : Bakary Sangare ; Montage : Seydou Koné…

De Idrissa DIABATÉ - 52 min - Côte d’Ivoire - 2009 Documentaire - couleur - 35 mm - version originale sous-titrée en français. Scénario : Idrissa Diabaté ; Image : Tony Barraud ; Montage : Constance Ryder ; Musique : Toumani Diabaté ; Production/Distribution : DJA-COM (106 rue Ordener, 75018…

De Salif TRAORÉ – 96 min – Mali – 2007 – VOSTF Fiction – couleur – 35 mm – Version originale en bambara, sous titrée en français Ce film a fait l’ouverture du FESPACO*, a été sélectionné au festival de Berlin (section forum) et au festival de Toronto en 2007.…

Sommaire • Séances ouvertes au public • Séances scolaires • Partenaires • Membres du comité de parrainage • Remerciements • Pour se rendre sur les lieux • Les séances ouvertes au public Samedi 13 novembre Cinéma La Pléiade - 94230 Cachan 18h00 - L’ABSENCE Long-métrage de Mama KEÏTA - 81…
