{"id":4452,"date":"2024-12-06T16:50:07","date_gmt":"2024-12-06T15:50:07","guid":{"rendered":"https:\/\/asurb.com\/asurb3\/?page_id=4452"},"modified":"2025-11-14T14:23:45","modified_gmt":"2025-11-14T13:23:45","slug":"catherine-ruelle","status":"publish","type":"page","link":"https:\/\/asurb.com\/asurb3\/?page_id=4452","title":{"rendered":"Catherine Ruelle"},"content":{"rendered":"\n<figure id=\"attachment_4454\" aria-describedby=\"caption-attachment-4454\" style=\"width: 200px\" class=\"wp-caption alignright\"><img data-recalc-dims=\"1\" loading=\"lazy\" decoding=\"async\" data-attachment-id=\"4454\" data-permalink=\"https:\/\/asurb.com\/asurb3\/?attachment_id=4454\" data-orig-file=\"https:\/\/i0.wp.com\/asurb.com\/asurb3\/wp-content\/uploads\/2024\/12\/Catherine-Ruelle.jpg?fit=801%2C1200&amp;ssl=1\" data-orig-size=\"801,1200\" data-comments-opened=\"1\" data-image-meta=\"{&quot;aperture&quot;:&quot;0&quot;,&quot;credit&quot;:&quot;&quot;,&quot;camera&quot;:&quot;&quot;,&quot;caption&quot;:&quot;&quot;,&quot;created_timestamp&quot;:&quot;0&quot;,&quot;copyright&quot;:&quot;&quot;,&quot;focal_length&quot;:&quot;0&quot;,&quot;iso&quot;:&quot;0&quot;,&quot;shutter_speed&quot;:&quot;0&quot;,&quot;title&quot;:&quot;&quot;,&quot;orientation&quot;:&quot;0&quot;}\" data-image-title=\"Catherine-Ruelle\" data-image-description=\"&lt;p&gt;Photo : Odile Motelet Visions d\u2019Afrique &lt;\/p&gt;\n\" data-image-caption=\"\" data-large-file=\"https:\/\/i0.wp.com\/asurb.com\/asurb3\/wp-content\/uploads\/2024\/12\/Catherine-Ruelle.jpg?fit=684%2C1024&amp;ssl=1\" class=\"wp-image-4454 size-medium\" src=\"https:\/\/i0.wp.com\/asurb.com\/asurb3\/wp-content\/uploads\/2024\/12\/Catherine-Ruelle.jpg?resize=200%2C300&#038;ssl=1\" alt=\"\" width=\"200\" height=\"300\" srcset=\"https:\/\/i0.wp.com\/asurb.com\/asurb3\/wp-content\/uploads\/2024\/12\/Catherine-Ruelle.jpg?resize=200%2C300&amp;ssl=1 200w, https:\/\/i0.wp.com\/asurb.com\/asurb3\/wp-content\/uploads\/2024\/12\/Catherine-Ruelle.jpg?resize=684%2C1024&amp;ssl=1 684w, https:\/\/i0.wp.com\/asurb.com\/asurb3\/wp-content\/uploads\/2024\/12\/Catherine-Ruelle.jpg?resize=100%2C150&amp;ssl=1 100w, https:\/\/i0.wp.com\/asurb.com\/asurb3\/wp-content\/uploads\/2024\/12\/Catherine-Ruelle.jpg?resize=600%2C899&amp;ssl=1 600w, https:\/\/i0.wp.com\/asurb.com\/asurb3\/wp-content\/uploads\/2024\/12\/Catherine-Ruelle.jpg?w=801&amp;ssl=1 801w\" sizes=\"auto, (max-width: 200px) 100vw, 200px\" \/><figcaption id=\"caption-attachment-4454\" class=\"wp-caption-text\">Photo Odile Motelet Visions d\u2019Afrique<\/figcaption><\/figure>\n<p><em><strong>Catherine Ruelle est<\/strong><\/em> <em><strong><span dir=\"ltr\" role=\"presentation\">grand reporter, critique de cin\u00e9ma et auteure, sp\u00e9cialiste des cin\u00e9mas d\u2019Afrique, du monde arabe et de l\u2019Am\u00e9rique latine.<br \/><\/span><\/strong><\/em>Apr\u00e8s des \u00e9tudes de sciences politiques et d\u2019histoire, elle entre \u00e0 <strong>Radio France Internationale<\/strong> dans les ann\u00e9es 1970. <strong>Elle a \u00e9t\u00e9 responsable, de 1973 \u00e0 mars 2012, de la rubrique cin\u00e9matographique consacr\u00e9e aux cin\u00e9mas du Monde, notamment du cin\u00e9ma africain. Elle collabore \u00e0 de nombreuses publications (Jeune Afrique, Afrique-Asie, Le Monde diplomatique).<br \/><\/strong><\/p>\n<p>Elle a fond\u00e9 en 1984 l\u2019association <strong>RACINES qui travaille en faveur du cin\u00e9ma africain<\/strong>. Elle intervient dans de nombreux festivals et manifestations<br \/>et anime de nombreux d\u00e9bats. Elle a particip\u00e9 au lancement <br \/>de la collection de DVD \u00ab cin\u00e9astes africains \u00bb initi\u00e9e par ARTE <br \/>et elle a contribu\u00e9 \u00e0 la r\u00e9alisation de plusieurs ouvrages sur le cin\u00e9ma africain.<\/p>\n<p>Elle a anim\u00e9 longtemps le cin\u00e9club africain mensuel qui a lieu au mus\u00e9e DAPPER \u00e0 Paris. En Avril 2011, elle a \u00e9t\u00e9 d\u00e9sign\u00e9e comme <strong>Pr\u00e9sidente d\u2019Honneur de la 8\u00b0 \u00e9dition du Festival International du Film Panafricain de Cannes.<\/strong> Elle a pr\u00e9sid\u00e9 l\u2019association \u00ab\u00a0Centenaire Jean Rouch 2017 \u00a0\u00bb qui a organis\u00e9 les manifestations destin\u00e9es \u00e0 comm\u00e9morer le centenaire de l\u2019Ehtnographe-Cin\u00e9aste en France et dans le Monde.<br \/>Fid\u00e8le depuis de nombreuses ann\u00e9es au festival Cin\u00e9 Regards Africains, elle est membre d<strong>u comit\u00e9 de parrainage de l&rsquo;association Afrique sur Bi\u00e8vre<\/strong>, constitu\u00e9 de personnalit\u00e9s choisies pour leur connaissance des cin\u00e9mas africains et pour l\u2019int\u00e9r\u00eat qu\u2019elles portent \u00e0 leur diffusion.<\/p>\n<p>Elle est \u00e9galement l\u2019auteure de plusieurs ouvrages sur les cin\u00e9mas d\u2019Afrique :<br \/>&#8211;\u00a0 <span id=\"productTitle\" class=\"a-size-large celwidget\" data-csa-c-id=\"vyez56-4yzw0h-231awl-r7unnz\" data-cel-widget=\"productTitle\">Singularit\u00e9s d&rsquo;un cin\u00e9ma pluriel &#8211; sous la direction de Catherine Ruelle &#8211; <\/span>L&rsquo;Harmattan &#8211; 2005 : collection Images Plurielles : Sc\u00e8nes et \u00e9crans<br \/>&#8211; Cin\u00e9astes d&rsquo;Afrique noire &#8211; Catherine Ruelle et Guy Hennebelle &#8211; Soci\u00e9gt\u00e9 africaine d&rsquo;\u00e9dition &#8211; 1978 &#8211; collection : CinemAction 3<\/p>\n<dl class=\"book_details\">\n<dd><\/dd>\n<\/dl>\n<p><strong>\u00a0<\/strong><\/p>\n<p>\u00a0<\/p>\n<p>\u00a0<\/p>\n","protected":false},"excerpt":{"rendered":"<p>Catherine Ruelle est grand reporter, critique de cin\u00e9ma et auteure, sp\u00e9cialiste des cin\u00e9mas d\u2019Afrique, du monde arabe et de l\u2019Am\u00e9rique latine.Apr\u00e8s des \u00e9tudes de sciences politiques et d\u2019histoire, elle entre [&hellip;]<\/p>\n","protected":false},"author":1,"featured_media":0,"parent":0,"menu_order":0,"comment_status":"closed","ping_status":"closed","template":"","meta":{"footnotes":""},"class_list":["post-4452","page","type-page","status-publish","hentry"],"jetpack_sharing_enabled":true,"jetpack_shortlink":"https:\/\/wp.me\/P7C6tF-19O","jetpack-related-posts":[{"id":5,"url":"https:\/\/asurb.com\/asurb3\/?page_id=5","url_meta":{"origin":4452,"position":0},"title":"L&rsquo;association","author":"webmaster","date":"30 mai 2016","format":false,"excerpt":"PR\u00c9SENTATION DE L\u2019ASSOCIATION En juillet 2007 naissait l'association \u00ab AFRIQUE SUR BI\u00c8VRE \u00bb, implant\u00e9e dans la Communaut\u00e9 d'Agglom\u00e9ration de Val de Bi\u00e8vre (CAVB), compos\u00e9e des communes d'Arcueil, Cachan, Fresnes, Gentilly, L'Ha\u00ff-les-Roses, Le Kremlin-Bic\u00eatre et Villejuif. Le choix de ce nom est aussi un clin d'oeil : en 1955 \u00e9tait tourn\u00e9\u2026","rel":"","context":"Article similaire","block_context":{"text":"Article similaire","link":""},"img":{"alt_text":"Velos v1","src":"https:\/\/i0.wp.com\/asurb.com\/asurb3\/wp-content\/uploads\/2016\/05\/Velos-v1-300x86.jpg?resize=350%2C200","width":350,"height":200},"classes":[]},{"id":4467,"url":"https:\/\/asurb.com\/asurb3\/?page_id=4467","url_meta":{"origin":4452,"position":1},"title":"Daniela Ricci","author":"webmaster","date":"6 d\u00e9cembre 2024","format":false,"excerpt":"Daniela RICCI est docteur en \u00e9tudes cin\u00e9matographiques, enseignante \u00e0 l\u2019universit\u00e9 Paris X Nanterre, r\u00e9alisatrice et sp\u00e9cialiste des cin\u00e9mas d'Afrique. Apr\u00e8s avoir travaill\u00e9 plusieurs ann\u00e9es dans des projets de coop\u00e9ration internationales en Afrique et Am\u00e9rique Latine aupr\u00e8s de diverses ONG, ainsi que des Nations Unies, elle a \u00e9t\u00e9 organisatrice des rencontres\u2026","rel":"","context":"Article similaire","block_context":{"text":"Article similaire","link":""},"img":{"alt_text":"","src":"https:\/\/i0.wp.com\/asurb.com\/asurb3\/wp-content\/uploads\/2024\/12\/D-Ricci.jpg?resize=350%2C200&ssl=1","width":350,"height":200},"classes":[]},{"id":8,"url":"https:\/\/asurb.com\/asurb3\/?page_id=8","url_meta":{"origin":4452,"position":2},"title":"Liens utiles","author":"webmaster","date":"30 mai 2016","format":false,"excerpt":"Pour entrer en relation avec d\u2019autres d\u00e9couvreurs ou passeurs d\u2019images venues d\u2019Afrique\u2026 www.institutfrancais.com Sa Cin\u00e9math\u00e8que Afrique constitue une importante collection de films africains. www.africultures.com Un site enti\u00e8rement consacr\u00e9 aux cultures et expressions artistiques africaines. www.fespaco.bf Festival panafricain du cin\u00e9ma et de la t\u00e9l\u00e9vision de Ouagadougou ( Burkina Faso ) qui\u2026","rel":"","context":"Article similaire","block_context":{"text":"Article similaire","link":""},"img":{"alt_text":"Institut-Francais","src":"https:\/\/i0.wp.com\/asurb.com\/asurb3\/wp-content\/uploads\/2016\/05\/Institut-Francais.jpg?resize=350%2C200","width":350,"height":200},"classes":[]},{"id":2982,"url":"https:\/\/asurb.com\/asurb3\/?page_id=2982","url_meta":{"origin":4452,"position":3},"title":"Buddah in Africa","author":"webmaster","date":"30 ao\u00fbt 2021","format":false,"excerpt":"\u00a0De Nicole SCHAFER -\u00a0\u00a0 Afrique du Sud\/Su\u00e8de -2019 - 90min \u2013 documentaire - couleur \u2013 VOSTF Auteur-r\u00e9alisateur\u00a0: Nicole Schafer \u2013 Image\u00a0: Grant Greenberg \u2013 Son\u00a0: Ted Krotkienwski \u2013 Montage\u00a0: \u00a0Mary Stephen, Bernhard Winkler, Nicole Schafer, Catherine Meyburgh \u2013 Production\/Diffusion\u00a0: Nicole Schafer, David Herdies, Thinking String Media, Momento Film \u2013 Distributeurs\u00a0:\u2026","rel":"","context":"Article similaire","block_context":{"text":"Article similaire","link":""},"img":{"alt_text":"","src":"","width":0,"height":0},"classes":[]},{"id":761,"url":"https:\/\/asurb.com\/asurb3\/?page_id=761","url_meta":{"origin":4452,"position":4},"title":"Miners Shot Down","author":"webmaster","date":"19 juin 2016","format":false,"excerpt":"De Rehad DESAI - 85 min -Afrique du Sud - 2014\u00a0 documentaire - couleur - VOST fran\u00e7ais - DVD R\u00e9alisation : Rehad Desai - Script : Anita Khanna, Rehad Desai -\u00a0 Image : Nic Hofmery -\u00a0 Son : President Kappa - Montage : Menno Boerema -\u00a0 Musique : Philip Miller\u2026","rel":"","context":"Article similaire","block_context":{"text":"Article similaire","link":""},"img":{"alt_text":"","src":"","width":0,"height":0},"classes":[]},{"id":929,"url":"https:\/\/asurb.com\/asurb3\/?page_id=929","url_meta":{"origin":4452,"position":5},"title":"Programme 2016","author":"webmaster","date":"5 octobre 2016","format":false,"excerpt":"Sommaire \u2022 S\u00e9ances ouvertes au public \u2022 S\u00e9ances scolaires \u2022 Partenaires \u2022 Membres du comit\u00e9 de parrainage \u2022 Remerciements \u2022 Pour se rendre sur les lieux MJC Louise Michel \u2013 Fresnes \u00a0vendredi 18 novembre 19h00 : restauration possible ambiance \u00e9thiopienne 20h30 : DIFRET de Zeresenay Berhane Mehari \u2013 Ethiopie \u2013\u2026","rel":"","context":"Article similaire","block_context":{"text":"Article similaire","link":""},"img":{"alt_text":"","src":"http:\/\/i1.wp.com\/www.asurb.com\/AsurB\/D_Images\/D_Gif_bl\/Blanc120.gif?resize=350%2C200","width":350,"height":200},"classes":[]}],"_links":{"self":[{"href":"https:\/\/asurb.com\/asurb3\/index.php?rest_route=\/wp\/v2\/pages\/4452","targetHints":{"allow":["GET"]}}],"collection":[{"href":"https:\/\/asurb.com\/asurb3\/index.php?rest_route=\/wp\/v2\/pages"}],"about":[{"href":"https:\/\/asurb.com\/asurb3\/index.php?rest_route=\/wp\/v2\/types\/page"}],"author":[{"embeddable":true,"href":"https:\/\/asurb.com\/asurb3\/index.php?rest_route=\/wp\/v2\/users\/1"}],"replies":[{"embeddable":true,"href":"https:\/\/asurb.com\/asurb3\/index.php?rest_route=%2Fwp%2Fv2%2Fcomments&post=4452"}],"version-history":[{"count":7,"href":"https:\/\/asurb.com\/asurb3\/index.php?rest_route=\/wp\/v2\/pages\/4452\/revisions"}],"predecessor-version":[{"id":4914,"href":"https:\/\/asurb.com\/asurb3\/index.php?rest_route=\/wp\/v2\/pages\/4452\/revisions\/4914"}],"wp:attachment":[{"href":"https:\/\/asurb.com\/asurb3\/index.php?rest_route=%2Fwp%2Fv2%2Fmedia&parent=4452"}],"curies":[{"name":"wp","href":"https:\/\/api.w.org\/{rel}","templated":true}]}}

<figure id="attachment_4454" aria-describedby="caption-attachment-4454" style="width: 200px" class="wp-caption alignright"><img data-recalc-dims="1" loading="lazy" decoding="async" data-attachment-id="4454" data-permalink="https://asurb.com/asurb3/?attachment_id=4454" data-orig-file="https://i0.wp.com/asurb.com/asurb3/wp-content/uploads/2024/12/Catherine-Ruelle.jpg?fit=801%2C1200&amp;ssl=1" data-orig-size="801,1200" data-comments-opened="1" data-image-meta="{&quot;aperture&quot;:&quot;0&quot;,&quot;credit&quot;:&quot;&quot;,&quot;camera&quot;:&quot;&quot;,&quot;caption&quot;:&quot;&quot;,&quot;created_timestamp&quot;:&quot;0&quot;,&quot;copyright&quot;:&quot;&quot;,&quot;focal_length&quot;:&quot;0&quot;,&quot;iso&quot;:&quot;0&quot;,&quot;shutter_speed&quot;:&quot;0&quot;,&quot;title&quot;:&quot;&quot;,&quot;orientation&quot;:&quot;0&quot;}" data-image-title="Catherine-Ruelle" data-image-description="&lt;p&gt;Photo : Odile Motelet Visions d’Afrique &lt;/p&gt;
" data-image-caption="" data-large-file="https://i0.wp.com/asurb.com/asurb3/wp-content/uploads/2024/12/Catherine-Ruelle.jpg?fit=684%2C1024&amp;ssl=1" class="wp-image-4454 size-medium" src="https://i0.wp.com/asurb.com/asurb3/wp-content/uploads/2024/12/Catherine-Ruelle.jpg?resize=200%2C300&#038;ssl=1" alt="" width="200" height="300" srcset="https://i0.wp.com/asurb.com/asurb3/wp-content/uploads/2024/12/Catherine-Ruelle.jpg?resize=200%2C300&amp;ssl=1 200w, https://i0.wp.com/asurb.com/asurb3/wp-content/uploads/2024/12/Catherine-Ruelle.jpg?resize=684%2C1024&amp;ssl=1 684w, https://i0.wp.com/asurb.com/asurb3/wp-content/uploads/2024/12/Catherine-Ruelle.jpg?resize=100%2C150&amp;ssl=1 100w, https://i0.wp.com/asurb.com/asurb3/wp-content/uploads/2024/12/Catherine-Ruelle.jpg?resize=600%2C899&amp;ssl=1 600w, https://i0.wp.com/asurb.com/asurb3/wp-content/uploads/2024/12/Catherine-Ruelle.jpg?w=801&amp;ssl=1 801w" sizes="auto, (max-width: 200px) 100vw, 200px" /><figcaption id="caption-attachment-4454" class="wp-caption-text">Photo Odile Motelet Visions d’Afrique</figcaption></figure>
<p><em><strong>Catherine Ruelle est</strong></em> <em><strong><span dir="ltr" role="presentation">grand reporter, critique de cinéma et auteure, spécialiste des cinémas d’Afrique, du monde arabe et de l’Amérique latine.<br /></span></strong></em>Après des études de sciences politiques et d’histoire, elle entre à <strong>Radio France Internationale</strong> dans les années 1970. <strong>Elle a été responsable, de 1973 à mars 2012, de la rubrique cinématographique consacrée aux cinémas du Monde, notamment du cinéma africain. Elle collabore à de nombreuses publications (Jeune Afrique, Afrique-Asie, Le Monde diplomatique).<br /></strong></p>
<p>Elle a fondé en 1984 l’association <strong>RACINES qui travaille en faveur du cinéma africain</strong>. Elle intervient dans de nombreux festivals et manifestations<br />et anime de nombreux débats. Elle a participé au lancement <br />de la collection de DVD « cinéastes africains » initiée par ARTE <br />et elle a contribué à la réalisation de plusieurs ouvrages sur le cinéma africain.</p>
<p>Elle a animé longtemps le cinéclub africain mensuel qui a lieu au musée DAPPER à Paris. En Avril 2011, elle a été désignée comme <strong>Présidente d’Honneur de la 8° édition du Festival International du Film Panafricain de Cannes.</strong> Elle a présidé l’association « Centenaire Jean Rouch 2017  » qui a organisé les manifestations destinées à commémorer le centenaire de l’Ehtnographe-Cinéaste en France et dans le Monde.<br />Fidèle depuis de nombreuses années au festival Ciné Regards Africains, elle est membre d<strong>u comité de parrainage de l&rsquo;association Afrique sur Bièvre</strong>, constitué de personnalités choisies pour leur connaissance des cinémas africains et pour l’intérêt qu’elles portent à leur diffusion.</p>
<p>Elle est également l’auteure de plusieurs ouvrages sur les cinémas d’Afrique :<br />&#8211;  <span id="productTitle" class="a-size-large celwidget" data-csa-c-id="vyez56-4yzw0h-231awl-r7unnz" data-cel-widget="productTitle">Singularités d&rsquo;un cinéma pluriel &#8211; sous la direction de Catherine Ruelle &#8211; </span>L&rsquo;Harmattan &#8211; 2005 : collection Images Plurielles : Scènes et écrans<br />&#8211; Cinéastes d&rsquo;Afrique noire &#8211; Catherine Ruelle et Guy Hennebelle &#8211; Sociégté africaine d&rsquo;édition &#8211; 1978 &#8211; collection : CinemAction 3</p>
<dl class="book_details">
<dd></dd>
</dl>
<p><strong> </strong></p>
<p> </p>
<p> </p>

<p>Catherine Ruelle est grand reporter, critique de cinéma et auteure, spécialiste des cinémas d’Afrique, du monde arabe et de l’Amérique latine.Après des études de sciences politiques et d’histoire, elle entre [&hellip;]</p>

PRÉSENTATION DE L’ASSOCIATION En juillet 2007 naissait l'association « AFRIQUE SUR BIÈVRE », implantée dans la Communauté d'Agglomération de Val de Bièvre (CAVB), composée des communes d'Arcueil, Cachan, Fresnes, Gentilly, L'Haÿ-les-Roses, Le Kremlin-Bicêtre et Villejuif. Le choix de ce nom est aussi un clin d'oeil : en 1955 était tourné…

6 décembre 2024

Daniela RICCI est docteur en études cinématographiques, enseignante à l’université Paris X Nanterre, réalisatrice et spécialiste des cinémas d'Afrique. Après avoir travaillé plusieurs années dans des projets de coopération internationales en Afrique et Amérique Latine auprès de diverses ONG, ainsi que des Nations Unies, elle a été organisatrice des rencontres…

Pour entrer en relation avec d’autres découvreurs ou passeurs d’images venues d’Afrique… www.institutfrancais.com Sa Cinémathèque Afrique constitue une importante collection de films africains. www.africultures.com Un site entièrement consacré aux cultures et expressions artistiques africaines. www.fespaco.bf Festival panafricain du cinéma et de la télévision de Ouagadougou ( Burkina Faso ) qui…

30 août 2021

De Nicole SCHAFER -   Afrique du Sud/Suède -2019 - 90min – documentaire - couleur – VOSTF Auteur-réalisateur : Nicole Schafer – Image : Grant Greenberg – Son : Ted Krotkienwski – Montage :  Mary Stephen, Bernhard Winkler, Nicole Schafer, Catherine Meyburgh – Production/Diffusion : Nicole Schafer, David Herdies, Thinking String Media, Momento Film – Distributeurs :…

De Rehad DESAI - 85 min -Afrique du Sud - 2014  documentaire - couleur - VOST français - DVD Réalisation : Rehad Desai - Script : Anita Khanna, Rehad Desai -  Image : Nic Hofmery -  Son : President Kappa - Montage : Menno Boerema -  Musique : Philip Miller…

Sommaire • Séances ouvertes au public • Séances scolaires • Partenaires • Membres du comité de parrainage • Remerciements • Pour se rendre sur les lieux MJC Louise Michel – Fresnes  vendredi 18 novembre 19h00 : restauration possible ambiance éthiopienne 20h30 : DIFRET de Zeresenay Berhane Mehari – Ethiopie –…
