{"id":447,"date":"2016-06-05T19:20:55","date_gmt":"2016-06-05T17:20:55","guid":{"rendered":"http:\/\/www.test.asurb.com\/?page_id=447"},"modified":"2016-06-05T19:20:55","modified_gmt":"2016-06-05T17:20:55","slug":"tabataba","status":"publish","type":"page","link":"https:\/\/asurb.com\/asurb3\/?page_id=447","title":{"rendered":"Tabataba"},"content":{"rendered":"<p style=\"text-align: justify;\"><a href=\"https:\/\/i0.wp.com\/asurb.com\/asurb3\/wp-content\/uploads\/2016\/06\/Tabataba_Fiche.jpg?ssl=1\"><img data-recalc-dims=\"1\" loading=\"lazy\" decoding=\"async\" data-attachment-id=\"448\" data-permalink=\"https:\/\/asurb.com\/asurb3\/?attachment_id=448\" data-orig-file=\"https:\/\/i0.wp.com\/asurb.com\/asurb3\/wp-content\/uploads\/2016\/06\/Tabataba_Fiche.jpg?fit=250%2C138&amp;ssl=1\" data-orig-size=\"250,138\" data-comments-opened=\"1\" data-image-meta=\"{&quot;aperture&quot;:&quot;0&quot;,&quot;credit&quot;:&quot;&quot;,&quot;camera&quot;:&quot;&quot;,&quot;caption&quot;:&quot;&quot;,&quot;created_timestamp&quot;:&quot;0&quot;,&quot;copyright&quot;:&quot;&quot;,&quot;focal_length&quot;:&quot;0&quot;,&quot;iso&quot;:&quot;0&quot;,&quot;shutter_speed&quot;:&quot;0&quot;,&quot;title&quot;:&quot;&quot;,&quot;orientation&quot;:&quot;0&quot;}\" data-image-title=\"Tabataba_Fiche\" data-image-description=\"\" data-image-caption=\"\" data-large-file=\"https:\/\/i0.wp.com\/asurb.com\/asurb3\/wp-content\/uploads\/2016\/06\/Tabataba_Fiche.jpg?fit=250%2C138&amp;ssl=1\" class=\"size-full wp-image-448 alignnone\" src=\"https:\/\/i0.wp.com\/asurb.com\/asurb3\/wp-content\/uploads\/2016\/06\/Tabataba_Fiche.jpg?resize=250%2C138&#038;ssl=1\" alt=\"Tabataba_Fiche\" width=\"250\" height=\"138\" \/><\/a><\/p>\n<p style=\"text-align: justify;\"><strong>De Raymond RAJAONARIVELO \u2013 84 min \u2013 Madagascar \u2013 1988 \u2013 VOSTF<\/strong><\/p>\n<p style=\"text-align: justify;\">Fiction \u2013 couleur \u2013 35 mm \u2013 version originale en malgache sous-titr\u00e9e en fran\u00e7ais<br \/>\nSc\u00e9nario : Robert Archer, Raymond Rajaonarivelo ; Images : Bruno Privat ; Montage : Suzanne Koch ; Musique : Eddy Louiss ; Son : Jean-Pierre Houel ; Interpr\u00e9tation : Fran\u00e7ois Botozandry, Lucien Dakadisy, Soatody, Soavelo, Rasoa, Philippe Nahoun, Jacky Guegan, Tsimba Tsilavo, Juliette, Julienne, Philibert Wang ; Production : Les Films du Volcan, la Secae, La Sept ;<br \/>\nDistribution : Jacques Le Glou + Laurence \/ JLAaudiovisuel , 41 rue Barrault 75013 Paris ; t\u00e9l : 01 44 16 89 20 ou 01 44 16 88 44 ; courriel : jacquesleglou@wanadoo.fr<br \/>\nCe film a \u00e9t\u00e9 s\u00e9lectionn\u00e9 \u00e0 la Quinzaine des r\u00e9alisateurs \u00e0 Cannes, o\u00f9 il a re\u00e7u le prix du Public de la ville de Cannes (1988). En 1989, il a obtenu le prix du Jury \u00e0 Taormina et le prix de la premi\u00e8re \u0153uvre \u00e0 Carthage.<\/p>\n<h4 style=\"text-align: justify;\"><span style=\"color: #ff0000;\">Synopsis<\/span><\/h4>\n<p style=\"text-align: justify;\">Fin 1946, dans un village de Madagascar, arrive un \u00e9tranger et avec lui des id\u00e9es nouvelles sur l\u2019ind\u00e9pendance. La r\u00e9volte gronde. Lehidy, et ses compagnons prennent le maquis.<br \/>\nLe village va se trouver brutalement propuls\u00e9 hors d\u2019une existence jusqu\u2019alors cyclique. Mais, vue \u00e0 travers les yeux d\u2019un jeune gar\u00e7on, Solo, fr\u00e8re de Lehidy, l\u2019histoire de l\u2019insurrection et de sa r\u00e9pression va prendre les couleurs de l\u2019imaginaire : fausses nouvelles, messages trouv\u00e9s dans les arbres, contre-messages flottant au fil de l\u2019eau, rumeurs annon\u00e7ant l\u2019arriv\u00e9e des troupes am\u00e9ricaines : \u00ab Je reviendrai quand je serai g\u00e9n\u00e9ral, avec les Am\u00e9ricains \u00bb, avait dit Lehidy en quittant le village, arm\u00e9 de son seul fusil en bois.<br \/>\n\u00c0 l\u2019\u00e9coute d\u2019acteurs, dignes et pudiques, s\u2019expliquer plus qu\u2019il ne les explique, le r\u00e9alisateur nous conduit sur un versant onirique et all\u00e9gorique, en compagnie de ce personnage fascinant qu\u2019est la vieille femme tr\u00f4nant tout le jour sur la place du village, dans un fauteuil Louis XVI h\u00e9rit\u00e9 de Gallieni !<\/p>\n<h4 style=\"text-align: justify;\"><span style=\"color: #ff0000;\">Le r\u00e9alisateur<\/span><\/h4>\n<p style=\"text-align: justify;\">N\u00e9 \u00e0 Madagascar, Raymond Rajaonarivelo s\u2019installe en France o\u00f9 il suit des \u00e9tudes de cin\u00e9ma. D\u2019abord assistant r\u00e9alisateur, il tourne en 1988 \u00ab Tabataba \u00bb, premier long-m\u00e9trage malgache tourn\u00e9 en 35 mm. Le film est s\u00e9lectionn\u00e9 \u00e0 la Quinzaine des r\u00e9alisateurs \u00e0 Cannes. En 1996, il r\u00e9alise \u00ab Quand les \u00e9toiles rencontrent la mer \u00bb, et en 2005, \u00ab Mahaleo \u00bb, co-r\u00e9alis\u00e9 avec C\u00e9sar Paes.<\/p>\n","protected":false},"excerpt":{"rendered":"<p>De Raymond RAJAONARIVELO \u2013 84 min \u2013 Madagascar \u2013 1988 \u2013 VOSTF Fiction \u2013 couleur \u2013 35 mm \u2013 version originale en malgache sous-titr\u00e9e en fran\u00e7ais Sc\u00e9nario : Robert Archer, [&hellip;]<\/p>\n","protected":false},"author":1,"featured_media":0,"parent":26,"menu_order":0,"comment_status":"closed","ping_status":"closed","template":"","meta":{"footnotes":""},"class_list":["post-447","page","type-page","status-publish","hentry"],"jetpack_sharing_enabled":true,"jetpack_shortlink":"https:\/\/wp.me\/P7C6tF-7d","jetpack-related-posts":[{"id":418,"url":"https:\/\/asurb.com\/asurb3\/?page_id=418","url_meta":{"origin":447,"position":0},"title":"Quand les \u00e9toiles rencontrent la mer","author":"webmaster","date":"5 juin 2016","format":false,"excerpt":"Madagascar - 1996 - fiction - 81 min - couleur - VO malgache\/fran\u00e7ais STFR S\u00e9lectionn\u00e9 dans plusieurs festivals : Toronto, Carthage, San Sebastian, Le Caire\u2026 R\u00e9alisation : Raymond Rajaonarivelo Sc\u00e9nario : Raymond Rajaonarivelo, Santiago Amigorena, SuzanneSchiffman Interpr\u00e9tation : Jean Rabenjamina, Louis Vahandanitra, Aim\u00e9e Rasafindrafarasoa ,Joseph Ranizafilahy,Rondro Rasoanaivo, Christiana Rason Harimalala,\u2026","rel":"","context":"Article similaire","block_context":{"text":"Article similaire","link":""},"img":{"alt_text":"QUAND-LES-ETOILES_Fiche","src":"https:\/\/i0.wp.com\/asurb.com\/asurb3\/wp-content\/uploads\/2016\/06\/QUAND-LES-ETOILES_Fiche.jpg?resize=350%2C200&ssl=1","width":350,"height":200},"classes":[]},{"id":137,"url":"https:\/\/asurb.com\/asurb3\/?page_id=137","url_meta":{"origin":447,"position":1},"title":"Programme 2008","author":"webmaster","date":"3 juin 2016","format":false,"excerpt":"Sommaire \u2022 Les soir\u00e9es grand public \u2022 S\u00e9ances r\u00e9serv\u00e9es aux scolaires \u2022 Autour du festival \u2022 Membres du comit\u00e9 de parrainage \u2022 Remerciements \u2022 Pour se rendre sur les lieux \u2022 Les soir\u00e9es grand public Samedi 15 novembre Soir\u00e9e d\u2019ouverture Cin\u00e9ma la Pl\u00e9iade - 94230 - Cachan 20h30 - TABATABA\u2026","rel":"","context":"Article similaire","block_context":{"text":"Article similaire","link":""},"img":{"alt_text":"","src":"https:\/\/i0.wp.com\/asurb.com\/AsurB\/D_Images\/D_Gif_bl\/Blanc120.gif?resize=350%2C200&ssl=1","width":350,"height":200},"classes":[]},{"id":270,"url":"https:\/\/asurb.com\/asurb3\/?page_id=270","url_meta":{"origin":447,"position":2},"title":"L&rsquo;op\u00e9ra du bout du monde","author":"webmaster","date":"4 juin 2016","format":false,"excerpt":"Madagascar - 2012 - documentaire - 96 min - couleur - VO malgache\/fran\u00e7ais, STFR R\u00e9alisation : Marie Cl\u00e9mence & C\u00e9sar Paes Sc\u00e9nario : Marie Cl\u00e9mence & C\u00e9sar Paes Interpr\u00e9tation : Aurore Ugolin, Landy Andriamboavonjy, Karim Bouzra, Steeve Heimanu Mai, Arnaud Dormeuil Montage : Marie Cl\u00e9mence et C\u00e9sar Paes, Agn\u00e8s Contensou\u2026","rel":"","context":"Article similaire","block_context":{"text":"Article similaire","link":""},"img":{"alt_text":"LOPERA_Fiche","src":"https:\/\/i0.wp.com\/asurb.com\/asurb3\/wp-content\/uploads\/2016\/06\/LOPERA_Fiche.jpg?resize=350%2C200&ssl=1","width":350,"height":200},"classes":[]},{"id":379,"url":"https:\/\/asurb.com\/asurb3\/?page_id=379","url_meta":{"origin":447,"position":3},"title":"Menged","author":"webmaster","date":"5 juin 2016","format":false,"excerpt":"De Daniel TAYE WORKOU \u2013 21 min \u2013 Ethiopie \u2013 2006 \u2013 VOSTF Fiction \u2013 couleur \u2013 35 mm \u2013 Version originale en amharic, sous titr\u00e9e en fran\u00e7ais Poulain d\u2019or de Yennenga au FESPACO* 2007 Sc\u00e9nario : Daniel Taye Workou ; Image : Ian Blumers ; Montage : Gregorio Sebastio\u2026","rel":"","context":"Article similaire","block_context":{"text":"Article similaire","link":""},"img":{"alt_text":"Menged_Fiche","src":"https:\/\/i0.wp.com\/asurb.com\/asurb3\/wp-content\/uploads\/2016\/06\/Menged_Fiche.jpg?resize=350%2C200&ssl=1","width":350,"height":200},"classes":[]},{"id":226,"url":"https:\/\/asurb.com\/asurb3\/?page_id=226","url_meta":{"origin":447,"position":4},"title":"Faro la reine des eaux","author":"webmaster","date":"4 juin 2016","format":false,"excerpt":"De Salif TRAOR\u00c9 \u2013 96 min \u2013 Mali \u2013 2007 \u2013 VOSTF Fiction \u2013 couleur \u2013 35 mm \u2013 Version originale en bambara, sous titr\u00e9e en fran\u00e7ais Ce film a fait l\u2019ouverture du FESPACO*, a \u00e9t\u00e9 s\u00e9lectionn\u00e9 au festival de Berlin (section forum) et au festival de Toronto en 2007.\u2026","rel":"","context":"Article similaire","block_context":{"text":"Article similaire","link":""},"img":{"alt_text":"Faro_Fiche","src":"https:\/\/i0.wp.com\/asurb.com\/asurb3\/wp-content\/uploads\/2016\/06\/Faro_Fiche.jpg?resize=350%2C200&ssl=1","width":350,"height":200},"classes":[]},{"id":513,"url":"https:\/\/asurb.com\/asurb3\/?page_id=513","url_meta":{"origin":447,"position":5},"title":"Programme 2009","author":"webmaster","date":"6 juin 2016","format":false,"excerpt":"Sommaire \u2022 S\u00e9ances ouvertes au public \u2022 S\u00e9ances r\u00e9serv\u00e9es aux scolaires \u2022 Membres du comit\u00e9 de parrainage \u2022 Remerciements \u2022 Pour se rendre sur les lieux \u2022 Les s\u00e9ances ouvertes au public Dimanche 15 novembre Soir\u00e9e Les pionniers du cin\u00e9ma nig\u00e9rien MJC Louise Michel - 94260 Fresnes 18h30 - BON\u2026","rel":"","context":"Article similaire","block_context":{"text":"Article similaire","link":""},"img":{"alt_text":"","src":"https:\/\/i0.wp.com\/asurb.com\/AsurB\/D_Images\/D_Gif_bl\/Blanc120.gif?resize=350%2C200&ssl=1","width":350,"height":200},"classes":[]}],"_links":{"self":[{"href":"https:\/\/asurb.com\/asurb3\/index.php?rest_route=\/wp\/v2\/pages\/447","targetHints":{"allow":["GET"]}}],"collection":[{"href":"https:\/\/asurb.com\/asurb3\/index.php?rest_route=\/wp\/v2\/pages"}],"about":[{"href":"https:\/\/asurb.com\/asurb3\/index.php?rest_route=\/wp\/v2\/types\/page"}],"author":[{"embeddable":true,"href":"https:\/\/asurb.com\/asurb3\/index.php?rest_route=\/wp\/v2\/users\/1"}],"replies":[{"embeddable":true,"href":"https:\/\/asurb.com\/asurb3\/index.php?rest_route=%2Fwp%2Fv2%2Fcomments&post=447"}],"version-history":[{"count":1,"href":"https:\/\/asurb.com\/asurb3\/index.php?rest_route=\/wp\/v2\/pages\/447\/revisions"}],"predecessor-version":[{"id":449,"href":"https:\/\/asurb.com\/asurb3\/index.php?rest_route=\/wp\/v2\/pages\/447\/revisions\/449"}],"up":[{"embeddable":true,"href":"https:\/\/asurb.com\/asurb3\/index.php?rest_route=\/wp\/v2\/pages\/26"}],"wp:attachment":[{"href":"https:\/\/asurb.com\/asurb3\/index.php?rest_route=%2Fwp%2Fv2%2Fmedia&parent=447"}],"curies":[{"name":"wp","href":"https:\/\/api.w.org\/{rel}","templated":true}]}}