{"id":4564,"date":"2025-09-06T14:21:17","date_gmt":"2025-09-06T12:21:17","guid":{"rendered":"https:\/\/asurb.com\/asurb3\/?page_id=4564"},"modified":"2025-10-14T18:07:45","modified_gmt":"2025-10-14T16:07:45","slug":"les-enfants-rouges","status":"publish","type":"page","link":"https:\/\/asurb.com\/asurb3\/?page_id=4564","title":{"rendered":"Les Enfants rouges"},"content":{"rendered":"\n<p>De Lotfi ACHOUR \u2013 Tunisie, France, Belgique, Pologne- 2024 \u2013100 min &#8211; fiction \u2013 VO arabe tunisien STF<\/p>\n<p>\u00a0<span style=\"color: #ff0000;\"><strong>Fiche technique<\/strong><\/span><\/p>\n<p>Sc\u00e9nario\u00a0: Natacha de Pontcharra, Doria Achour, Sylvain Cattenoy, Lotfi Achour &#8211;<img data-recalc-dims=\"1\" loading=\"lazy\" decoding=\"async\" data-attachment-id=\"4773\" data-permalink=\"https:\/\/asurb.com\/asurb3\/?attachment_id=4773\" data-orig-file=\"https:\/\/i0.wp.com\/asurb.com\/asurb3\/wp-content\/uploads\/2025\/10\/LES-ENFANTS-ROUGES_120_UGC1.jpg?fit=515%2C700&amp;ssl=1\" data-orig-size=\"515,700\" data-comments-opened=\"1\" data-image-meta=\"{&quot;aperture&quot;:&quot;0&quot;,&quot;credit&quot;:&quot;&quot;,&quot;camera&quot;:&quot;&quot;,&quot;caption&quot;:&quot;&quot;,&quot;created_timestamp&quot;:&quot;0&quot;,&quot;copyright&quot;:&quot;&quot;,&quot;focal_length&quot;:&quot;0&quot;,&quot;iso&quot;:&quot;0&quot;,&quot;shutter_speed&quot;:&quot;0&quot;,&quot;title&quot;:&quot;&quot;,&quot;orientation&quot;:&quot;0&quot;}\" data-image-title=\"LES-ENFANTS-ROUGES_120_UGC1\" data-image-description=\"\" data-image-caption=\"\" data-large-file=\"https:\/\/i0.wp.com\/asurb.com\/asurb3\/wp-content\/uploads\/2025\/10\/LES-ENFANTS-ROUGES_120_UGC1.jpg?fit=515%2C700&amp;ssl=1\" class=\"wp-image-4773 alignright\" src=\"https:\/\/i0.wp.com\/asurb.com\/asurb3\/wp-content\/uploads\/2025\/10\/LES-ENFANTS-ROUGES_120_UGC1.jpg?resize=143%2C194&#038;ssl=1\" alt=\"\" width=\"143\" height=\"194\" srcset=\"https:\/\/i0.wp.com\/asurb.com\/asurb3\/wp-content\/uploads\/2025\/10\/LES-ENFANTS-ROUGES_120_UGC1.jpg?resize=221%2C300&amp;ssl=1 221w, https:\/\/i0.wp.com\/asurb.com\/asurb3\/wp-content\/uploads\/2025\/10\/LES-ENFANTS-ROUGES_120_UGC1.jpg?resize=100%2C136&amp;ssl=1 100w, https:\/\/i0.wp.com\/asurb.com\/asurb3\/wp-content\/uploads\/2025\/10\/LES-ENFANTS-ROUGES_120_UGC1.jpg?w=515&amp;ssl=1 515w\" sizes=\"auto, (max-width: 143px) 100vw, 143px\" \/><br \/>Image\u00a0: Wojciech Staron \u2013 Musique\u00a0: Jawhar Basti, Venceslas Catz \u2013 Montage\u00a0:\u00a0 Erwin Ryckaert, Malek Chatta \u2013 Son\u00a0: Aymen Laabidi , Fran\u00e7ois Dumont, Philippe Charbonnel\u2013<br \/>Interpr\u00e9tation : Ali Helali, Yassine Samouni, Wided Dabebi, Younes Naouar, Latifa Gafsi.<br \/>Production : La Luna Productions &#8211; Producteurs :Anissa Daoud, Lotfi Achour &#8211; Olfa Ben Achour \u2013\u00a0 Distribution : NOUR FILMS ,contact@nourfilms.com, 01 83 81 14 94\u00a0 &#8211; Num\u00e9ro de visa : 156.697<\/p>\n<p><span style=\"color: #ff0000;\">Palmar\u00e8s\u00a0: <\/span><em><br \/>Red Sea Film Festival Arabie saoudite, 2024, Golden Yusr &#8211; Best Feature Film Yusr &#8211; Best Director : Lotfi Achour<br \/><\/em><em>Festival du film de Varsovie 2024 :\u00a0 Cr\u00e8me de la Cr\u00e8me \u2013 Mention sp\u00e9ciale <br \/><\/em><em>Festival International du Film Francophone de Namur (FIFF) 2024 : Bayard d&rsquo;or du meilleur film, Bayard de la Meilleure photographie.<br \/><\/em><em>Journ\u00e9es cin\u00e9matographiques de Carthage 2024 : Tanit d\u2019Or<\/em>\u00a0 \u00a0 \u00a0 \u00a0 \u00a0 \u00a0 \u00a0 \u00a0 \u00a0 \u00a0 \u00a0 \u00a0 \u00a0 \u00a0 \u00a0 \u00a0 \u00a0 \u00a0 \u00a0 \u00a0 \u00a0 \u00a0 \u00a0 \u00a0\u00a0<\/p>\n<p><strong><span style=\"color: #ff0000;\">Synopsis<\/span> <br \/><\/strong><\/p>\n<p>Alors qu\u2019ils font pa\u00eetre leur troupeau dans la montagne, deux adolescents sont attaqu\u00e9s. Nizar, 16 ans, est tu\u00e9 et d\u00e9capit\u00e9 tandis qu\u2019Achraf, 14 ans, son cousin, doit rapporter un message macabre \u00e0 sa famille. Sur le chemin du retour au village, il se retrouve accompagn\u00e9 du fant\u00f4me de Nizar.<\/p>\n<p><em>\u00ab\u00a0Le long m\u00e9trage trouve sa source dans l\u2019assassinat d\u2019un jeune berger tunisien, Mabrouk Soltani, le 15 novembre 2015 dans la montagne de Mghila, \u00e0 proximit\u00e9 de la fronti\u00e8re alg\u00e9rienne. Ce drame bouleversa la Tunisie tout enti\u00e8re, mais la communaut\u00e9 isol\u00e9e, elle, se trouva confront\u00e9e \u00e0 ce qui la d\u00e9passait : un crime effroyable qui l\u2019endeuillait sur fond de mont\u00e9e du danger islamiste. D\u2019un \u00e9v\u00e9nement tragique et sanglant, Lotfi Achour tisse un film solaire, aux r\u00e9sonances mythologiques.\u00a0\u00bb (T\u00e9l\u00e9rama)<\/em><\/p>\n<p><strong>\u00ab\u00a0Face au traumatisme\u00a0\u00bb Olivier Barlet, Africultures, mai 2025 :<\/strong><em><br \/>\u00ab En adoptant le point de vue d\u2019Achraf, (qui perd son cousin Nizar avec qui il avait l\u2019habitude de parcourir la montagne en faisant pa\u00eetre leurs troupeaux), le film, qui oscille entre r\u00e9alisme et fantastique, rend compte de la sid\u00e9ration du jeune berger et de la confusion qu\u2019il peut ressentir apr\u00e8s ce choc, d\u2019autant qu\u2019il recevra sur son cousin des messages contradictoires. Nous partageons leur univers o\u00f9 la montagne sauvage est \u00e0 la fois terrain de jeu et lieu de la trag\u00e9die, mais aussi celui de la famille et ses r\u00e9actions complexes, partag\u00e9e entre l\u2019espoir que les autorit\u00e9s r\u00e9agissent enfin et la volont\u00e9 d\u2019intervenir sans attendre. \u00bb<\/em><\/p>\n<p><em><strong>\u00ab\u00a0 <\/strong>Dans cette r\u00e9gion, un enfant rouge est une expression pour dire qu\u2019il est courageux. Il sait faire face \u00e0 l\u2019adversit\u00e9. Ce n\u2019est donc pas seulement le sang, c\u2019est aussi la capacit\u00e9 de r\u00e9sistance. Tout un programme en somme. Sur quoi s\u2019appuie cette r\u00e9silience ? Le film r\u00e9pond par son esth\u00e9tique. L\u2019image en scope du directeur de la photographie polonais Wojciech Staron capte la beaut\u00e9 des paysages et des \u00eatres. La cam\u00e9ra se fait proche des visages et des corps. C\u2019est leur humanit\u00e9 qui est mise en avant. Ils ont la beaut\u00e9 de leur d\u00e9termination autant que de leurs faiblesses. La mise en espace accentue cette sensation, si bien que tout ne passe pas par la parole. Et quand elle est n\u00e9cessaire, elle est en dialecte local. Les trois jeunes acteurs, trouv\u00e9s au cours d\u2019un casting de huit mois dans les coll\u00e8ges ruraux, sont originaires de cette r\u00e9gion. La plupart des acteurs adultes aussi et ceux qui ne l\u2019\u00e9taient pas ont particip\u00e9 \u00e0 un apprentissage de plusieurs mois.\u00a0\u00bb\u00a0\u00a0<\/em><\/p>\n<p><span style=\"color: #ff0000;\"><strong>\u00a0<\/strong><strong>Le r\u00e9alisateur<\/strong><\/span><\/p>\n<p>R\u00e9alisateur, metteur en sc\u00e8ne et directeur de th\u00e9\u00e2tre, Lotfi Achour est l\u2019auteur de plus de vingt-cinq cr\u00e9ations de th\u00e9\u00e2tre et de th\u00e9\u00e2tre musical sur diff\u00e9rentes sc\u00e8nes : Londres, Paris, Festival In d\u2019Avignon, Tunis, Liban, Egypte\u2026 Son dernier spectacle, Macbeth, a \u00e9t\u00e9 produit par la Royal Shakespeare Company pour les JO de Londres. Il a \u00e9galement r\u00e9alis\u00e9 une installation pour la Nuit Blanche \u00e0 Paris.<\/p>\n<p>Form\u00e9 \u00e0 la r\u00e9alisation documentaire aux Ateliers Varan \u00e0 Paris, il a r\u00e9alis\u00e9 cinq courts m\u00e9trages plusieurs fois prim\u00e9s \u00e0 travers le monde, dont <em>P\u00e8re <\/em>(2014),<em> La Laine sur le dos<\/em>, s\u00e9lectionn\u00e9 en Comp\u00e9tition Officielle pour la Palme d\u2019Or \u00e0 Cannes en 2016 et <em>Angle mort<\/em> (2022), programm\u00e9s par notre festival Cin\u00e9 Regards Africains.<\/p>\n<p><em>Demain D\u00e8s l\u2019Aube<\/em>, \u00e9galement prim\u00e9 une dizaine de fois, est r\u00e9alis\u00e9 en 2016.<br \/><em>Les Enfants Rouges,<\/em> son deuxi\u00e8me long-m\u00e9trage a fait sa premi\u00e8re mondiale au festival de Locarno 2024 et a \u00e9t\u00e9 s\u00e9lectionn\u00e9 dans plus de cinquante festivals, remportant \u00e0 ce jour plus de quinze prix.\u00a0\u00a0\u00a0\u00a0\u00a0<\/p>\n<p><strong>En annexe<\/strong>\u00a0<strong>une r\u00e9f\u00e9rence int\u00e9ressante<\/strong> : Le dossier de presse \u00e0 t\u00e9l\u00e9charger\u00a0 sur UNIFRANCE, Les Enfants rouges &#8211; (les-enfants-rouges-dossier-de-presse-francais.pdf)<br \/>L\u2019interview de Lotfi Achour figurant dans ce dossier m\u00e9rite d\u2019\u00eatre signal\u00e9e car le film est parfois \u00e9nigmatique, et elle \u00e9claire bien les intentions de l\u2019auteur.<\/p>\n","protected":false},"excerpt":{"rendered":"<p>De Lotfi ACHOUR \u2013 Tunisie, France, Belgique, Pologne- 2024 \u2013100 min &#8211; fiction \u2013 VO arabe tunisien STF \u00a0Fiche technique Sc\u00e9nario\u00a0: Natacha de Pontcharra, Doria Achour, Sylvain Cattenoy, Lotfi Achour [&hellip;]<\/p>\n","protected":false},"author":1,"featured_media":0,"parent":0,"menu_order":0,"comment_status":"closed","ping_status":"closed","template":"","meta":{"footnotes":""},"class_list":["post-4564","page","type-page","status-publish","hentry"],"jetpack_sharing_enabled":true,"jetpack_shortlink":"https:\/\/wp.me\/P7C6tF-1bC","jetpack-related-posts":[{"id":766,"url":"https:\/\/asurb.com\/asurb3\/?page_id=766","url_meta":{"origin":4564,"position":0},"title":"P\u00e8re","author":"webmaster","date":"19 juin 2016","format":false,"excerpt":"De\u00a0 Lotfi Achour -\u00a0 17 min -\u00a0 Tunisie -\u00a0 2014\u00a0 fiction -\u00a0 couleur - VO arabe STF - DCP \u00a0 R\u00e9alisation :\u00a0Lotfi Achour - sc\u00e9nario : Lotfi Achour, Natacha de Pontchara -\u00a0\u00a0 Image : Fr\u00e9d\u00e9ric de Pontchara\u00a0 -\u00a0 Montage : Laurent Rochette -\u00a0 Son : Moez Cheikh -\u00a0 Musique originale\u2026","rel":"","context":"Article similaire","block_context":{"text":"Article similaire","link":""},"img":{"alt_text":"","src":"","width":0,"height":0},"classes":[]},{"id":3507,"url":"https:\/\/asurb.com\/asurb3\/?page_id=3507","url_meta":{"origin":4564,"position":1},"title":"Angle mort","author":"webmaster","date":"8 novembre 2022","format":false,"excerpt":"De Lotfi Achour - Tunisie - 2021 - 13 min - fiction \u2013 VO STF Synopsis Sous la dictature de Ben Ali, un homme est enlev\u00e9, tortur\u00e9, tu\u00e9, puis dispara\u00eet sans jamais avoir \u00e9t\u00e9 retrouv\u00e9. Il revient nous parler trente ans plus tard en faisant sienne la question de sa\u2026","rel":"","context":"Article similaire","block_context":{"text":"Article similaire","link":""},"img":{"alt_text":"","src":"","width":0,"height":0},"classes":[]},{"id":1864,"url":"https:\/\/asurb.com\/asurb3\/?page_id=1864","url_meta":{"origin":4564,"position":2},"title":"La laine sur le dos","author":"webmaster","date":"29 novembre 2017","format":false,"excerpt":"De Lofti ACHOUR De Lofti ACHOUR \u2013 Tunisie\/France \u2013 2016 \u2013 15 min \u2013 fiction- couleur \u2013 VO arabe STF Sc\u00e9nario\u00a0: Natacha de Pontcharra\u00a0 - Image\u00a0: Fr\u00e9d\u00e9ric de Pontcharra \u2013 Son\u00a0: Moez Cheik \u2013 Musique\u00a0: Jawhar Basti \u2013 Montage\u00a0: Louis Chabaud, Jean-Charles Bastion \u2013Interpr\u00e9tation\u00a0:Moncef Sayem, Jawhar Basti, Monhem El Akkari,\u2026","rel":"","context":"Article similaire","block_context":{"text":"Article similaire","link":""},"img":{"alt_text":"","src":"","width":0,"height":0},"classes":[]},{"id":3032,"url":"https:\/\/asurb.com\/asurb3\/?page_id=3032","url_meta":{"origin":4564,"position":3},"title":"Le d\u00e9part","author":"webmaster","date":"17 septembre 2021","format":false,"excerpt":"De\u00a0 Sa\u00efd Hamich \u2013 France\/Maroc \u2013 2020 \u2013 25 min \u2013 fiction \u2013 couleur - VO arabe\/fran\u00e7ais - N\u00b0de visa : 152.990 Sc\u00e9nario\u00a0: Sa\u00efd Hamich \u2013 Image\u00a0: Marine Atlan - Son\u00a0: Hugo Deguillard \u2013 Montage son\u00a0: Margot Testemale - Montage : Xavier Sirven - Musique : Vitor Ara\u00fajo \u2013 Interpr\u00e9tation\u2026","rel":"","context":"Article similaire","block_context":{"text":"Article similaire","link":""},"img":{"alt_text":"","src":"","width":0,"height":0},"classes":[]},{"id":367,"url":"https:\/\/asurb.com\/asurb3\/?page_id=367","url_meta":{"origin":4564,"position":4},"title":"Les souliers de l&rsquo;A\u00efd","author":"webmaster","date":"5 juin 2016","format":false,"excerpt":"Tunisie, 2012, 30 min, fiction, couleur, VO arabe STF, DVD R\u00e9alisation : Anis Lassoued ; Sc\u00e9nario : Anis Lassoued et Ahmed Boamoud ; Image : Sofiane El Fani ; Son : Moez Ben Chikh ; Montage : Kahena Attia ; D\u00e9cors : Raouf Heloui ; Costumes : Nabila Cherif et\u2026","rel":"","context":"Article similaire","block_context":{"text":"Article similaire","link":""},"img":{"alt_text":"Souliers-El-Aid_fiche","src":"https:\/\/i0.wp.com\/asurb.com\/asurb3\/wp-content\/uploads\/2016\/06\/Souliers-El-Aid_fiche.jpg?resize=350%2C200&ssl=1","width":350,"height":200},"classes":[]},{"id":1751,"url":"https:\/\/asurb.com\/asurb3\/?page_id=1751","url_meta":{"origin":4564,"position":5},"title":"Programme 2017","author":"webmaster","date":"9 octobre 2017","format":false,"excerpt":"Sommaire \u2022 S\u00e9ances ouvertes au public \u2022 S\u00e9ances scolaires \u2022 Partenaires \u2022 Membres du comit\u00e9 de parrainage \u2022 Remerciements \u2022 Pour se rendre sur les lieux MPT\u00a0G\u00e9rard Philipe \u2013\u00a0Villejuif \u00a0vendredi 24 novembre 20h30 : WALLAY de Berni Goldblat\u00a0\u2013\u00a0France\/Burkina Faso\/Qatar \u2013 2017 \u2013\u00a085 min Ady a 13 ans et n\u2019\u00e9coute plus\u2026","rel":"","context":"Article similaire","block_context":{"text":"Article similaire","link":""},"img":{"alt_text":"","src":"https:\/\/i1.wp.com\/www.asurb.com\/AsurB\/D_Images\/D_Gif_bl\/Blanc120.gif?resize=350%2C200","width":350,"height":200},"classes":[]}],"_links":{"self":[{"href":"https:\/\/asurb.com\/asurb3\/index.php?rest_route=\/wp\/v2\/pages\/4564","targetHints":{"allow":["GET"]}}],"collection":[{"href":"https:\/\/asurb.com\/asurb3\/index.php?rest_route=\/wp\/v2\/pages"}],"about":[{"href":"https:\/\/asurb.com\/asurb3\/index.php?rest_route=\/wp\/v2\/types\/page"}],"author":[{"embeddable":true,"href":"https:\/\/asurb.com\/asurb3\/index.php?rest_route=\/wp\/v2\/users\/1"}],"replies":[{"embeddable":true,"href":"https:\/\/asurb.com\/asurb3\/index.php?rest_route=%2Fwp%2Fv2%2Fcomments&post=4564"}],"version-history":[{"count":7,"href":"https:\/\/asurb.com\/asurb3\/index.php?rest_route=\/wp\/v2\/pages\/4564\/revisions"}],"predecessor-version":[{"id":4981,"href":"https:\/\/asurb.com\/asurb3\/index.php?rest_route=\/wp\/v2\/pages\/4564\/revisions\/4981"}],"wp:attachment":[{"href":"https:\/\/asurb.com\/asurb3\/index.php?rest_route=%2Fwp%2Fv2%2Fmedia&parent=4564"}],"curies":[{"name":"wp","href":"https:\/\/api.w.org\/{rel}","templated":true}]}}