{"id":4690,"date":"2025-10-02T17:42:28","date_gmt":"2025-10-02T15:42:28","guid":{"rendered":"https:\/\/asurb.com\/asurb3\/?page_id=4690"},"modified":"2025-10-14T18:11:11","modified_gmt":"2025-10-14T16:11:11","slug":"afrique-sur-seine","status":"publish","type":"page","link":"https:\/\/asurb.com\/asurb3\/?page_id=4690","title":{"rendered":"Afrique sur Seine"},"content":{"rendered":"<p>De Paulin Soumanou Vieyra et Mamadou Sarr &#8211; S\u00e9n\u00e9gal &#8211; 1955 &#8211; documentaire &#8211; 22 mn<br \/>Image : Robert Caristan<img data-recalc-dims=\"1\" loading=\"lazy\" decoding=\"async\" data-attachment-id=\"4767\" data-permalink=\"https:\/\/asurb.com\/asurb3\/?attachment_id=4767\" data-orig-file=\"https:\/\/i0.wp.com\/asurb.com\/asurb3\/wp-content\/uploads\/2025\/10\/afrique_sur_seine.jpg?fit=417%2C561&amp;ssl=1\" data-orig-size=\"417,561\" data-comments-opened=\"1\" data-image-meta=\"{&quot;aperture&quot;:&quot;0&quot;,&quot;credit&quot;:&quot;&quot;,&quot;camera&quot;:&quot;&quot;,&quot;caption&quot;:&quot;&quot;,&quot;created_timestamp&quot;:&quot;0&quot;,&quot;copyright&quot;:&quot;&quot;,&quot;focal_length&quot;:&quot;0&quot;,&quot;iso&quot;:&quot;0&quot;,&quot;shutter_speed&quot;:&quot;0&quot;,&quot;title&quot;:&quot;&quot;,&quot;orientation&quot;:&quot;0&quot;}\" data-image-title=\"afrique_sur_seine\" data-image-description=\"\" data-image-caption=\"\" data-medium-file=\"https:\/\/i0.wp.com\/asurb.com\/asurb3\/wp-content\/uploads\/2025\/10\/afrique_sur_seine.jpg?fit=223%2C300&amp;ssl=1\" data-large-file=\"https:\/\/i0.wp.com\/asurb.com\/asurb3\/wp-content\/uploads\/2025\/10\/afrique_sur_seine.jpg?fit=417%2C561&amp;ssl=1\" class=\"wp-image-4767 alignright\" src=\"https:\/\/i0.wp.com\/asurb.com\/asurb3\/wp-content\/uploads\/2025\/10\/afrique_sur_seine.jpg?resize=152%2C204&#038;ssl=1\" alt=\"\" width=\"152\" height=\"204\" srcset=\"https:\/\/i0.wp.com\/asurb.com\/asurb3\/wp-content\/uploads\/2025\/10\/afrique_sur_seine.jpg?resize=223%2C300&amp;ssl=1 223w, https:\/\/i0.wp.com\/asurb.com\/asurb3\/wp-content\/uploads\/2025\/10\/afrique_sur_seine.jpg?resize=100%2C135&amp;ssl=1 100w, https:\/\/i0.wp.com\/asurb.com\/asurb3\/wp-content\/uploads\/2025\/10\/afrique_sur_seine.jpg?w=417&amp;ssl=1 417w\" sizes=\"auto, (max-width: 152px) 100vw, 152px\" \/><br \/>Montage : Paulin Soumanou Vieyra<br \/>Production : Groupe africain du cin\u00e9ma<br \/>Coproduction : Comit\u00e9 du Film Ethnographique<\/p>\n<h4 style=\"text-align: justify;\"><span style=\"color: #ff0000;\">Synopsis<\/span><\/h4>\n<p style=\"text-align: justify;\">L&rsquo;Afrique est-elle en Afrique, sur les bords de la Seine ou au Quartier latin ? Interrogations aigres-douces d&rsquo;une g\u00e9n\u00e9ration d&rsquo;artistes et d&rsquo;\u00e9tudiants \u00e0 la recherche de leur civilisation, de leur culture, de leur avenir.\u00a0<br \/>Ce film est consid\u00e9r\u00e9 comme le premier film r\u00e9alis\u00e9 par un Africain. Qualifi\u00e9 de \u00ab\u00a0documentaire ethnologique \u00e0 l&rsquo;envers\u00a0\u00bb, il montre le Paris des ann\u00e9es 1950 du point de vue cin\u00e9matographique d&rsquo;un groupe d&rsquo;immigrants africains.<br \/>Ce film, premier essai de cin\u00e9astes africains, a \u00e9t\u00e9 r\u00e9alis\u00e9 sous le patronage du Comit\u00e9 du film ethnographique du Mus\u00e9e de l&rsquo;Homme. Film restaur\u00e9 en 2K en 2018 &#8211; Partenaires de la restauration : Orange Studio, Cin\u00e9math\u00e8que Afrique, (PSV Films).<\/p>\n<h4 style=\"text-align: justify;\"><span style=\"color: #ff0000;\">Le r\u00e9alisateur<\/span><\/h4>\n<p style=\"text-align: justify;\"><b>Paulin Soumanou Vieyra<\/b> (n\u00e9 le <time class=\"nowrap bday\" datetime=\"1925-01-31\" data-sort-value=\"1925-01-31\">31 janvier 1925<\/time> \u00e0 Porto-Novo, alors Dahomey, aujourd&rsquo;hui B\u00e9nin et mort le <time class=\"nowrap dday\" datetime=\"1987-11-04\" data-sort-value=\"1987-11-04\">4 novembre 1987<\/time> \u00e0 Paris) est un r\u00e9alisateur n\u00e9 b\u00e9ninois, puis naturalis\u00e9 s\u00e9n\u00e9galais et un historien du cin\u00e9ma africain.<\/p>\n\n","protected":false},"excerpt":{"rendered":"<p>De Paulin Soumanou Vieyra et Mamadou Sarr &#8211; S\u00e9n\u00e9gal &#8211; 1955 &#8211; documentaire &#8211; 22 mnImage : Robert CaristanMontage : Paulin Soumanou VieyraProduction : Groupe africain du cin\u00e9maCoproduction : Comit\u00e9 [&hellip;]<\/p>\n","protected":false},"author":1,"featured_media":0,"parent":26,"menu_order":0,"comment_status":"closed","ping_status":"closed","template":"","meta":{"footnotes":""},"class_list":["post-4690","page","type-page","status-publish","hentry"],"jetpack_sharing_enabled":true,"jetpack_shortlink":"https:\/\/wp.me\/P7C6tF-1dE","jetpack-related-posts":[{"id":5,"url":"https:\/\/asurb.com\/asurb3\/?page_id=5","url_meta":{"origin":4690,"position":0},"title":"L&rsquo;association","author":"webmaster","date":"30 mai 2016","format":false,"excerpt":"PR\u00c9SENTATION DE L\u2019ASSOCIATION En juillet 2007 naissait l'association \u00ab AFRIQUE SUR BI\u00c8VRE \u00bb, implant\u00e9e dans la Communaut\u00e9 d'Agglom\u00e9ration de Val de Bi\u00e8vre (CAVB), compos\u00e9e des communes d'Arcueil, Cachan, Fresnes, Gentilly, L'Ha\u00ff-les-Roses, Le Kremlin-Bic\u00eatre et Villejuif. Le choix de ce nom est aussi un clin d'oeil : en 1955 \u00e9tait tourn\u00e9\u2026","rel":"","context":"Article similaire","block_context":{"text":"Article similaire","link":""},"img":{"alt_text":"Velos v1","src":"https:\/\/i0.wp.com\/asurb.com\/asurb3\/wp-content\/uploads\/2016\/05\/Velos-v1-300x86.jpg?resize=350%2C200","width":350,"height":200},"classes":[]},{"id":4452,"url":"https:\/\/asurb.com\/asurb3\/?page_id=4452","url_meta":{"origin":4690,"position":1},"title":"Catherine Ruelle","author":"webmaster","date":"6 d\u00e9cembre 2024","format":false,"excerpt":"Catherine Ruelle est grand reporter, critique de cin\u00e9ma et auteure, sp\u00e9cialiste des cin\u00e9mas d\u2019Afrique, du monde arabe et de l\u2019Am\u00e9rique latine.Apr\u00e8s des \u00e9tudes de sciences politiques et d\u2019histoire, elle entre \u00e0 Radio France Internationale dans les ann\u00e9es 1970. Elle a \u00e9t\u00e9 responsable, de 1973 \u00e0 mars 2012, de la rubrique\u2026","rel":"","context":"Article similaire","block_context":{"text":"Article similaire","link":""},"img":{"alt_text":"","src":"https:\/\/i0.wp.com\/asurb.com\/asurb3\/wp-content\/uploads\/2024\/12\/Catherine-Ruelle-200x300.jpg?resize=350%2C200&ssl=1","width":350,"height":200},"classes":[]},{"id":4601,"url":"https:\/\/asurb.com\/asurb3\/?page_id=4601","url_meta":{"origin":4690,"position":2},"title":"Takalayokos, les gardiennes du fleuve","author":"webmaster","date":"7 septembre 2025","format":false,"excerpt":"De Hassani\u00e9 Mahamat Ibrahim - Niger, Burkina Faso - 2024 - 13 min \u2013 Documentaire \u2013 VO STF \u00a0\u00c9criture et r\u00e9alisation :\u00a0 Hassani\u00e9 Mahamat IbrahimImage : Harouna Garba Zakari - Son : Amidou Ibrahim, Hassani\u00e9 Mahamat IbrahimMontage : Zady Befor - Musique originale : Aichatou Ali SoumailaProduction (structure) : HF\u2026","rel":"","context":"Article similaire","block_context":{"text":"Article similaire","link":""},"img":{"alt_text":"","src":"https:\/\/i0.wp.com\/asurb.com\/asurb3\/wp-content\/uploads\/2025\/10\/6C32A7FE0FB342C391AD387518316512-196x300.jpg?resize=350%2C200&ssl=1","width":350,"height":200},"classes":[]},{"id":235,"url":"https:\/\/asurb.com\/asurb3\/?page_id=235","url_meta":{"origin":4690,"position":3},"title":"Hy\u00e8nes","author":"webmaster","date":"4 juin 2016","format":false,"excerpt":"De Djibril DIOP MAMB\u00c9TY - 110 min \u2013 S\u00e9n\u00e9gal \u2013 1992 Fiction - couleur - 35mm - version originale en wolof sous-titr\u00e9e en fran\u00e7ais Sc\u00e9nario : Djibril Diop Mamb\u00e9ty, d\u2019apr\u00e8s la pi\u00e8ce de Friedrich D\u00fcrrenmatt, \u00ab La Visite de la vieille dame \u00bb ; Image : Mathias K\u00e4lin ; Montage\u2026","rel":"","context":"Article similaire","block_context":{"text":"Article similaire","link":""},"img":{"alt_text":"Hyenes_Fiche2010","src":"https:\/\/i0.wp.com\/asurb.com\/asurb3\/wp-content\/uploads\/2016\/06\/Hyenes_Fiche2010.jpg?resize=350%2C200&ssl=1","width":350,"height":200},"classes":[]},{"id":3866,"url":"https:\/\/asurb.com\/asurb3\/?page_id=3866","url_meta":{"origin":4690,"position":4},"title":"Amchilini (Choisis-moi)","author":"webmaster","date":"25 octobre 2023","format":false,"excerpt":"De Allamine Kader KORA -\u00a0 Tchad, C\u00f4te-d'Ivoire, France - 2023 - 69 minutes- Documentaire -VO arabe tchadien STF Sc\u00e9nario\u00a0: Allamine Kader Kora , Assistance de r\u00e9alisation\u00a0: MadjiyamLouange, M\u00e9lanie Nichakb\u00e9, Image :Aliou Thiam, H\u00e9l\u00e8ne Pot\u00e9 , Son : Christian Laotol Djedouboum, Montage :C\u00e9cile Boutain, Jean-Fran\u00e7ois Hautin, Mixage : Pierre-Emmanuel Guinois, \u00c9talonnage\u2026","rel":"","context":"Article similaire","block_context":{"text":"Article similaire","link":""},"img":{"alt_text":"","src":"","width":0,"height":0},"classes":[]},{"id":3999,"url":"https:\/\/asurb.com\/asurb3\/?page_id=3999","url_meta":{"origin":4690,"position":5},"title":"L&rsquo;envoy\u00e9e de Dieu","author":"webmaster","date":"11 d\u00e9cembre 2023","format":false,"excerpt":"De Amina Abdoulaye Mamani - Niger\/Burkina Faso - 23 min - fiction -VOSTFEn comp\u00e9tition officielle au FESPACO 2023, ce court m\u00e9trage coproduit par Diam Production, Karekezi Film Production\u00a0et Tabou Production \u00a0a remport\u00e9 quatre prix sp\u00e9ciaux et une mention sp\u00e9ciale pour sa sensibilit\u00e9. Synopsis\u00a0 Le film retrace le parcours de Fatima,\u2026","rel":"","context":"Article similaire","block_context":{"text":"Article similaire","link":""},"img":{"alt_text":"","src":"","width":0,"height":0},"classes":[]}],"_links":{"self":[{"href":"https:\/\/asurb.com\/asurb3\/index.php?rest_route=\/wp\/v2\/pages\/4690","targetHints":{"allow":["GET"]}}],"collection":[{"href":"https:\/\/asurb.com\/asurb3\/index.php?rest_route=\/wp\/v2\/pages"}],"about":[{"href":"https:\/\/asurb.com\/asurb3\/index.php?rest_route=\/wp\/v2\/types\/page"}],"author":[{"embeddable":true,"href":"https:\/\/asurb.com\/asurb3\/index.php?rest_route=\/wp\/v2\/users\/1"}],"replies":[{"embeddable":true,"href":"https:\/\/asurb.com\/asurb3\/index.php?rest_route=%2Fwp%2Fv2%2Fcomments&post=4690"}],"version-history":[{"count":2,"href":"https:\/\/asurb.com\/asurb3\/index.php?rest_route=\/wp\/v2\/pages\/4690\/revisions"}],"predecessor-version":[{"id":4782,"href":"https:\/\/asurb.com\/asurb3\/index.php?rest_route=\/wp\/v2\/pages\/4690\/revisions\/4782"}],"up":[{"embeddable":true,"href":"https:\/\/asurb.com\/asurb3\/index.php?rest_route=\/wp\/v2\/pages\/26"}],"wp:attachment":[{"href":"https:\/\/asurb.com\/asurb3\/index.php?rest_route=%2Fwp%2Fv2%2Fmedia&parent=4690"}],"curies":[{"name":"wp","href":"https:\/\/api.w.org\/{rel}","templated":true}]}}