{"id":5,"date":"2016-05-30T20:03:00","date_gmt":"2016-05-30T19:03:00","guid":{"rendered":"http:\/\/www.test.asurb.com\/?page_id=5"},"modified":"2026-04-24T13:50:52","modified_gmt":"2026-04-24T11:50:52","slug":"lassociation","status":"publish","type":"page","link":"https:\/\/asurb.com\/asurb3\/?page_id=5","title":{"rendered":"L&rsquo;association"},"content":{"rendered":"<p style=\"text-align: justify;\"><span style=\"font-family: verdana, Arial, Helvetica, Swiss, SunSan-regular;\"><b>PR\u00c9SENTATION DE L\u2019ASSOCIATION<\/b><\/span><\/p>\n<p class=\"p1\" style=\"text-align: justify;\">En juillet 2007 naissait l&rsquo;association \u00ab <strong>AFRIQUE SUR BI\u00c8VRE<\/strong> \u00bb, implant\u00e9e dans la Communaut\u00e9 d&rsquo;Agglom\u00e9ration de Val de Bi\u00e8vre (CAVB), compos\u00e9e des communes d&rsquo;Arcueil, Cachan, Fresnes, Gentilly, L&rsquo;Ha\u00ff-les-Roses, Le Kremlin-Bic\u00eatre et Villejuif. Le choix de ce nom est aussi un clin d&rsquo;oeil : en 1955 \u00e9tait tourn\u00e9 \u00e0 Paris le premier film africain que son r\u00e9alisateur, le S\u00e9n\u00e9galais Paulin Soumanou Vieyra, avait intitul\u00e9 \u00ab Afrique sur Seine \u00bb.<\/p>\n<p class=\"p1\" style=\"text-align: justify;\"><strong> Trois ambitions ont pr\u00e9sid\u00e9 \u00e0 la cr\u00e9ation de cette association :<\/strong><\/p>\n<p class=\"p1\" style=\"text-align: justify;\"><strong> \u2022 promouvoir sur nos \u00e9crans les films venus d&rsquo;Afrique<\/strong> et participer ainsi au d\u00e9veloppement de leur production ; faire conna\u00eetre des \u0153uvres de r\u00e9alisateurs talentueux mais tr\u00e8s mal distribu\u00e9es dans les salles et qui restent trop souvent confidentielles.<\/p>\n<p class=\"p1\" style=\"text-align: justify;\"><strong>\u2022 s&rsquo;adresser localement aux publics jeunes et adultes,<\/strong> dans toute leur diversit\u00e9 sociale et culturelle et, au del\u00e0, aux publics passionn\u00e9s d&rsquo;Afrique et curieux de ses cin\u00e9mas.<\/p>\n<p class=\"p1\" style=\"text-align: justify;\"><strong>\u2022 initier un \u00e9v\u00e9nement culturel f\u00e9d\u00e9rateur<\/strong>, en relation avec les forces vives locales qui portent l&rsquo;Afrique au c\u0153ur de leur projet et qui se sont engag\u00e9es dans des actions d&rsquo;animation, d&rsquo;\u00e9changes et de solidarit\u00e9.<\/p>\n<p class=\"p1\" style=\"text-align: justify;\">Cette triple ambition repose sur <strong>une conviction<\/strong> : l&rsquo;Afrique, ce continent apparemment lointain et exotique, n&rsquo;est pas seulement celui des calebasses et des griots, celui des famines, des \u00e9pid\u00e9mies et des guerres, c&rsquo;est aussi celui d&rsquo;une histoire s\u00e9culaire, de populations partag\u00e9es entre culture traditionnelle et modernit\u00e9, d&rsquo;une remarquable vitalit\u00e9 artistique. Celle-ci se manifeste notamment dans <strong>une cr\u00e9ation cin\u00e9matographique riche de sa diversit\u00e9 et de ses engagements dans l\u2019actualit\u00e9 la plus br\u00fblante.<\/strong> Chaque ann\u00e9e, ce continent avance, change et veut se construire un nouvel avenir par ses propres moyens. L\u2019\u00e9mergence d\u2019une g\u00e9n\u00e9ration de jeunes cin\u00e9astes inventifs, sensibles aux d\u00e9fis que connaissent leurs pays, en t\u00e9moigne.<\/p>\n<p class=\"p1\" style=\"text-align: justify;\">\u00ab <strong>CIN\u00c9 REGARDS AFRICAINS<\/strong> \u00bb est la mise en \u0153uvre de cette triple ambition. C&rsquo;est ce regard, \u00e0 la fois si singulier et si proche que l&rsquo;Afrique porte sur notre monde, que nous voulons partager et faire exister sur nos \u00e9crans du Val de Bi\u00e8vre.<\/p>\n<p>Afin de r\u00e9aliser une manifestation de qualit\u00e9, \u00ab Afrique sur Bi\u00e8vre \u00bb s&rsquo;est entour\u00e9e <strong>d&rsquo;un comit\u00e9 de parrainage<\/strong>, constitu\u00e9 de personnalit\u00e9s choisies pour leur connaissance des cin\u00e9mas africains et pour l&rsquo;int\u00e9r\u00eat qu&rsquo;elles portent \u00e0 leur diffusion :<\/p>\n<ul>\n<li>Michel AMARGER, journaliste, critique de cin\u00e9ma, sp\u00e9cialiste des cin\u00e9mas d\u2019Afrique,<\/li>\n<li class=\"p1\">Olivier BARLET, directeur des publications d\u2019Africultures, critique de cin\u00e9ma, directeur de la collection \u00ab Images plurielles \u00bb aux \u00e9ditions l\u2019Harmattan,<\/li>\n<li><span class=\"\">Dragoss Ou\u00e9draogo, universitaire, critique de cine\u0301ma, enseignant en anthropologie visuelle et re\u0301alisateur,<\/span><\/li>\n<li>Catherine RUELLE,\u00a0 journaliste politique et critique de cin\u00e9ma.<\/li>\n<\/ul>\n<p class=\"p1\" style=\"text-align: justify;\"><b>CONTACTS 2024<br \/>\n<\/b><\/p>\n<p><strong>Pr\u00e9sident : <b>G\u00e9rard NAJMAN<\/b><\/strong><br \/>\n<b>Vice-pr\u00e9sidente : <\/b><strong>Fran\u00e7oise BOISSIERE<br \/>\nTr\u00e9sorier : Marc TARDIEU<br \/>\n<b>Secr\u00e9taire : <\/b>Maryl\u00e8ne NAJMAN<br \/>\n<\/strong><\/p>\n<p>Si\u00e8ge social : 53, rue Claude Cellier\u00a0 94230 Cachan<\/p>\n<p style=\"text-align: justify;\">\u00a0\u00a0<a href=\"https:\/\/i0.wp.com\/asurb.com\/asurb3\/wp-content\/uploads\/2016\/05\/Velos-v1.jpg\"><img data-recalc-dims=\"1\" loading=\"lazy\" decoding=\"async\" data-attachment-id=\"93\" data-permalink=\"https:\/\/asurb.com\/asurb3\/?attachment_id=93\" data-orig-file=\"https:\/\/i0.wp.com\/asurb.com\/asurb3\/wp-content\/uploads\/2016\/05\/Velos-v1.jpg?fit=566%2C162&amp;ssl=1\" data-orig-size=\"566,162\" data-comments-opened=\"1\" data-image-meta=\"{&quot;aperture&quot;:&quot;0&quot;,&quot;credit&quot;:&quot;&quot;,&quot;camera&quot;:&quot;&quot;,&quot;caption&quot;:&quot;&quot;,&quot;created_timestamp&quot;:&quot;0&quot;,&quot;copyright&quot;:&quot;&quot;,&quot;focal_length&quot;:&quot;0&quot;,&quot;iso&quot;:&quot;0&quot;,&quot;shutter_speed&quot;:&quot;0&quot;,&quot;title&quot;:&quot;&quot;,&quot;orientation&quot;:&quot;1&quot;}\" data-image-title=\"Velos v1\" data-image-description=\"\" data-image-caption=\"\" data-large-file=\"https:\/\/i0.wp.com\/asurb.com\/asurb3\/wp-content\/uploads\/2016\/05\/Velos-v1.jpg?fit=566%2C162&amp;ssl=1\" class=\"alignleft wp-image-93 size-medium\" src=\"https:\/\/i0.wp.com\/asurb.com\/asurb3\/wp-content\/uploads\/2016\/05\/Velos-v1-300x86.jpg?resize=300%2C86\" alt=\"Velos v1\" width=\"300\" height=\"86\" srcset=\"https:\/\/i0.wp.com\/asurb.com\/asurb3\/wp-content\/uploads\/2016\/05\/Velos-v1.jpg?resize=300%2C86&amp;ssl=1 300w, https:\/\/i0.wp.com\/asurb.com\/asurb3\/wp-content\/uploads\/2016\/05\/Velos-v1.jpg?w=566&amp;ssl=1 566w\" sizes=\"auto, (max-width: 300px) 100vw, 300px\" \/><\/a><\/p>\n","protected":false},"excerpt":{"rendered":"<p>PR\u00c9SENTATION DE L\u2019ASSOCIATION En juillet 2007 naissait l&rsquo;association \u00ab AFRIQUE SUR BI\u00c8VRE \u00bb, implant\u00e9e dans la Communaut\u00e9 d&rsquo;Agglom\u00e9ration de Val de Bi\u00e8vre (CAVB), compos\u00e9e des communes d&rsquo;Arcueil, Cachan, Fresnes, Gentilly, [&hellip;]<\/p>\n","protected":false},"author":1,"featured_media":0,"parent":0,"menu_order":0,"comment_status":"closed","ping_status":"closed","template":"","meta":{"footnotes":""},"class_list":["post-5","page","type-page","status-publish","hentry"],"jetpack_sharing_enabled":true,"jetpack_shortlink":"https:\/\/wp.me\/P7C6tF-5","jetpack-related-posts":[{"id":125,"url":"https:\/\/asurb.com\/asurb3\/?page_id=125","url_meta":{"origin":5,"position":0},"title":"Festival 2015","author":"webmaster","date":"3 juin 2016","format":false,"excerpt":"Du 20 au 29 novembre 2015, l'association Afrique sur Bi\u00e8vre organise la 9\u00e8me \u00e9dition du CINE REGARDS AFRICAINS \u2013 Films en Festival En Val de Bi\u00e8vre, dans les villes de l'Ha\u00ff-les-Roses, Cachan, Fresnes, Gentilly, Arcueil et Villejuif Des courts-m\u00e9trages et des longs-m\u00e9trages de r\u00e9alisateurs africains, suivis de d\u00e9bats avec le\u2026","rel":"","context":"Article similaire","block_context":{"text":"Article similaire","link":""},"img":{"alt_text":"","src":"https:\/\/i0.wp.com\/asurb.com\/AsurB\/D_Medias\/asurb-affiche2015-TNv1a.jpg?resize=350%2C200&ssl=1","width":350,"height":200},"classes":[]},{"id":2953,"url":"https:\/\/asurb.com\/asurb3\/?page_id=2953","url_meta":{"origin":5,"position":1},"title":"Festival 2019","author":"webmaster","date":"30 ao\u00fbt 2021","format":false,"excerpt":"Du\u00a0vendredi 22 novembre au dimanche 1er d\u00e9cembre\u00a02019, l'association Afrique sur Bi\u00e8vre organise la 13\u00e8me \u00e9dition du CINE REGARDS AFRICAINS \u2013 Films en Festival En Val de Bi\u00e8vre, dans les villes d'Antony, Arcueil,\u00a0 Cachan, Gentilly,\u00a0l'Ha\u00ff-les-Roses et Villejuif. Des courts-m\u00e9trages et des longs-m\u00e9trages de r\u00e9alisateurs africains, suivis de d\u00e9bats avec le public\u2026\u2026","rel":"","context":"Article similaire","block_context":{"text":"Article similaire","link":""},"img":{"alt_text":"","src":"","width":0,"height":0},"classes":[]},{"id":123,"url":"https:\/\/asurb.com\/asurb3\/?page_id=123","url_meta":{"origin":5,"position":2},"title":"Festival 2014","author":"webmaster","date":"3 juin 2016","format":false,"excerpt":"Du 21 au 29 novembre 2014, l'association Afrique sur Bi\u00e8vre organise la 8\u00e8me \u00e9dition du CINE REGARDS AFRICAINS \u2013 Films en Festival En Val de Bi\u00e8vre, dans les villes de l'Ha\u00ff-les-Roses, Cachan, Fresnes, Gentilly, Arcueil et Villejuif Des courts-m\u00e9trages et des longs-m\u00e9trages de r\u00e9alisateurs africains, suivis de d\u00e9bats avec le\u2026","rel":"","context":"Article similaire","block_context":{"text":"Article similaire","link":""},"img":{"alt_text":"","src":"","width":0,"height":0},"classes":[]},{"id":927,"url":"https:\/\/asurb.com\/asurb3\/?page_id=927","url_meta":{"origin":5,"position":3},"title":"Festival 2016","author":"webmaster","date":"5 octobre 2016","format":false,"excerpt":"Du 18 au 27 novembre 2016, l'association Afrique sur Bi\u00e8vre organise la 10\u00e8me \u00e9dition du CINE REGARDS AFRICAINS \u2013 Films en Festival En Val de Bi\u00e8vre, dans les villes de l'Ha\u00ff-les-Roses, Cachan, Fresnes, Gentilly, Arcueil et Villejuif Des courts-m\u00e9trages et des longs-m\u00e9trages de r\u00e9alisateurs africains, suivis de d\u00e9bats avec le\u2026","rel":"","context":"Article similaire","block_context":{"text":"Article similaire","link":""},"img":{"alt_text":"","src":"","width":0,"height":0},"classes":[]},{"id":1747,"url":"https:\/\/asurb.com\/asurb3\/?page_id=1747","url_meta":{"origin":5,"position":4},"title":"Festival 2017","author":"webmaster","date":"9 octobre 2017","format":false,"excerpt":"Du\u00a0vendredi 24 novembre au dimanche 03 d\u00e9cembre\u00a02017, l'association Afrique sur Bi\u00e8vre organise la 11\u00e8me \u00e9dition du CINE REGARDS AFRICAINS \u2013 Films en Festival En Val de Bi\u00e8vre, dans les villes de l'Ha\u00ff-les-Roses, Cachan, Fresnes, Gentilly, Arcueil et Villejuif Des courts-m\u00e9trages et des longs-m\u00e9trages de r\u00e9alisateurs africains, suivis de d\u00e9bats avec\u2026","rel":"","context":"Article similaire","block_context":{"text":"Article similaire","link":""},"img":{"alt_text":"","src":"","width":0,"height":0},"classes":[]},{"id":2948,"url":"https:\/\/asurb.com\/asurb3\/?page_id=2948","url_meta":{"origin":5,"position":5},"title":"Festival 2018","author":"webmaster","date":"30 ao\u00fbt 2021","format":false,"excerpt":"Du\u00a0vendredi 23 novembre au dimanche 02 d\u00e9cembre\u00a02018, l'association Afrique sur Bi\u00e8vre organise la 12\u00e8me \u00e9dition du CINE REGARDS AFRICAINS \u2013 Films en Festival En Val de Bi\u00e8vre, dans les villes de l'Ha\u00ff-les-Roses, Cachan, Fresnes, Gentilly, Arcueil, Villejuif et pour la premi\u00e8re fois Antony Des courts-m\u00e9trages et des longs-m\u00e9trages de r\u00e9alisateurs\u2026","rel":"","context":"Article similaire","block_context":{"text":"Article similaire","link":""},"img":{"alt_text":"","src":"","width":0,"height":0},"classes":[]}],"_links":{"self":[{"href":"https:\/\/asurb.com\/asurb3\/index.php?rest_route=\/wp\/v2\/pages\/5","targetHints":{"allow":["GET"]}}],"collection":[{"href":"https:\/\/asurb.com\/asurb3\/index.php?rest_route=\/wp\/v2\/pages"}],"about":[{"href":"https:\/\/asurb.com\/asurb3\/index.php?rest_route=\/wp\/v2\/types\/page"}],"author":[{"embeddable":true,"href":"https:\/\/asurb.com\/asurb3\/index.php?rest_route=\/wp\/v2\/users\/1"}],"replies":[{"embeddable":true,"href":"https:\/\/asurb.com\/asurb3\/index.php?rest_route=%2Fwp%2Fv2%2Fcomments&post=5"}],"version-history":[{"count":26,"href":"https:\/\/asurb.com\/asurb3\/index.php?rest_route=\/wp\/v2\/pages\/5\/revisions"}],"predecessor-version":[{"id":5080,"href":"https:\/\/asurb.com\/asurb3\/index.php?rest_route=\/wp\/v2\/pages\/5\/revisions\/5080"}],"wp:attachment":[{"href":"https:\/\/asurb.com\/asurb3\/index.php?rest_route=%2Fwp%2Fv2%2Fmedia&parent=5"}],"curies":[{"name":"wp","href":"https:\/\/api.w.org\/{rel}","templated":true}]}}