{"id":674,"date":"2016-06-14T21:52:53","date_gmt":"2016-06-14T19:52:53","guid":{"rendered":"http:\/\/www.test.asurb.com\/?page_id=674"},"modified":"2016-06-14T21:52:53","modified_gmt":"2016-06-14T19:52:53","slug":"ady-gasy","status":"publish","type":"page","link":"https:\/\/asurb.com\/asurb3\/?page_id=674","title":{"rendered":"Ady Gasy"},"content":{"rendered":"<p style=\"text-align: justify;\"><strong>De LOVA NANTENAINA\u00a0 &#8211; 84 min &#8211; Madagascar &#8211; 2014<\/strong><\/p>\n<p>De Lova NANTENAINA\u00a0 &#8211; Madagascar &#8211; 2014 &#8211; 84 min &#8211; documentaire &#8211; couleur &#8211; VOSTF<br \/>\nSc\u00e9nario : Nantenaina Lova, Eva Lova B\u00e9ly &#8211; Image : Nantenaina Lova, B. Raearison, N.Fifaliana, E.Lova\u00a0 &#8211; Musique originale : Jao, Vah\u00f6mbey, Milanto, Mirana &#8211; Montage : N. Lova &#8211; Orateurs : Florentine Razafiharisoa, Rado Harivelo &#8211; Production : Laterit productions , Endemika Films &#8211; Distribution : Lat\u00e9rit, 9, rue de Terre-Neuve, 75020 Paris. tel : 01 43 72 74 72\u00a0\u00a0\u00a0 courriel : distribution@laterit.fr<br \/>\n2014 : Prix F\u00e9 n\u00e8t Oc\u00e9an indien au FIFAI (La R\u00e9union)\u00a0\u00a0 &#8211; Grand Prix Eden Documentaires\u00a0 \u00e0 Lumi\u00e8res d&rsquo;Afrique (Besan\u00e7on) &#8211;\u00a0 2015 : Mention sp\u00e9ciale Jury Jeune au Festival Cin\u00e9mas d&rsquo;Afrique (Angers).<\/p>\n<h4 style=\"text-align: justify;\"><span style=\"color: #ff0000;\">Synopsis\u00a0<\/span><\/h4>\n<p style=\"text-align: justify;\">\u00a0\u00bb Les Chinois fabriquent les objets, les Malgaches les r\u00e9parent \u00a0\u00bb et pratiquent la \u00a0\u00bb r\u00e9cup \u00a0\u00bb : des pneus pour faire des chaussures, des ampoules pour faire des lampes \u00e0 p\u00e9trole ; rien ne se perd tout se transforme. A Madagascar, les gens d\u00e9fient la crise avec inventivit\u00e9 et sens du recyclage sans jamais rien perdre de leur identit\u00e9 ni leur sens de l&rsquo;humour. En s&rsquo;appuyant sur le \u00a0\u00bb kabary \u00ab\u00a0, art oratoire malgache qui consiste \u00e0 observer le quotidien et \u00e0 traduire sous forme de proverbes des v\u00e9rit\u00e9s fond\u00e9es sur l&rsquo;exp\u00e9rience, le film rend hommage \u00e0 la d\u00e9brouillardise qui s&rsquo;inscrit dans la fraternit\u00e9 et propose une satire douce-am\u00e8re du syst\u00e8me mondial de surproduction et de surconsommation. \u00a0\u00bb Nos anc\u00eatres disaient : \u00a0\u00bb comme on lance un lasso aux cornes des z\u00e9bus, on lance la parole aux c\u0153urs des gens sens\u00e9s. \u00a0\u00bb Telle est l&rsquo;ambition de ce film. \u00a0\u00bb (N. Lova)<\/p>\n<h4 style=\"text-align: justify;\"><span style=\"color: #ff0000;\">Le r\u00e9alisateur\u00a0\u00a0\u00a0<\/span><\/h4>\n<p style=\"text-align: justify;\">N\u00e9 en 1977 \u00e0 Antanarivo, Nantenaina\u00a0 Lova, apr\u00e8s des \u00e9tudes de sociologie et d&rsquo;humanitaire, travaille pour une ONG, puis comme journaliste ind\u00e9pendant \u00e0 Madagascar. Il d\u00e9cide de se tourner vers d&rsquo;autres moyens d&rsquo;expression pour parler de son pays et obtient un dipl\u00f4me de r\u00e9alisation \u00e0 l&rsquo;ESAV de Toulouse. Il r\u00e9alise 5 courts-m\u00e9trages s\u00e9lectionn\u00e9s notamment au festival international du court-m\u00e9trage de Clermont-Ferrand. Ady Gasy, qui a su trouver un large public, est son premier long-m\u00e9trage.<\/p>\n","protected":false},"excerpt":{"rendered":"<p>De LOVA NANTENAINA\u00a0 &#8211; 84 min &#8211; Madagascar &#8211; 2014 De Lova NANTENAINA\u00a0 &#8211; Madagascar &#8211; 2014 &#8211; 84 min &#8211; documentaire &#8211; couleur &#8211; VOSTF Sc\u00e9nario : Nantenaina Lova, [&hellip;]<\/p>\n","protected":false},"author":1,"featured_media":0,"parent":26,"menu_order":0,"comment_status":"closed","ping_status":"closed","template":"","meta":{"footnotes":""},"class_list":["post-674","page","type-page","status-publish","hentry"],"jetpack_sharing_enabled":true,"jetpack_shortlink":"https:\/\/wp.me\/P7C6tF-aS","jetpack-related-posts":[{"id":1053,"url":"https:\/\/asurb.com\/asurb3\/?page_id=1053","url_meta":{"origin":674,"position":0},"title":"Anay ly lalana (La rue est \u00e0 moi)","author":"webmaster","date":"18 octobre 2016","format":false,"excerpt":"De Nantenaina Fifaliana - Madagascar - 2015 De Nantenaina Fifaliana - Madagascar - 2015 - 11 min - documentaire. Production : Endemika Films.\u00a0Distribution : Endemika Films.\u00a0Format de Distribution (DVD, DCP) Une version work-in-progress \u00a0a \u00e9t\u00e9 s\u00e9lectionn\u00e9e aux RFC 2015 et a re\u00e7u le 1er Prix aux Rencontres du Film Documentaire\u2026","rel":"","context":"Article similaire","block_context":{"text":"Article similaire","link":""},"img":{"alt_text":"","src":"","width":0,"height":0},"classes":[]},{"id":2828,"url":"https:\/\/asurb.com\/asurb3\/?page_id=2828","url_meta":{"origin":674,"position":1},"title":"Antananarivo tiako ianao (Tananarive je t&rsquo;aime)","author":"webmaster","date":"10 ao\u00fbt 2020","format":false,"excerpt":"Antananarivo tiako ianao\u00a0 De Haminiaina Ratovoarivony - Madagascar - 2017 - 15 mn - fiction - couleur \u2013 VO malgache STF Sc\u00e9nario \u2013 image - montage \u2013 musique : Ratovoarivony Haminiaina \u2013 Production\u00a0:Hantamalala Ralay Ranaivo (Amy Productions), Haminiaina Ratovoarivony (Colorful Films) - \u00a0Distribution : Marion Guichard, Fenosoa Lova, Hamy Ratovo\u2026","rel":"","context":"Article similaire","block_context":{"text":"Article similaire","link":""},"img":{"alt_text":"","src":"","width":0,"height":0},"classes":[]},{"id":270,"url":"https:\/\/asurb.com\/asurb3\/?page_id=270","url_meta":{"origin":674,"position":2},"title":"L&rsquo;op\u00e9ra du bout du monde","author":"webmaster","date":"4 juin 2016","format":false,"excerpt":"Madagascar - 2012 - documentaire - 96 min - couleur - VO malgache\/fran\u00e7ais, STFR R\u00e9alisation : Marie Cl\u00e9mence & C\u00e9sar Paes Sc\u00e9nario : Marie Cl\u00e9mence & C\u00e9sar Paes Interpr\u00e9tation : Aurore Ugolin, Landy Andriamboavonjy, Karim Bouzra, Steeve Heimanu Mai, Arnaud Dormeuil Montage : Marie Cl\u00e9mence et C\u00e9sar Paes, Agn\u00e8s Contensou\u2026","rel":"","context":"Article similaire","block_context":{"text":"Article similaire","link":""},"img":{"alt_text":"LOPERA_Fiche","src":"https:\/\/i0.wp.com\/asurb.com\/asurb3\/wp-content\/uploads\/2016\/06\/LOPERA_Fiche.jpg?resize=350%2C200&ssl=1","width":350,"height":200},"classes":[]},{"id":373,"url":"https:\/\/asurb.com\/asurb3\/?page_id=373","url_meta":{"origin":674,"position":3},"title":"Malagasy mankany ( L\u00e9gendes de Madagascar )","author":"webmaster","date":"5 juin 2016","format":false,"excerpt":"Madagascar - 2012 - 93 min - fiction - couleur - VOSTF R\u00e9alisation : Haminiaina Ratovoarivony ; Sc\u00e9nario, image et montage : Haminiaina Ratovoarivony ; Son : Hamy Ratovo ; Interpr\u00e9tation : Sanjy Valeska, Mahon Andoniaina, Ben Elissar et Hamy Ratovo ; Producteur : Haminiaina Ratovoarivony ; Contact : Colorful\u2026","rel":"","context":"Article similaire","block_context":{"text":"Article similaire","link":""},"img":{"alt_text":"malagasy-mankany1_fiche","src":"https:\/\/i0.wp.com\/asurb.com\/asurb3\/wp-content\/uploads\/2016\/06\/malagasy-mankany1_fiche.jpg?resize=350%2C200&ssl=1","width":350,"height":200},"classes":[]},{"id":3373,"url":"https:\/\/asurb.com\/asurb3\/?page_id=3373","url_meta":{"origin":674,"position":4},"title":"En route pour le milliard","author":"webmaster","date":"20 ao\u00fbt 2022","format":false,"excerpt":"De Dieudo HAMADI -RDC\/France\/Belgique -2020 \u2013 90 min \u2013 documentaire \u2013 couleur \u2013 VO lingala\/swahili STF -N\u00b0 de Visa :152.869 S\u00e9lection officielle \u00e0 Cannes 2020 - Grand Prix documentaire au Festival international du Film d\u2019Amiens- Colombe d\u2019or et Prix du jury \u0153cum\u00e9nique au DOK Leipzig - Mention sp\u00e9ciale au TIFF\u2026","rel":"","context":"Article similaire","block_context":{"text":"Article similaire","link":""},"img":{"alt_text":"","src":"","width":0,"height":0},"classes":[]},{"id":447,"url":"https:\/\/asurb.com\/asurb3\/?page_id=447","url_meta":{"origin":674,"position":5},"title":"Tabataba","author":"webmaster","date":"5 juin 2016","format":false,"excerpt":"De Raymond RAJAONARIVELO \u2013 84 min \u2013 Madagascar \u2013 1988 \u2013 VOSTF Fiction \u2013 couleur \u2013 35 mm \u2013 version originale en malgache sous-titr\u00e9e en fran\u00e7ais Sc\u00e9nario : Robert Archer, Raymond Rajaonarivelo ; Images : Bruno Privat ; Montage : Suzanne Koch ; Musique : Eddy Louiss ; Son :\u2026","rel":"","context":"Article similaire","block_context":{"text":"Article similaire","link":""},"img":{"alt_text":"Tabataba_Fiche","src":"https:\/\/i0.wp.com\/asurb.com\/asurb3\/wp-content\/uploads\/2016\/06\/Tabataba_Fiche.jpg?resize=350%2C200&ssl=1","width":350,"height":200},"classes":[]}],"_links":{"self":[{"href":"https:\/\/asurb.com\/asurb3\/index.php?rest_route=\/wp\/v2\/pages\/674","targetHints":{"allow":["GET"]}}],"collection":[{"href":"https:\/\/asurb.com\/asurb3\/index.php?rest_route=\/wp\/v2\/pages"}],"about":[{"href":"https:\/\/asurb.com\/asurb3\/index.php?rest_route=\/wp\/v2\/types\/page"}],"author":[{"embeddable":true,"href":"https:\/\/asurb.com\/asurb3\/index.php?rest_route=\/wp\/v2\/users\/1"}],"replies":[{"embeddable":true,"href":"https:\/\/asurb.com\/asurb3\/index.php?rest_route=%2Fwp%2Fv2%2Fcomments&post=674"}],"version-history":[{"count":4,"href":"https:\/\/asurb.com\/asurb3\/index.php?rest_route=\/wp\/v2\/pages\/674\/revisions"}],"predecessor-version":[{"id":3834,"href":"https:\/\/asurb.com\/asurb3\/index.php?rest_route=\/wp\/v2\/pages\/674\/revisions\/3834"}],"up":[{"embeddable":true,"href":"https:\/\/asurb.com\/asurb3\/index.php?rest_route=\/wp\/v2\/pages\/26"}],"wp:attachment":[{"href":"https:\/\/asurb.com\/asurb3\/index.php?rest_route=%2Fwp%2Fv2%2Fmedia&parent=674"}],"curies":[{"name":"wp","href":"https:\/\/api.w.org\/{rel}","templated":true}]}}