{"id":692,"date":"2016-06-15T00:04:53","date_gmt":"2016-06-14T22:04:53","guid":{"rendered":"http:\/\/www.test.asurb.com\/?page_id=692"},"modified":"2016-06-15T00:04:53","modified_gmt":"2016-06-14T22:04:53","slug":"la-sirene-de-faso-fani","status":"publish","type":"page","link":"https:\/\/asurb.com\/asurb3\/?page_id=692","title":{"rendered":"La sir\u00e8ne de Faso Fani"},"content":{"rendered":"<p style=\"text-align: justify;\"><strong>De Michel K. ZONGO\u00a0 &#8211; 90\u00a0 min &#8211; Burkina Faso &#8211; 2015 &#8211; documentaire &#8211; VO STF &#8211; DCP<\/strong><\/p>\n<p>Sc\u00e9nario : Michel K. Zongo &#8211; Image: Michel K. Zongo &#8211; Montage: Fran\u00e7ois Sculier &#8211; Son: Moumouni Jupiter Sodr\u00e9 &#8211; Musique originale: Smokey<br \/>\nProduction: Cin\u00e9doc films &#8211; Diam Production &#8211; Perfect Shot Films<br \/>\nContacts : Michel K.Zongo : kmichelzongo@yahoo.fr<br \/>\nProducteur \/ distributeur : Cin\u00e9doc Films &#8211; 9 rue du Travail74000 Annecy &#8211; T\u00e9l : +33(0) 450 45 23 90 &#8211;\u00a0 Christian Lelong : christian.lelong@cinedoc.fr<br \/>\nS\u00e9lection aux festivals de Berlin et Locarno 2015.<br \/>\nPrix de l&rsquo;int\u00e9gration &#8211; Prix de la chance au FESPACO 2015\u00a0 (Ouagadougou).<\/p>\n<h4 style=\"text-align: justify;\"><span style=\"color: #ff0000;\">Synopsis<\/span><\/h4>\n<p style=\"text-align: justify;\">Koudougou \u00e9tait la ville de production du Faso Fani ( pagne du pays), fiert\u00e9 du Burkina Faso. Toute la ville, o\u00f9 Michel K.Zongo est n\u00e9 et a grandi, se r\u00e9veillait le matin au son de la sir\u00e8ne de l&rsquo;usine. Faso Fani \u00e9tait le projet d&rsquo;une nation,\u00a0 encourag\u00e9\u00a0 par T.Sankara, et un signal fort d&rsquo;ind\u00e9pendance. Un pari qui fit vite ses preuves : les pagnes \u00e9taient de grande qualit\u00e9 et leur r\u00e9putation d\u00e9passa largement les fronti\u00e8res du Burkina.\u00a0 Mais l&rsquo;usine\u00a0 ferma en 2001 suite \u00e0 plusieurs plans de restructuration impos\u00e9s par le FMI et la banque mondiale. Des centaines d&#8217;employ\u00e9s se retrouv\u00e8rent alors\u00a0 brutalement au ch\u00f4mage. Plus de 10 ans apr\u00e8s, le r\u00e9alisateur va \u00e0 la rencontre des ex-employ\u00e9s de Faso Fani pour r\u00e9v\u00e9ler les cons\u00e9quences d\u00e9sastreuses d&rsquo;une politique \u00e9conomique mondiale aveugle face aux\u00a0 r\u00e9alit\u00e9s locales. Il veut aussi\u00a0 faire entendre\u00a0 ces tisseuses qui perp\u00e9tuent obstin\u00e9ment la fabrication artisanale des pagnes et\u00a0 par ce film plein d&#8217;empathie, il s&rsquo;associe\u00a0 au r\u00eave de tous\u00a0 de voir rena\u00eetre la fili\u00e8re du coton \u00e0 Koudougou.<\/p>\n<h4 style=\"text-align: justify;\"><span style=\"color: #ff0000;\">Le r\u00e9alisateur<\/span><\/h4>\n<p style=\"text-align: justify;\">N\u00e9 en 1974 \u00e0 Koudougou au Burkina Faso, Michel K. Zongo est r\u00e9alisateur, cadreur, sc\u00e9nariste. Il a suivi une formation en prise de vue au Centre National de la Cin\u00e9matographie du Burkina Faso (CNC), de cameraman de reportage et de plateau \u00e0 la T\u00e9l\u00e9vision Nationale du Burkina Faso (TNB) et a effectu\u00e9 un stage de premier assistant op\u00e9rateur \u00e0 la soci\u00e9t\u00e9 de production Cin\u00e9doc films en France.<br \/>\nDe 2003 \u00e0 2008, il a \u00e9t\u00e9 responsable du Cin\u00e9ma-D\u00e9bat Interactif \u00e0 Cinomade, une association bas\u00e9e au Burkina Faso dont l&rsquo;objectif est la cr\u00e9ation et la diffusion d&rsquo;outils de sensibilisation, notamment par le cin\u00e9ma.<br \/>\nApr\u00e8s avoir \u00e9t\u00e9 cadreur et assistant r\u00e9alisateur dans de nombreux films , il \u00e9crit et r\u00e9alise en 2009 son premier film documentaire \u00a0\u00bb\u00a0 Ti-tiimou \u00a0\u00bb<br \/>\nEn 2010, il cr\u00e9e la soci\u00e9t\u00e9 Diam Production, une structure de production de films documentaires, qui coproduit avec Cin\u00e9doc Films son premier long m\u00e9trage documentaire \u00a0\u00bb Espoir-Voyage \u00ab\u00a0. Suivra \u00a0\u00bb Sibi, l&rsquo;\u00e2me du violon \u00a0\u00bb en 2011.<\/p>\n","protected":false},"excerpt":{"rendered":"<p>De Michel K. ZONGO\u00a0 &#8211; 90\u00a0 min &#8211; Burkina Faso &#8211; 2015 &#8211; documentaire &#8211; VO STF &#8211; DCP Sc\u00e9nario : Michel K. Zongo &#8211; Image: Michel K. Zongo &#8211; [&hellip;]<\/p>\n","protected":false},"author":1,"featured_media":0,"parent":26,"menu_order":0,"comment_status":"closed","ping_status":"closed","template":"","meta":{"footnotes":""},"class_list":["post-692","page","type-page","status-publish","hentry"],"jetpack_sharing_enabled":true,"jetpack_shortlink":"https:\/\/wp.me\/P7C6tF-ba","jetpack-related-posts":[{"id":435,"url":"https:\/\/asurb.com\/asurb3\/?page_id=435","url_meta":{"origin":692,"position":0},"title":"Sibi, l&rsquo;ame du violon","author":"webmaster","date":"5 juin 2016","format":false,"excerpt":"De Michel K. ZONGO - 38 min - Burkina Faso - 2010 Documentaire - couleur - DVD - version originale en moor\u00e9 sous-titr\u00e9e en fran\u00e7ais Sc\u00e9nario et Image : Michel K. Zongo ; Montage : Berni Goldblat ; Musique : Sibi Zongo, Smockey ; Son : Moumouni Jupiter Sodr\u00e9 ;\u2026","rel":"","context":"Article similaire","block_context":{"text":"Article similaire","link":""},"img":{"alt_text":"Sibi_Fiche","src":"https:\/\/i0.wp.com\/asurb.com\/asurb3\/wp-content\/uploads\/2016\/06\/Sibi_Fiche.jpg?resize=350%2C200&ssl=1","width":350,"height":200},"classes":[]},{"id":457,"url":"https:\/\/asurb.com\/asurb3\/?page_id=457","url_meta":{"origin":692,"position":1},"title":"Timpoko","author":"webmaster","date":"5 juin 2016","format":false,"excerpt":"De Serge Armel SAWADOGO - 14 min - Burkina Faso - 2008 Fiction - couleur - 35mm - version originale sous-titr\u00e9e en fran\u00e7ais Sc\u00e9nario : Serge Armel Sawadogo ; Image : Paul Djibila ; Montage : Marjorie Mirailh ; Musique : Aboubacar Sanfo ; Son : Issa Traor\u00e9 ; D\u00e9cor\u2026","rel":"","context":"Article similaire","block_context":{"text":"Article similaire","link":""},"img":{"alt_text":"Timpoko_Fiche2010","src":"https:\/\/i0.wp.com\/asurb.com\/asurb3\/wp-content\/uploads\/2016\/06\/Timpoko_Fiche2010.jpg?resize=350%2C200&ssl=1","width":350,"height":200},"classes":[]},{"id":1979,"url":"https:\/\/asurb.com\/asurb3\/?page_id=1979","url_meta":{"origin":692,"position":2},"title":"Wallay","author":"webmaster","date":"7 d\u00e9cembre 2017","format":false,"excerpt":"De Berni GOLDBLAT France\/Burkina Faso\/Qatar - 2017 \u2013 1h25 \u2013 fiction \u2013 couleur \u2013\u00a0 DCP - VO fran\u00e7ais\/dioula STF Assistant r\u00e9alisateur\u00a0: Victor Baussonie - Sc\u00e9nario: David Bouchet \u2013 Image\u00a0: Martin Rit \u2013 Son\u00a0: Matthieu Perrot\u2013 Musique\u00a0: Vincent S\u00e9gal \u2013 Montage\u00a0: Laurent S\u00e9n\u00e9chal \u2013 D\u00e9cors\u00a0: Papa Kouyat\u00e9 - Interpr\u00e9tation\u00a0: Makan Nathan\u2026","rel":"","context":"Article similaire","block_context":{"text":"Article similaire","link":""},"img":{"alt_text":"","src":"","width":0,"height":0},"classes":[]},{"id":401,"url":"https:\/\/asurb.com\/asurb3\/?page_id=401","url_meta":{"origin":692,"position":3},"title":"Ouaga saga","author":"webmaster","date":"5 juin 2016","format":false,"excerpt":"De Dani KOUYAT\u00c9 \u2013 85 min \u2013 Burkina Faso \u2013 2004 \u2013 VF Fiction \u2013 couleur \u2013 Beta num \u2013 Version fran\u00e7aise Prix sp\u00e9cial \u00ab Graine de Baobab-Wand\u00e9 \u00bb au FESPACO* 2005 Sc\u00e9nario et dialogues : Michel Mifsud, Jean-Denis Berenbaum ; Image : Jean-Claude Schifrine ; Montage : Jean-Daniel Fernandez\u2026","rel":"","context":"Article similaire","block_context":{"text":"Article similaire","link":""},"img":{"alt_text":"OuagaSaga_Fiche","src":"https:\/\/i0.wp.com\/asurb.com\/asurb3\/wp-content\/uploads\/2016\/06\/OuagaSaga_Fiche.jpg?resize=350%2C200&ssl=1","width":350,"height":200},"classes":[]},{"id":115,"url":"https:\/\/asurb.com\/asurb3\/?page_id=115","url_meta":{"origin":692,"position":4},"title":"Festival 2011","author":"webmaster","date":"3 juin 2016","format":false,"excerpt":"Du 12 au 26 novembre 2011, l'association Afrique sur Bi\u00e8vre organise la 5\u00e8me \u00e9dition du CINE REGARDS AFRICAINS \u2013 Films en Festival Dans six salles \u2022 Cin\u00e9ma la Pl\u00e9iade - 94230 Cachan \u2022 Espace Culturel Andr\u00e9 Malraux - 94270 Le Kremlin-Bic\u00eatre \u2022 Cin\u00e9ma la Tournelle - 94240 L'Hay Les Roses\u2026","rel":"","context":"Article similaire","block_context":{"text":"Article similaire","link":""},"img":{"alt_text":"","src":"","width":0,"height":0},"classes":[]},{"id":546,"url":"https:\/\/asurb.com\/asurb3\/?page_id=546","url_meta":{"origin":692,"position":5},"title":"Programme 2011","author":"webmaster","date":"6 juin 2016","format":false,"excerpt":"Sommaire \u2022 S\u00e9ances ouvertes au public \u2022 S\u00e9ances scolaires \u2022 Partenaires \u2022 Membres du comit\u00e9 de parrainage \u2022 Remerciements \u2022 Pour se rendre sur les lieux \u2022 Les s\u00e9ances ouvertes au public Samedi 12 novembre Cin\u00e9ma La Pl\u00e9iade - 94230 Cachan 18h00 - KE\u00cfTA, L\u2019HERITAGE DU GRIOT Long-m\u00e9trage de Dani\u2026","rel":"","context":"Article similaire","block_context":{"text":"Article similaire","link":""},"img":{"alt_text":"","src":"https:\/\/i0.wp.com\/asurb.com\/AsurB\/D_Images\/D_Gif_bl\/Blanc120.gif?resize=350%2C200&ssl=1","width":350,"height":200},"classes":[]}],"_links":{"self":[{"href":"https:\/\/asurb.com\/asurb3\/index.php?rest_route=\/wp\/v2\/pages\/692","targetHints":{"allow":["GET"]}}],"collection":[{"href":"https:\/\/asurb.com\/asurb3\/index.php?rest_route=\/wp\/v2\/pages"}],"about":[{"href":"https:\/\/asurb.com\/asurb3\/index.php?rest_route=\/wp\/v2\/types\/page"}],"author":[{"embeddable":true,"href":"https:\/\/asurb.com\/asurb3\/index.php?rest_route=\/wp\/v2\/users\/1"}],"replies":[{"embeddable":true,"href":"https:\/\/asurb.com\/asurb3\/index.php?rest_route=%2Fwp%2Fv2%2Fcomments&post=692"}],"version-history":[{"count":2,"href":"https:\/\/asurb.com\/asurb3\/index.php?rest_route=\/wp\/v2\/pages\/692\/revisions"}],"predecessor-version":[{"id":701,"href":"https:\/\/asurb.com\/asurb3\/index.php?rest_route=\/wp\/v2\/pages\/692\/revisions\/701"}],"up":[{"embeddable":true,"href":"https:\/\/asurb.com\/asurb3\/index.php?rest_route=\/wp\/v2\/pages\/26"}],"wp:attachment":[{"href":"https:\/\/asurb.com\/asurb3\/index.php?rest_route=%2Fwp%2Fv2%2Fmedia&parent=692"}],"curies":[{"name":"wp","href":"https:\/\/api.w.org\/{rel}","templated":true}]}}

La sirène de Faso Fani

<p style="text-align: justify;"><strong>De Michel K. ZONGO  &#8211; 90  min &#8211; Burkina Faso &#8211; 2015 &#8211; documentaire &#8211; VO STF &#8211; DCP</strong></p>
<p>Scénario : Michel K. Zongo &#8211; Image: Michel K. Zongo &#8211; Montage: François Sculier &#8211; Son: Moumouni Jupiter Sodré &#8211; Musique originale: Smokey<br />
Production: Cinédoc films &#8211; Diam Production &#8211; Perfect Shot Films<br />
Contacts : Michel K.Zongo : kmichelzongo@yahoo.fr<br />
Producteur / distributeur : Cinédoc Films &#8211; 9 rue du Travail74000 Annecy &#8211; Tél : +33(0) 450 45 23 90 &#8211;  Christian Lelong : christian.lelong@cinedoc.fr<br />
Sélection aux festivals de Berlin et Locarno 2015.<br />
Prix de l&rsquo;intégration &#8211; Prix de la chance au FESPACO 2015  (Ouagadougou).</p>
<h4 style="text-align: justify;"><span style="color: #ff0000;">Synopsis</span></h4>
<p style="text-align: justify;">Koudougou était la ville de production du Faso Fani ( pagne du pays), fierté du Burkina Faso. Toute la ville, où Michel K.Zongo est né et a grandi, se réveillait le matin au son de la sirène de l&rsquo;usine. Faso Fani était le projet d&rsquo;une nation,  encouragé  par T.Sankara, et un signal fort d&rsquo;indépendance. Un pari qui fit vite ses preuves : les pagnes étaient de grande qualité et leur réputation dépassa largement les frontières du Burkina.  Mais l&rsquo;usine  ferma en 2001 suite à plusieurs plans de restructuration imposés par le FMI et la banque mondiale. Des centaines d&#8217;employés se retrouvèrent alors  brutalement au chômage. Plus de 10 ans après, le réalisateur va à la rencontre des ex-employés de Faso Fani pour révéler les conséquences désastreuses d&rsquo;une politique économique mondiale aveugle face aux  réalités locales. Il veut aussi  faire entendre  ces tisseuses qui perpétuent obstinément la fabrication artisanale des pagnes et  par ce film plein d&#8217;empathie, il s&rsquo;associe  au rêve de tous  de voir renaître la filière du coton à Koudougou.</p>
<h4 style="text-align: justify;"><span style="color: #ff0000;">Le réalisateur</span></h4>
<p style="text-align: justify;">Né en 1974 à Koudougou au Burkina Faso, Michel K. Zongo est réalisateur, cadreur, scénariste. Il a suivi une formation en prise de vue au Centre National de la Cinématographie du Burkina Faso (CNC), de cameraman de reportage et de plateau à la Télévision Nationale du Burkina Faso (TNB) et a effectué un stage de premier assistant opérateur à la société de production Cinédoc films en France.<br />
De 2003 à 2008, il a été responsable du Cinéma-Débat Interactif à Cinomade, une association basée au Burkina Faso dont l&rsquo;objectif est la création et la diffusion d&rsquo;outils de sensibilisation, notamment par le cinéma.<br />
Après avoir été cadreur et assistant réalisateur dans de nombreux films , il écrit et réalise en 2009 son premier film documentaire  »  Ti-tiimou  »<br />
En 2010, il crée la société Diam Production, une structure de production de films documentaires, qui coproduit avec Cinédoc Films son premier long métrage documentaire  » Espoir-Voyage « . Suivra  » Sibi, l&rsquo;âme du violon  » en 2011.</p>

<p>De Michel K. ZONGO  &#8211; 90  min &#8211; Burkina Faso &#8211; 2015 &#8211; documentaire &#8211; VO STF &#8211; DCP Scénario : Michel K. Zongo &#8211; Image: Michel K. Zongo &#8211; [&hellip;]</p>

De Michel K. ZONGO - 38 min - Burkina Faso - 2010 Documentaire - couleur - DVD - version originale en mooré sous-titrée en français Scénario et Image : Michel K. Zongo ; Montage : Berni Goldblat ; Musique : Sibi Zongo, Smockey ; Son : Moumouni Jupiter Sodré ;…

De Serge Armel SAWADOGO - 14 min - Burkina Faso - 2008 Fiction - couleur - 35mm - version originale sous-titrée en français Scénario : Serge Armel Sawadogo ; Image : Paul Djibila ; Montage : Marjorie Mirailh ; Musique : Aboubacar Sanfo ; Son : Issa Traoré ; Décor…

7 décembre 2017

De Berni GOLDBLAT France/Burkina Faso/Qatar - 2017 – 1h25 – fiction – couleur –  DCP - VO français/dioula STF Assistant réalisateur : Victor Baussonie - Scénario: David Bouchet – Image : Martin Rit – Son : Matthieu Perrot– Musique : Vincent Ségal – Montage : Laurent Sénéchal – Décors : Papa Kouyaté - Interprétation : Makan Nathan…

De Dani KOUYATÉ – 85 min – Burkina Faso – 2004 – VF Fiction – couleur – Beta num – Version française Prix spécial « Graine de Baobab-Wandé » au FESPACO* 2005 Scénario et dialogues : Michel Mifsud, Jean-Denis Berenbaum ; Image : Jean-Claude Schifrine ; Montage : Jean-Daniel Fernandez…

Du 12 au 26 novembre 2011, l'association Afrique sur Bièvre organise la 5ème édition du CINE REGARDS AFRICAINS – Films en Festival Dans six salles • Cinéma la Pléiade - 94230 Cachan • Espace Culturel André Malraux - 94270 Le Kremlin-Bicêtre • Cinéma la Tournelle - 94240 L'Hay Les Roses…

Sommaire • Séances ouvertes au public • Séances scolaires • Partenaires • Membres du comité de parrainage • Remerciements • Pour se rendre sur les lieux • Les séances ouvertes au public Samedi 12 novembre Cinéma La Pléiade - 94230 Cachan 18h00 - KEÏTA, L’HERITAGE DU GRIOT Long-métrage de Dani…
