{"id":76,"date":"2016-06-01T08:19:31","date_gmt":"2016-06-01T07:19:31","guid":{"rendered":"http:\/\/www.test.asurb.com\/?page_id=76"},"modified":"2016-07-03T21:58:26","modified_gmt":"2016-07-03T19:58:26","slug":"festival-2008","status":"publish","type":"page","link":"https:\/\/asurb.com\/asurb3\/?page_id=76","title":{"rendered":"Festival 2008"},"content":{"rendered":"<p>Dans le cadre de la semaine internationale de la solidarit\u00e9, l&rsquo;association Afrique sur Bi\u00e8vre a organis\u00e9 du 15 au 23 novembre 2008 le 2\u00e8me Cin\u00e9 Regards Africains, Films en Festival.<br \/>\nDes films d&rsquo;hier et d&rsquo;aujourd&rsquo;hui, venus du Tchad, de Madagascar,<br \/>\ndu S\u00e9n\u00e9gal, de Cote d&rsquo;Ivoire, d&rsquo;Afrique du Sud\u2026<br \/>\nCin\u00e9ma la Pleiade \u00e0 Cachan &#8211; 94230,<br \/>\net Espace municipal Jean Vilar \u00e0 Arceuil &#8211; 94110.<\/p>\n<p>A consulter :<\/p>\n<p>\u2022 <a href=\"https:\/\/asurb.com\/asurb3\/?page_id=137\">Pogramme du Festival 2008<\/a><br \/>\n\u2022 <a href=\"https:\/\/asurb.com\/asurb3\/?page_id=524\">Journal de bord du Festival 2008<\/a><br \/>\n\u2022 <a href=\"https:\/\/asurb.com\/asurb3\/?page_id=601\">Diaporama &#8211; Extrait du Festival 2008<\/a><\/p>\n","protected":false},"excerpt":{"rendered":"<p>Dans le cadre de la semaine internationale de la solidarit\u00e9, l&rsquo;association Afrique sur Bi\u00e8vre a organis\u00e9 du 15 au 23 novembre 2008 le 2\u00e8me Cin\u00e9 Regards Africains, Films en Festival. [&hellip;]<\/p>\n","protected":false},"author":1,"featured_media":0,"parent":23,"menu_order":0,"comment_status":"closed","ping_status":"closed","template":"","meta":{"footnotes":""},"class_list":["post-76","page","type-page","status-publish","hentry"],"jetpack_sharing_enabled":true,"jetpack_shortlink":"https:\/\/wp.me\/P7C6tF-1e","jetpack-related-posts":[{"id":601,"url":"https:\/\/asurb.com\/asurb3\/?page_id=601","url_meta":{"origin":76,"position":0},"title":"Diaporama 2008","author":"webmaster","date":"8 juin 2016","format":false,"excerpt":"Diaporama - Extrait du Festival 2008 \u00a9 2008 - AsurB - Tous droits r\u00e9serv\u00e9s","rel":"","context":"Article similaire","block_context":{"text":"Article similaire","link":""},"img":{"alt_text":"","src":"https:\/\/i0.wp.com\/asurb.com\/AsurB\/D_Images\/D_Gif_bl\/Blanc5_5.gif?resize=350%2C200&ssl=1","width":350,"height":200},"classes":[]},{"id":513,"url":"https:\/\/asurb.com\/asurb3\/?page_id=513","url_meta":{"origin":76,"position":1},"title":"Programme 2009","author":"webmaster","date":"6 juin 2016","format":false,"excerpt":"Sommaire \u2022 S\u00e9ances ouvertes au public \u2022 S\u00e9ances r\u00e9serv\u00e9es aux scolaires \u2022 Membres du comit\u00e9 de parrainage \u2022 Remerciements \u2022 Pour se rendre sur les lieux \u2022 Les s\u00e9ances ouvertes au public Dimanche 15 novembre Soir\u00e9e Les pionniers du cin\u00e9ma nig\u00e9rien MJC Louise Michel - 94260 Fresnes 18h30 - BON\u2026","rel":"","context":"Article similaire","block_context":{"text":"Article similaire","link":""},"img":{"alt_text":"","src":"https:\/\/i0.wp.com\/asurb.com\/AsurB\/D_Images\/D_Gif_bl\/Blanc120.gif?resize=350%2C200&ssl=1","width":350,"height":200},"classes":[]},{"id":535,"url":"https:\/\/asurb.com\/asurb3\/?page_id=535","url_meta":{"origin":76,"position":2},"title":"Programme 2010","author":"webmaster","date":"6 juin 2016","format":false,"excerpt":"Sommaire \u2022 S\u00e9ances ouvertes au public \u2022 S\u00e9ances scolaires \u2022 Partenaires \u2022 Membres du comit\u00e9 de parrainage \u2022 Remerciements \u2022 Pour se rendre sur les lieux \u2022 Les s\u00e9ances ouvertes au public Samedi 13 novembre Cin\u00e9ma La Pl\u00e9iade - 94230 Cachan 18h00 - L\u2019ABSENCE Long-m\u00e9trage de Mama KE\u00cfTA - 81\u2026","rel":"","context":"Article similaire","block_context":{"text":"Article similaire","link":""},"img":{"alt_text":"","src":"https:\/\/i0.wp.com\/asurb.com\/AsurB\/D_Images\/D_Gif_bl\/Blanc120.gif?resize=350%2C200&ssl=1","width":350,"height":200},"classes":[]},{"id":188,"url":"https:\/\/asurb.com\/asurb3\/?page_id=188","url_meta":{"origin":76,"position":3},"title":"C&rsquo;est dimanche","author":"webmaster","date":"4 juin 2016","format":false,"excerpt":"De Samir GUESMI - 30 min - Alg\u00e9rie\/France - 2008 Fiction - couleur - 35mm - version originale en fran\u00e7ais - Sc\u00e9nario : Samir Guesmi ; Images : Pascale Marin ; Montage : Pauline Dairou ; Musique : Shantel ; Son : Julien Sicart, Lo\u00efc Prian, C\u00e9dric Ilonnet I ;\u2026","rel":"","context":"Article similaire","block_context":{"text":"Article similaire","link":""},"img":{"alt_text":"C_Dimanche_Fiche","src":"https:\/\/i0.wp.com\/asurb.com\/asurb3\/wp-content\/uploads\/2016\/06\/C_Dimanche_Fiche.jpg?resize=350%2C200&ssl=1","width":350,"height":200},"classes":[]},{"id":137,"url":"https:\/\/asurb.com\/asurb3\/?page_id=137","url_meta":{"origin":76,"position":4},"title":"Programme 2008","author":"webmaster","date":"3 juin 2016","format":false,"excerpt":"Sommaire \u2022 Les soir\u00e9es grand public \u2022 S\u00e9ances r\u00e9serv\u00e9es aux scolaires \u2022 Autour du festival \u2022 Membres du comit\u00e9 de parrainage \u2022 Remerciements \u2022 Pour se rendre sur les lieux \u2022 Les soir\u00e9es grand public Samedi 15 novembre Soir\u00e9e d\u2019ouverture Cin\u00e9ma la Pl\u00e9iade - 94230 - Cachan 20h30 - TABATABA\u2026","rel":"","context":"Article similaire","block_context":{"text":"Article similaire","link":""},"img":{"alt_text":"","src":"https:\/\/i0.wp.com\/asurb.com\/AsurB\/D_Images\/D_Gif_bl\/Blanc120.gif?resize=350%2C200&ssl=1","width":350,"height":200},"classes":[]},{"id":302,"url":"https:\/\/asurb.com\/asurb3\/?page_id=302","url_meta":{"origin":76,"position":5},"title":"La r\u00e9sidence ylang ylang","author":"webmaster","date":"4 juin 2016","format":false,"excerpt":"De Hachimiya AHAMADA - 20 min - Comores - 2008 Fiction - couleur - 35mm - version originale en comorien sous-titr\u00e9e en fran\u00e7ais - Sc\u00e9nario : Hachimiya Ahamada ; Images : Claire Mathon ; Montage :Thomas Marchand ; Musique : Nawal ; Son : Katia Madaule ; D\u00e9cor : Napalo\u2026","rel":"","context":"Article similaire","block_context":{"text":"Article similaire","link":""},"img":{"alt_text":"Residence_Fiche","src":"https:\/\/i0.wp.com\/asurb.com\/asurb3\/wp-content\/uploads\/2016\/06\/Residence_Fiche.jpg?resize=350%2C200&ssl=1","width":350,"height":200},"classes":[]}],"_links":{"self":[{"href":"https:\/\/asurb.com\/asurb3\/index.php?rest_route=\/wp\/v2\/pages\/76","targetHints":{"allow":["GET"]}}],"collection":[{"href":"https:\/\/asurb.com\/asurb3\/index.php?rest_route=\/wp\/v2\/pages"}],"about":[{"href":"https:\/\/asurb.com\/asurb3\/index.php?rest_route=\/wp\/v2\/types\/page"}],"author":[{"embeddable":true,"href":"https:\/\/asurb.com\/asurb3\/index.php?rest_route=\/wp\/v2\/users\/1"}],"replies":[{"embeddable":true,"href":"https:\/\/asurb.com\/asurb3\/index.php?rest_route=%2Fwp%2Fv2%2Fcomments&post=76"}],"version-history":[{"count":14,"href":"https:\/\/asurb.com\/asurb3\/index.php?rest_route=\/wp\/v2\/pages\/76\/revisions"}],"predecessor-version":[{"id":863,"href":"https:\/\/asurb.com\/asurb3\/index.php?rest_route=\/wp\/v2\/pages\/76\/revisions\/863"}],"up":[{"embeddable":true,"href":"https:\/\/asurb.com\/asurb3\/index.php?rest_route=\/wp\/v2\/pages\/23"}],"wp:attachment":[{"href":"https:\/\/asurb.com\/asurb3\/index.php?rest_route=%2Fwp%2Fv2%2Fmedia&parent=76"}],"curies":[{"name":"wp","href":"https:\/\/api.w.org\/{rel}","templated":true}]}}