{"id":986,"date":"2016-10-12T19:33:20","date_gmt":"2016-10-12T17:33:20","guid":{"rendered":"http:\/\/www.asurb.com\/asurb3\/?page_id=986"},"modified":"2016-10-22T13:40:34","modified_gmt":"2016-10-22T11:40:34","slug":"amal","status":"publish","type":"page","link":"https:\/\/asurb.com\/asurb3\/?page_id=986","title":{"rendered":"Amal"},"content":{"rendered":"<p style=\"text-align: justify;\"><strong>De A\u00efda SENNA \u2013 Maroc \u2013 2015<br \/>\n<\/strong><\/p>\n<p>De A\u00efda SENNA \u2013 Maroc \u2013 2015 \u2013 15 min \u2013 fiction \u2013 couleur \u2013 VO arabe STF.<br \/>\nSc\u00e9nario : A\u00efda Senna \u2013 Image\u00a0: Lilia Sellami \u2013 Son\u00a0: Mehdi El Filali &#8211; Montage : Julien Foure &#8211; Musique : Orange Blossom \u2013 Interpr\u00e9tation\u00a0: Camila Aouatefe, Mourad Zaoui, Raouya, Souad Alaoui, Nider Hamid, Najat El Ouar, Hamza Boulaiz.<br \/>\nS\u00e9lectionn\u00e9 au festival de court m\u00e9trage de Clermont- Ferrand 2016.<\/p>\n<h4 style=\"text-align: justify;\"><span style=\"color: #ff0000;\">Synopsis<\/span><\/h4>\n<p style=\"text-align: justify;\">Amal r\u00eave de devenir m\u00e9decin. Lorsqu&rsquo;elle se fait violer, son avenir risque d&rsquo;\u00eatre compromis. Afin de poursuivre ses \u00e9tudes, elle garde le silence mais son meilleur ami, Hicham, un m\u00e9decin, lui annonce une nouvelle alarmante. Arrivera-t-elle \u00e0 sauver les apparences ?<br \/>\nSe retrouver m\u00e8re c\u00e9libataire dans un pays o\u00f9 on ne tol\u00e8re pas qu&rsquo;une femme connaisse un homme avant le mariage est le pire sc\u00e9nario qui puisse arriver \u00e0 une jeune marocaine. Si celle-ci a \u00e9t\u00e9 viol\u00e9e, la loi recommande que la victime \u00e9pouse son violeur. Quelles autres options s&rsquo;offrent alors \u00e0 elle ? Amal arrivera-t-elle \u00e0 sauver les apparences\u00a0?<br \/>\nPour son premier film, la Marocaine A\u00efda Senna touche avec Amal au c\u0153ur d&rsquo;un sujet essentiel et encore tabou dans la soci\u00e9t\u00e9 marocaine.<\/p>\n<h4 style=\"text-align: justify;\"><span style=\"color: #ff0000;\">La r\u00e9alisatrice<\/span><\/h4>\n<p style=\"text-align: justify;\">A\u00efda Senna est r\u00e9alisatrice, sc\u00e9nariste, directrice artistique, photographe.<br \/>\nSon premier court m\u00e9trage Amal a \u00e9t\u00e9 nomin\u00e9 sous les couleurs du Maroc, en Comp\u00e9tition internationale, au 38e Festival International du Court M\u00e9trage de Clermont-Ferrand (f\u00e9vrier 2016).<\/p>\n","protected":false},"excerpt":{"rendered":"<p>De A\u00efda SENNA \u2013 Maroc \u2013 2015 De A\u00efda SENNA \u2013 Maroc \u2013 2015 \u2013 15 min \u2013 fiction \u2013 couleur \u2013 VO arabe STF. Sc\u00e9nario : A\u00efda Senna \u2013 [&hellip;]<\/p>\n","protected":false},"author":1,"featured_media":0,"parent":26,"menu_order":0,"comment_status":"closed","ping_status":"closed","template":"","meta":{"footnotes":""},"class_list":["post-986","page","type-page","status-publish","hentry"],"jetpack_sharing_enabled":true,"jetpack_shortlink":"https:\/\/wp.me\/P7C6tF-fU","jetpack-related-posts":[{"id":772,"url":"https:\/\/asurb.com\/asurb3\/?page_id=772","url_meta":{"origin":986,"position":0},"title":"Quand ils dorment","author":"webmaster","date":"19 juin 2016","format":false,"excerpt":"De\u00a0 Maryam Touzani -\u00a0 17 min - Maroc -\u00a0 2011\u00a0 fiction -\u00a0 couleur - VO arabe STF -\u00a0 DVD Sc\u00e9nario : Myriam Touzani ;\u00a0 Image : Eric Devin ; Montage : Adil Mawadyi ; Son : Karim Ronda ; Interpr\u00e9tation : Nouhaila Ben Moumou, Mohamed Achab, Fatima Ezzahra El Jouhari,\u2026","rel":"","context":"Article similaire","block_context":{"text":"Article similaire","link":""},"img":{"alt_text":"","src":"","width":0,"height":0},"classes":[]},{"id":1883,"url":"https:\/\/asurb.com\/asurb3\/?page_id=1883","url_meta":{"origin":986,"position":1},"title":"Maman(s)","author":"webmaster","date":"29 novembre 2017","format":false,"excerpt":"De Ma\u00efmouna DOUCOURE France\/S\u00e9n\u00e9gal -2015 \u2013 21 min - fiction \u2013 couleur \u2013 VO fran\u00e7ais Sc\u00e9nario\u00a0: Ma\u00efmouna Doucour\u00e9 \u2013 Image\u00a0: Yann Maritaud \u2013 Son\u00a0: Cl\u00e9ment Mal\u00e9o \u2013 Montage\u00a0: Sonia Franco \u2013 Musique\u00a0: Viviane N\u2019Dour \u2013 Interpr\u00e9tation\u00a0: Sokhna Diallo, Ma\u00efmouna Gueye, Abdoulaye-Azize Diabat\u00e9, Mareme N\u2019Diaye, Eriq Ebouaney Production\/Distribution\u00a0: Zangro \u2013 Bien\u2026","rel":"","context":"Article similaire","block_context":{"text":"Article similaire","link":""},"img":{"alt_text":"","src":"","width":0,"height":0},"classes":[]},{"id":1840,"url":"https:\/\/asurb.com\/asurb3\/?page_id=1840","url_meta":{"origin":986,"position":2},"title":"Aya va \u00e0 la plage (Aya wal bahr)","author":"webmaster","date":"29 novembre 2017","format":false,"excerpt":"De Maryam TOUZANI Maroc -\u00a0 2015 -\u00a0 19 min\u00a0 - fiction \u2013 couleur \u2013 VO ArabeSTF Sc\u00e9nario\u00a0: Maryam Touzani \u2013 Son\u00a0: Sa\u00efd Radi \u2013 Image\u00a0: Amine Messadi \u2013 Montage\u00a0: Safaa Baraka, Hamane Safou \u2013 Interpretation\u00a0: Nouhaila Ben Moumou, Fatima Harrandi (Raouya), Badia Aziz. Producteur\u00a0: Nabil Ayouch\u00a0 (Ali'n Productions, www.alinprod.com), tel\u2026","rel":"","context":"Article similaire","block_context":{"text":"Article similaire","link":""},"img":{"alt_text":"","src":"","width":0,"height":0},"classes":[]},{"id":929,"url":"https:\/\/asurb.com\/asurb3\/?page_id=929","url_meta":{"origin":986,"position":3},"title":"Programme 2016","author":"webmaster","date":"5 octobre 2016","format":false,"excerpt":"Sommaire \u2022 S\u00e9ances ouvertes au public \u2022 S\u00e9ances scolaires \u2022 Partenaires \u2022 Membres du comit\u00e9 de parrainage \u2022 Remerciements \u2022 Pour se rendre sur les lieux MJC Louise Michel \u2013 Fresnes \u00a0vendredi 18 novembre 19h00 : restauration possible ambiance \u00e9thiopienne 20h30 : DIFRET de Zeresenay Berhane Mehari \u2013 Ethiopie \u2013\u2026","rel":"","context":"Article similaire","block_context":{"text":"Article similaire","link":""},"img":{"alt_text":"","src":"http:\/\/i1.wp.com\/www.asurb.com\/AsurB\/D_Images\/D_Gif_bl\/Blanc120.gif?resize=350%2C200","width":350,"height":200},"classes":[]},{"id":3362,"url":"https:\/\/asurb.com\/asurb3\/?page_id=3362","url_meta":{"origin":986,"position":4},"title":"Le bleu du caftan","author":"webmaster","date":"20 ao\u00fbt 2022","format":false,"excerpt":"De Maryam TOUZANI- Maroc - 2022 - 124 min - fiction \u2013 couleur- VO arabe STF Prix de la Critique Internationale (FIPRESCI) du Festival de Cannes 2022 dans la section Un Certain Regard. Sc\u00e9nario : Maryam Touzani en collaboration avec Nabil Ayouch \u2013 Image : Virginie Surdej \u2013 Son :\u2026","rel":"","context":"Article similaire","block_context":{"text":"Article similaire","link":""},"img":{"alt_text":"","src":"","width":0,"height":0},"classes":[]},{"id":2823,"url":"https:\/\/asurb.com\/asurb3\/?page_id=2823","url_meta":{"origin":986,"position":5},"title":"Adam","author":"webmaster","date":"10 ao\u00fbt 2020","format":false,"excerpt":"ADAM\u00a0 de Maryam Touzani , Maroc - 2019 - 98 min - fiction - couleur - VO arabe - STF. Sce\u0301nario\u00a0: Maryam Touzani, avec la collaboration de Nabil Ayouch\u00a0 - Assistant r\u00e9alisateur\u00a0: Ali Tahiri - Image\u00a0: Virginie Surdej \u2013 Cadre Adil Ayoub - Montage\u00a0:Julie Naas - Son\u00a0: Nassim Mounabbih -\u2026","rel":"","context":"Article similaire","block_context":{"text":"Article similaire","link":""},"img":{"alt_text":"","src":"","width":0,"height":0},"classes":[]}],"_links":{"self":[{"href":"https:\/\/asurb.com\/asurb3\/index.php?rest_route=\/wp\/v2\/pages\/986","targetHints":{"allow":["GET"]}}],"collection":[{"href":"https:\/\/asurb.com\/asurb3\/index.php?rest_route=\/wp\/v2\/pages"}],"about":[{"href":"https:\/\/asurb.com\/asurb3\/index.php?rest_route=\/wp\/v2\/types\/page"}],"author":[{"embeddable":true,"href":"https:\/\/asurb.com\/asurb3\/index.php?rest_route=\/wp\/v2\/users\/1"}],"replies":[{"embeddable":true,"href":"https:\/\/asurb.com\/asurb3\/index.php?rest_route=%2Fwp%2Fv2%2Fcomments&post=986"}],"version-history":[{"count":5,"href":"https:\/\/asurb.com\/asurb3\/index.php?rest_route=\/wp\/v2\/pages\/986\/revisions"}],"predecessor-version":[{"id":1033,"href":"https:\/\/asurb.com\/asurb3\/index.php?rest_route=\/wp\/v2\/pages\/986\/revisions\/1033"}],"up":[{"embeddable":true,"href":"https:\/\/asurb.com\/asurb3\/index.php?rest_route=\/wp\/v2\/pages\/26"}],"wp:attachment":[{"href":"https:\/\/asurb.com\/asurb3\/index.php?rest_route=%2Fwp%2Fv2%2Fmedia&parent=986"}],"curies":[{"name":"wp","href":"https:\/\/api.w.org\/{rel}","templated":true}]}}